000
CXUS54 KHGX 251632
CF611R
PRELIMINARY LOCAL CLIMATOLOGICAL DATA (WS FORM: F-6)
STATION: BRENHAM
MONTH: AUGUST
YEAR: 2020
LATITUDE: 30 13 N
LONGITUDE: 96 22 W
TEMPERATURE IN F: :PCPN: SNOW: WIND :SUNSHINE: SKY :PK WND
================================================================================
1 2 3 4 5 6A 6B 7 8 9 10 11 12 13 14 15 16 17 18
12Z AVG MX 2MIN
DY MAX MIN AVG DEP HDD CDD WTR SNW DPTH SPD SPD DIR MIN PSBL S-S WX SPD DR
================================================================================
1 91 71 81 M 0 16 1.49 0.0 0 4.1 18 90 M M 3 3 27 90
2 93 73 83 M 0 18 0.14 0.0 0 1.6 7 230 M M 1 3 M M
3 96 71 84 M 0 19 0.00 0.0 0 1.0 6 290 M M 0 M M
4 97 76 87 M 0 22 0.00 0.0 0 3.6 7 160 M M 2 M M
5 95 77 86 M 0 21 0.00 0.0 0 5.8 9 190 M M 0 M M
6 96 74 85 M 0 20 0.00 0.0 0 5.6 12 180 M M 1 M M
7 96 74 85 M 0 20 0.00 0.0 0 5.2 10 200 M M 1 M M
8 96 74 85 M 0 20 0.00 0.0 0 4.7 13 180 M M 1 1 17 180
9 95 76 86 M 0 21 0.00 0.0 0 6.6 16 190 M M 2 27 180
10 97 76 87 M 0 22 0.00 0.0 0 7.3 14 150 M M 2 1 20 170
11 98 77 88 M 0 23 0.00 0.0 0 6.9 14 200 M M 2 17 140
12 98 77 88 M 0 23 0.00 0.0 0 6.9 12 180 M M 2 18 230
13 98 79 89 M 0 24 0.00 0.0 0 6.9 12 210 M M 4 16 210
14 100 79 90 M 0 25 0.00 0.0 0 7.8 14 190 M M 2 16 170
15 100 79 90 M 0 25 0.00 0.0 0 6.5 10 180 M M 1 M M
16 101 79 90 M 0 25 0.00 0.0 0 4.3 10 210 M M 1 M M
17 97 74 86 M 0 21 0.00 0.0 0 4.0 13 20 M M 2 3 21 20
18 99 72 86 M 0 21 0.00 0.0 0 1.8 8 350 M M 1 M M
19 98 71 85 M 0 20 0.00 0.0 0 4.8 12 320 M M 0 18 320
20 96 69 83 M 0 18 0.00 0.0 0 3.2 8 60 M M 0 M M
21 98 71 85 M 0 20 0.00 0.0 0 2.9 14 190 M M 2 23 190
22 90 72 81 M 0 16 0.20 0.0 0 2.4 9 260 M M 3 3 M M
23 96 69 83 M 0 18 0.00 0.0 0 2.3 7 50 M M 2 3 M M
24 96 73 85 M 0 20 0.00 0.0 0 2.9 9 70 M M 1 M M
25 99 73 86 M 0 21 0.00 0.0 0 4.3 12 90 M M 1 3 17 30
26 94 79 87 M 0 22 0.00 0.0 0 4.7 12 70 M M 5 24 70
27 97 77 87 M 0 22 0.00 0.0 0 5.0 9 360 M M 2 M M
28 102 74 88 M 0 23 2.21 0.0 0 8.7 27 150 M M 5 13 24 180
29 98 76 87 M 0 22 0.00 0.0 0 4.9 10 220 M M 2 1 M M
30 98 78 88 M 0 23 0.00 0.0 0 5.5 9 180 M M 4 1 16 170
31 98 80 89 M 0 24 0.00 0.0 0 8.6 16 170 M M 4 1 23 170
================================================================================
SM 3003 2320 0 655 4.04 0.0 150.8 M 59
================================================================================
AV 96.9 74.8 4.9 FASTST M M 2 MAX(MPH)
MISC ----> 27 150 # 27 90
================================================================================
NOTES:
# LAST OF SEVERAL OCCURRENCES
COLUMN 17 PEAK WIND IN M.P.H.
PRELIMINARY LOCAL CLIMATOLOGICAL DATA (WS FORM: F-6) , PAGE 2
STATION: BRENHAM
MONTH: AUGUST
YEAR: 2020
LATITUDE: 30 13 N
LONGITUDE: 96 22 W
[TEMPERATURE DATA] [PRECIPITATION DATA] SYMBOLS USED IN COLUMN 16
AVERAGE MONTHLY: 85.9 TOTAL FOR MONTH: 4.04 1 = FOG OR MIST
DPTR FM NORMAL: 33.5 DPTR FM NORMAL: 1.35 2 = FOG REDUCING VISIBILITY
HIGHEST: 102 ON 28 GRTST 24HR 2.21 ON 28-28 TO 1/4 MILE OR LESS
LOWEST: 69 ON 23,20 3 = THUNDER
SNOW, ICE PELLETS, HAIL 4 = ICE PELLETS
TOTAL MONTH: 0.0 INCH 5 = HAIL
GRTST 24HR 0.0 6 = FREEZING RAIN OR DRIZZLE
GRTST DEPTH: 0 7 = DUSTSTORM OR SANDSTORM:
VSBY 1/2 MILE OR LESS
8 = SMOKE OR HAZE
[NO. OF DAYS WITH] [WEATHER - DAYS WITH] 9 = BLOWING SNOW
X = TORNADO
MAX 32 OR BELOW: 0 0.01 INCH OR MORE: 4
MAX 90 OR ABOVE: 31 0.10 INCH OR MORE: 4
MIN 32 OR BELOW: 0 0.50 INCH OR MORE: 2
MIN 0 OR BELOW: 0 1.00 INCH OR MORE: 2
[HDD (BASE 65) ]
TOTAL THIS MO. 0 CLEAR (SCALE 0-3) 26
DPTR FM NORMAL M PTCLDY (SCALE 4-7) 5
TOTAL FM JUL 1 0 CLOUDY (SCALE 8-10) 0
DPTR FM NORMAL M
[CDD (BASE 65) ]
TOTAL THIS MO. 655
DPTR FM NORMAL M [PRESSURE DATA]
TOTAL FM JAN 1 2616 HIGHEST SLP M ON M
DPTR FM NORMAL M LOWEST SLP M ON M
[REMARKS]
#FINAL-08-20#