000
CXUS53 KUNR 011632
CF62WX
PRELIMINARY LOCAL CLIMATOLOGICAL DATA (WS FORM: F-6)
STATION: BUFFALO SD
MONTH: FEBRUARY
YEAR: 2021
LATITUDE: 45 35 N
LONGITUDE: 103 33 W
TEMPERATURE IN F: :PCPN: SNOW: WIND :SUNSHINE: SKY :PK WND
================================================================================
1 2 3 4 5 6A 6B 7 8 9 10 11 12 13 14 15 16 17 18
12Z AVG MX 2MIN
DY MAX MIN AVG DEP HDD CDD WTR SNW DPTH SPD SPD DIR MIN PSBL S-S WX SPD DR
================================================================================
1 54 15 35 14 30 0 0.00 M M 6.9 14 150 M M M 17 160
2 64 21 43 22 22 0 0.00 M M 6.2 13 160 M M M 15 160
3 43 15 29 8 36 0 0.00 M M 19.6 41 320 M M M 49 320
4 29 7 18 -4 47 0 0.01 M M 19.0 35 300 M M M 41 300
5 20 4 12 -10 53 0 0.00 M M 15.0 25 300 M M M 29 310
6 4 -9 -2 -24 67 0 0.00 M M 10.8 24 350 M M M 32 350
7 2 -15 -6 -28 71 0 0.04 M M 9.1 20 70 M M M 25 60
8 3 -19 -8 -30 73 0 0.01 M M 7.6 18 320 M M M 22 320
9 1 -17 -8 -30 73 0 0.00 M M 13.1 18 320 M M M 23 310
10 3 -12 -4 -26 69 0 0.01 M M 6.2 12 350 M M M 17 20
11 -6 -26 -16 -39 81 0 0.01 M M 12.3 23 300 M M M 28 320
12 -5 -25 -15 -38 80 0 0.00 M M 11.9 24 270 M M M 29 280
13 -3 -18 -10 -33 75 0 0.00 M M 9.2 21 340 M M M 27 350
14 1 -25 -12 -35 77 0 0.00 M M 6.3 12 160 M M M 14 140
15 9 -17 -4 -28 69 0 0.00 M M 17.2 32 150 M M M 38 130
16 9 -6 2 -22 63 0 0.01 M M 8.5 22 140 M M M 26 140
17 19 8 14 -10 51 0 0.00 M M 10.2 20 310 M M M 26 300
18 21 1 11 -13 54 0 0.00 M M 13.6 30 300 M M M 38 290
19 33 -1 16 -8 49 0 0.00 M M 7.6 18 190 M M M 23 200
20 46 15 31 6 34 0 0.00 M M 8.3 20 330 M M M 25 340
21 44 17 31 6 34 0 0.00 M M 19.0 35 270 M M M 44 270
22 59 31 45 20 20 0 0.00 M M 25.3 61 300 M M M 77 290
23 46 22 34 8 31 0 0.02 M M 21.4 55 310 M M M 68 310
24 38 15 27 1 38 0 0.04 M M 13.8 31 330 M M M 39 330
25 M M M M M M M M M M M M M M M M M
26 45 21 33 7 32 0 0.00 M M 15.6 35 270 M M M 45 280
27 31 14 23 -4 42 0 0.04 M M 10.8 21 350 M M M 25 40
28 41 13 27 0 38 0 0.00 M M 16.2 36 280 M M M 51 260
================================================================================
SM 651 29 1409 0 0.19 M 340.7 M M
================================================================================
AV 24.1 1.1 12.6 FASTST M M M MAX(MPH)
MISC ----> 61 300 77 290
================================================================================
NOTES:
# LAST OF SEVERAL OCCURRENCES
COLUMN 17 PEAK WIND IN M.P.H.
PRELIMINARY LOCAL CLIMATOLOGICAL DATA (WS FORM: F-6) , PAGE 2
STATION: BUFFALO SD
MONTH: FEBRUARY
YEAR: 2021
LATITUDE: 45 35 N
LONGITUDE: 103 33 W
[TEMPERATURE DATA] [PRECIPITATION DATA] SYMBOLS USED IN COLUMN 16
AVERAGE MONTHLY: 12.6 TOTAL FOR MONTH: 0.19 1 = FOG OR MIST
DPTR FM NORMAL: -11.1 DPTR FM NORMAL: -0.09 2 = FOG REDUCING VISIBILITY
HIGHEST: 64 ON 2 GRTST 24HR 0.67 ON 26-27 TO 1/4 MILE OR LESS
LOWEST: -26 ON 11 3 = THUNDER
SNOW, ICE PELLETS, HAIL 4 = ICE PELLETS
TOTAL MONTH: M 5 = HAIL
GRTST 24HR M ON M 6 = FREEZING RAIN OR DRIZZLE
GRTST DEPTH: M ON M 7 = DUSTSTORM OR SANDSTORM:
VSBY 1/2 MILE OR LESS
8 = SMOKE OR HAZE
[NO. OF DAYS WITH] [WEATHER - DAYS WITH] 9 = BLOWING SNOW
X = TORNADO
MAX 32 OR BELOW: 16 0.01 INCH OR MORE: 9
MAX 90 OR ABOVE: 0 0.10 INCH OR MORE: 0
MIN 32 OR BELOW: 27 0.50 INCH OR MORE: 0
MIN 0 OR BELOW: 12 1.00 INCH OR MORE: 0
[HDD (BASE 65) ]
TOTAL THIS MO. 1409 CLEAR (SCALE 0-3) 0
DPTR FM NORMAL 251 PTCLDY (SCALE 4-7) 0
TOTAL FM JUL 1 5247 CLOUDY (SCALE 8-10) 28
DPTR FM NORMAL -551
[CDD (BASE 65) ]
TOTAL THIS MO. 0
DPTR FM NORMAL 0 [PRESSURE DATA]
TOTAL FM JAN 1 0 HIGHEST SLP 30.75 ON 14
DPTR FM NORMAL 0 LOWEST SLP 29.55 ON 26
[REMARKS]
#FINAL-02-21#