000
CXUS55 KBOU 011513
CF633V
PRELIMINARY LOCAL CLIMATOLOGICAL DATA (WS FORM: F-6)
STATION: WALDEN
MONTH: DECEMBER
YEAR: 2022
LATITUDE: 40 45 N
LONGITUDE: 106 16 W
TEMPERATURE IN F: :PCPN: SNOW: WIND :SUNSHINE: SKY :PK WND
================================================================================
1 2 3 4 5 6A 6B 7 8 9 10 11 12 13 14 15 16 17 18
12Z AVG MX 2MIN
DY MAX MIN AVG DEP HDD CDD WTR SNW DPTH SPD SPD DIR MIN PSBL S-S WX SPD DR
================================================================================
1 41 27 34 M 31 0 M M M 16.3 23 200 M M 1 35 200
2 34 1 18 M 47 0 M M M 14.0 29 300 M M 7 38 300
3 32 1 17 M 48 0 M M M 10.1 17 190 M M 4 24 190
4 39 30 35 M 30 0 M M M 12.4 28 220 M M 6 35 220
5 34 16 25 M 40 0 M M M 12.3 30 230 M M 9 35 230
6 27 12 20 M 45 0 M M M 7.2 16 230 M M 3 22 250
7 32 1 17 M 48 0 M M M 4.1 10 150 M M 6 18 160
8 25 1 13 M 52 0 M M M 8.2 18 240 M M 5 24 240
9 28 0 14 M 51 0 M M M 10.8 17 210 M M 5 28 210
10 32 9 21 M 44 0 M M M 11.3 29 210 M M 2 37 210
11 37 14 26 M 39 0 M M M 10.3 17 190 M M 2 24 190
12 34 10 22 M 43 0 M M M 5.6 12 160 M M 5 16 160
13 18 5 12 M 53 0 M M M 9.1 16 360 M M 10 22 10
14 18 3 11 M 54 0 M M M 7.9 17 250 M M 9 17 60
15 12 -13 0 M 65 0 M M M 7.0 21 350 M M 8 24 340
16 10 -9 1 M 64 0 M M M 6.9 13 190 M M 5 18 190
17 19 -9 5 M 60 0 M M M 11.1 16 200 M M 2 24 200
18 25 0 13 M 52 0 M M M 8.7 16 190 M M 0 17 180
19 23 1 12 M 53 0 M M M 11.7 18 210 M M 0 25 200
20 28 12 20 M 45 0 M M M 12.9 17 180 M M 5 26 170
21 27 -4 12 M 53 0 M M M 17.9 30 250 M M 9 40 250
22 -6 -18 -12 M 77 0 M M M 10.6 22 350 M M 1 30 360
23 25 -8 9 M 56 0 M M M 10.0 16 200 M M 8 21 200
24 28 21 25 M 40 0 M M M 9.2 13 230 M M 10 17 230
25 34 19 27 M 38 0 M M M 12.0 24 260 M M 8 35 270
26 36 27 32 M 33 0 M M M 9.3 21 220 M M 4 28 210
27 39 25 32 M 33 0 M M M 15.1 30 210 M M 4 40 210
28 32 19 26 M 39 0 M M M 9.2 18 350 M M 8 18 180
29 19 10 15 M 50 0 M M M 10.2 20 220 M M 4 27 220
30 27 10 19 M 46 0 M M M 15.6 25 210 M M 8 31 210
31 32 25 29 M 36 0 M M M 9.5 18 220 M M 10 30 220
================================================================================
SM 841 238 1465 0 M M 326.4 M 168
================================================================================
AV 27.1 7.7 10.5 FASTST M M 5 MAX(MPH)
MISC ----> 30 210 40 250
================================================================================
NOTES:
# LAST OF SEVERAL OCCURRENCES
COLUMN 17 PEAK WIND IN M.P.H.
PRELIMINARY LOCAL CLIMATOLOGICAL DATA (WS FORM: F-6) , PAGE 2
STATION: WALDEN
MONTH: DECEMBER
YEAR: 2022
LATITUDE: 40 45 N
LONGITUDE: 106 16 W
[TEMPERATURE DATA] [PRECIPITATION DATA] SYMBOLS USED IN COLUMN 16
AVERAGE MONTHLY: 17.4 TOTAL FOR MONTH: M 1 = FOG OR MIST
DPTR FM NORMAL: M DPTR FM NORMAL: M 2 = FOG REDUCING VISIBILITY
HIGHEST: 41 ON 1 GRTST 24HR M TO 1/4 MILE OR LESS
LOWEST: -18 ON 22 3 = THUNDER
SNOW, ICE PELLETS, HAIL 4 = ICE PELLETS
TOTAL MONTH: M 5 = HAIL
GRTST 24HR M ON M 6 = FREEZING RAIN OR DRIZZLE
GRTST DEPTH: M ON M 7 = DUSTSTORM OR SANDSTORM:
VSBY 1/2 MILE OR LESS
8 = SMOKE OR HAZE
[NO. OF DAYS WITH] [WEATHER - DAYS WITH] 9 = BLOWING SNOW
X = TORNADO
MAX 32 OR BELOW: 22 0.01 INCH OR MORE: 0
MAX 90 OR ABOVE: 0 0.10 INCH OR MORE: 0
MIN 32 OR BELOW: 31 0.50 INCH OR MORE: 0
MIN 0 OR BELOW: 8 1.00 INCH OR MORE: 0
[HDD (BASE 65) ]
TOTAL THIS MO. 1465 CLEAR (SCALE 0-3) 7
DPTR FM NORMAL M PTCLDY (SCALE 4-7) 16
TOTAL FM JUL 1 4297 CLOUDY (SCALE 8-10) 8
DPTR FM NORMAL M
[CDD (BASE 65) ]
TOTAL THIS MO. 0
DPTR FM NORMAL M [PRESSURE DATA]
TOTAL FM JAN 1 6 HIGHEST SLP M ON M
DPTR FM NORMAL M LOWEST SLP M ON M
[REMARKS]
#FINAL-12-22#