000
CXUS54 KEWX 011110
CF63T5
PRELIMINARY LOCAL CLIMATOLOGICAL DATA (WS FORM: F-6)
STATION: LA GRANGE
MONTH: JANUARY
YEAR: 2022
LATITUDE: 29 54 N
LONGITUDE: 96 57 W
TEMPERATURE IN F: :PCPN: SNOW: WIND :SUNSHINE: SKY :PK WND
================================================================================
1 2 3 4 5 6A 6B 7 8 9 10 11 12 13 14 15 16 17 18
12Z AVG MX 2MIN
DY MAX MIN AVG DEP HDD CDD WTR SNW DPTH SPD SPD DIR MIN PSBL S-S WX SPD DR
================================================================================
1 83 43 63 M 2 0 0.00 M M 8.7 18 180 M M 6 26 180
2 47 28 38 M 27 0 0.00 M M 15.4 24 340 M M 3 37 350
3 55 26 41 M 24 0 0.00 M M 0.0 M M M M 0 M M
4 69 33 51 M 14 0 0.00 M M 5.7 14 220 M M 0 1 21 210
5 78 49 64 M 1 0 0.00 M M 3.0 8 220 M M 0 M M
6 61 38 50 M 15 0 0.00 M M 6.8 16 350 M M 4 23 350
7 49 32 41 M 24 0 0.00 M M 3.8 9 360 M M 7 1 16 360
8 71 49 60 M 5 0 0.06 M M 3.8 10 200 M M 10 1 16 200
9 68 51 60 M 5 0 0.00 M M 8.2 16 360 M M 8 1 28 350
10 60 44 52 M 13 0 0.00 M M 9.0 15 360 M M 3 24 360
11 55 41 48 M 17 0 0.00 M M 2.1 7 20 M M 6 M M
12 63 43 53 M 12 0 0.00 M M 1.6 7 180 M M 6 M M
13 74 36 55 M 10 0 0.00 M M 1.2 7 340 M M 0 1 M M
14 77 38 58 M 7 0 0.00 M M 4.7 15 180 M M 0 21 200
15 63 41 52 M 13 0 0.00 M M 18.7 29 340 M M 1 44 350
16 60 34 47 M 18 0 0.00 M M 5.9 14 330 M M 0 22 330
17 71 31 51 M 14 0 0.00 M M 2.4 10 170 M M 0 M M
18 76 41 59 M 6 0 0.00 M M 7.7 17 200 M M 0 1 25 190
19 78 48 63 M 2 0 0.00 M M 6.5 17 350 M M 5 30 350
20 48 33 41 M 24 0 0.00 M M 14.4 20 350 M M 9 31 350
21 50 30 40 M 25 0 0.00 M M 6.6 14 360 M M 1 20 360
22 56 29 43 M 22 0 0.00 M M 1.7 8 60 M M 1 M M
23 58 42 50 M 15 0 0.00 M M 0.8 5 230 M M 10 M M
24 53 48 51 M 14 0 0.21 M M 1.7 6 350 M M 10 1 M M
25 56 48 52 M 13 0 0.00 M M 3.6 8 330 M M 10 1 M M
26 53 42 48 M 17 0 0.00 M M 3.3 7 30 M M 7 1 M M
27 64 38 51 M 14 0 0.00 M M 0.6 6 30 M M 7 M M
28 59 34 47 M 18 0 0.00 M M 8.3 16 350 M M 3 24 350
29 66 30 48 M 17 0 0.00 M M 3.6 12 190 M M 0 17 180
30 71 33 52 M 13 0 0.00 M M 5.2 12 190 M M 0 17 210
31 60 55 58 M 7 0 2.34 M M 4.4 10 120 M M 9 3 23 120
================================================================================
SM 1952 1208 428 0 2.61 M 169.2 M 126
================================================================================
AV 63.0 39.0 5.5 FASTST M M 4 MAX(MPH)
MISC ----> 29 340 44 350
================================================================================
NOTES:
# LAST OF SEVERAL OCCURRENCES
COLUMN 17 PEAK WIND IN M.P.H.
PRELIMINARY LOCAL CLIMATOLOGICAL DATA (WS FORM: F-6) , PAGE 2
STATION: LA GRANGE
MONTH: JANUARY
YEAR: 2022
LATITUDE: 29 54 N
LONGITUDE: 96 57 W
[TEMPERATURE DATA] [PRECIPITATION DATA] SYMBOLS USED IN COLUMN 16
AVERAGE MONTHLY: 51.0 TOTAL FOR MONTH: 2.61 1 = FOG OR MIST
DPTR FM NORMAL: 0.0 DPTR FM NORMAL: M 2 = FOG REDUCING VISIBILITY
HIGHEST: 83 ON 1 GRTST 24HR 2.34 ON 31-31 TO 1/4 MILE OR LESS
LOWEST: 26 ON 3 3 = THUNDER
SNOW, ICE PELLETS, HAIL 4 = ICE PELLETS
TOTAL MONTH: M 5 = HAIL
GRTST 24HR M ON M 6 = FREEZING RAIN OR DRIZZLE
GRTST DEPTH: M ON M 7 = DUSTSTORM OR SANDSTORM:
VSBY 1/2 MILE OR LESS
8 = SMOKE OR HAZE
[NO. OF DAYS WITH] [WEATHER - DAYS WITH] 9 = BLOWING SNOW
X = TORNADO
MAX 32 OR BELOW: 0 0.01 INCH OR MORE: 3
MAX 90 OR ABOVE: 0 0.10 INCH OR MORE: 2
MIN 32 OR BELOW: 7 0.50 INCH OR MORE: 1
MIN 0 OR BELOW: 0 1.00 INCH OR MORE: 1
[HDD (BASE 65) ]
TOTAL THIS MO. 428 CLEAR (SCALE 0-3) 16
DPTR FM NORMAL M PTCLDY (SCALE 4-7) 8
TOTAL FM JUL 1 663 CLOUDY (SCALE 8-10) 7
DPTR FM NORMAL M
[CDD (BASE 65) ]
TOTAL THIS MO. 0
DPTR FM NORMAL M [PRESSURE DATA]
TOTAL FM JAN 1 0 HIGHEST SLP M ON M
DPTR FM NORMAL M LOWEST SLP M ON M
[REMARKS]
#FINAL-01-22#