000
CXUS51 KPHI 010815
CF6ABE
PRELIMINARY LOCAL CLIMATOLOGICAL DATA (WS FORM: F-6)
STATION: ALLENTOWN PA
MONTH: MARCH
YEAR: 2020
LATITUDE: 40 39 N
LONGITUDE: 75 26 W
TEMPERATURE IN F: :PCPN: SNOW: WIND :SUNSHINE: SKY :PK WND
================================================================================
1 2 3 4 5 6A 6B 7 8 9 10 11 12 13 14 15 16 17 18
12Z AVG MX 2MIN
DY MAX MIN AVG DEP HDD CDD WTR SNW DPTH SPD SPD DIR MIN PSBL S-S WX SPD DR
================================================================================
1 47 25 36 2 29 0 0.00 0.0 0 7.9 18 300 M M 2 25 270
2 65 26 46 12 19 0 0.03 0.0 0 7.3 22 220 M M 3 30 220
3 59 46 53 18 12 0 0.41 0.0 0 6.5 26 260 M M 8 18 36 240
4 58 43 51 16 14 0 T 0.0 0 12.5 22 250 M M 5 35 270
5 54 34 44 9 21 0 0.00 0.0 0 5.5 23 300 M M 0 29 300
6 44 30 37 1 28 0 0.07 0.0 0 6.3 16 330 M M 6 21 340
7 46 29 38 2 27 0 0.00 0.0 0 12.1 24 350 M M 4 34 360
8 59 24 42 6 23 0 0.00 0.0 0 7.1 18 230 M M 0 26 230
9 73 29 51 14 14 0 0.00 0.0 M 6.5 21 240 M M 0 26 240
10 69 39 54 17 11 0 0.08 0.0 0 8.8 24 240 M M 6 31 220
11 57 36 47 10 18 0 T M M 4.6 20 340 M M 3 24 330
12 56 34 45 7 20 0 0.03 0.0 0 6.4 16 90 M M 9 18 20 90
13 72 47 60 22 5 0 0.21 0.0 0 11.0 29 280 M M 6 1 43 290
14 58 40 49 11 16 0 T 0.0 0 8.9 21 310 M M 2 27 300
15 56 34 45 6 20 0 T 0.0 0 6.6 17 340 M M 4 27 330
16 52 29 41 2 24 0 0.00 0.0 0 9.5 17 140 M M 3 24 150
17 56 40 48 9 17 0 0.05 0.0 0 5.9 16 300 M M 8 24 300
18 58 32 45 5 20 0 0.17 0.0 0 4.6 16 150 M M 2 21 150
19 51 41 46 6 19 0 0.60 0.0 0 6.6 13 50 M M 10 1 15 70
20 76 49 63 23 2 0 T 0.0 0 6.9 23 310 M M 8 128 31 310
21 63 33 48 7 17 0 0.00 0.0 0 10.1 22 330 M M 2 29 340
22 50 28 39 -2 26 0 0.00 0.0 0 8.8 20 60 M M 5 23 60
23 41 36 39 -3 26 0 0.62 T 0 8.6 20 80 M M 10 18 24 80
24 58 40 49 7 16 0 0.00 0.0 0 9.5 17 310 M M 4 23 330
25 48 35 42 0 23 0 0.04 0.0 0 9.9 17 70 M M 7 21 50
26 60 30 45 2 20 0 T 0.0 0 5.2 14 240 M M 2 18 23 160
27 69 48 59 16 6 0 0.01 0.0 0 5.9 17 330 M M 4 22 330
28 54 45 50 7 15 0 0.74 0.0 0 9.0 14 80 M M 8 18 18 100
29 52 45 49 5 16 0 0.03 0.0 0 7.6 16 80 M M 10 18 20 100
30 59 47 53 9 12 0 T 0.0 0 5.0 16 310 M M 10 18 23 290
31 49 44 47 3 18 0 0.03 0.0 M 6.6 15 110 M M 10 8 20 90
================================================================================
SM 1769 1138 554 0 3.12 T 237.7 M 161
================================================================================
AV 57.1 36.7 7.7 FASTST M M 5 MAX(MPH)
MISC ----> 29 280 43 290
================================================================================
NOTES:
# LAST OF SEVERAL OCCURRENCES
COLUMN 17 PEAK WIND IN M.P.H.
PRELIMINARY LOCAL CLIMATOLOGICAL DATA (WS FORM: F-6) , PAGE 2
STATION: ALLENTOWN PA
MONTH: MARCH
YEAR: 2020
LATITUDE: 40 39 N
LONGITUDE: 75 26 W
[TEMPERATURE DATA] [PRECIPITATION DATA] SYMBOLS USED IN COLUMN 16
AVERAGE MONTHLY: 46.9 TOTAL FOR MONTH: 3.12 1 = FOG OR MIST
DPTR FM NORMAL: 7.8 DPTR FM NORMAL: -0.27 2 = FOG REDUCING VISIBILITY
HIGHEST: 76 ON 20 GRTST 24HR 0.77 ON 18-19 TO 1/4 MILE OR LESS
LOWEST: 24 ON 8 3 = THUNDER
SNOW, ICE PELLETS, HAIL 4 = ICE PELLETS
TOTAL MONTH: T 5 = HAIL
GRTST 24HR T ON 23-23 6 = FREEZING RAIN OR DRIZZLE
GRTST DEPTH: 0 7 = DUSTSTORM OR SANDSTORM:
VSBY 1/2 MILE OR LESS
8 = SMOKE OR HAZE
[NO. OF DAYS WITH] [WEATHER - DAYS WITH] 9 = BLOWING SNOW
X = TORNADO
MAX 32 OR BELOW: 0 0.01 INCH OR MORE: 15
MAX 90 OR ABOVE: 0 0.10 INCH OR MORE: 6
MIN 32 OR BELOW: 10 0.50 INCH OR MORE: 3
MIN 0 OR BELOW: 0 1.00 INCH OR MORE: 0
[HDD (BASE 65) ]
TOTAL THIS MO. 554 CLEAR (SCALE 0-3) 10
DPTR FM NORMAL -249 PTCLDY (SCALE 4-7) 13
TOTAL FM JUL 1 4084 CLOUDY (SCALE 8-10) 8
DPTR FM NORMAL -1029
[CDD (BASE 65) ]
TOTAL THIS MO. 0
DPTR FM NORMAL 0 [PRESSURE DATA]
TOTAL FM JAN 1 0 HIGHEST SLP 30.65 ON 22
DPTR FM NORMAL 0 LOWEST SLP 29.45 ON 3
[REMARKS]
#FINAL-03-20#