000
CXUS54 KSJT 011100
CF6ABI
PRELIMINARY LOCAL CLIMATOLOGICAL DATA (WS FORM: F-6)
STATION: ABILENE
MONTH: DECEMBER
YEAR: 2023
LATITUDE: 32 25 N
LONGITUDE: 99 41 W
TEMPERATURE IN F: :PCPN: SNOW: WIND :SUNSHINE: SKY :PK WND
================================================================================
1 2 3 4 5 6A 6B 7 8 9 10 11 12 13 14 15 16 17 18
12Z AVG MX 2MIN
DY MAX MIN AVG DEP HDD CDD WTR SNW DPTH SPD SPD DIR MIN PSBL S-S WX SPD DR
================================================================================
1 65 36 51 1 14 0 0.00 0.0 0 4.8 14 160 M M 0 17 160
2 70 48 59 9 6 0 0.02 0.0 0 9.6 25 270 M M 3 41 280
3 72 38 55 5 10 0 0.00 0.0 0 10.8 25 360 M M 0 40 260
4 67 30 49 -1 16 0 0.00 0.0 0 5.2 14 140 M M 0 19 140
5 72 38 55 6 10 0 0.00 0.0 0 4.9 15 350 M M 0 19 340
6 70 35 53 4 12 0 0.00 0.0 0 8.3 20 210 M M 0 34 240
7 74 50 62 13 3 0 0.00 0.0 0 18.1 30 200 M M 1 46 210
8 80 58 69 21 0 4 0.00 0.0 0 14.0 24 200 M M 0 41 270
9 60 36 48 0 17 0 0.00 0.0 0 11.7 24 340 M M 0 37 330
10 58 24 41 -7 24 0 0.00 0.0 0 5.8 13 240 M M 0 18 220
11 68 39 54 6 11 0 0.00 0.0 0 7.8 15 200 M M 0 23 210
12 63 40 52 4 13 0 0.00 0.0 0 12.3 21 160 M M 4 32 150
13 58 48 53 5 12 0 0.16 0.0 0 13.8 28 130 M M 10 1 47 120
14 59 45 52 5 13 0 0.10 0.0 0 14.8 22 150 M M 9 1 39 140
15 57 42 50 3 15 0 0.77 0.0 0 7.6 33 320 M M 6 12 40 320
16 61 35 48 1 17 0 0.00 0.0 0 8.6 16 300 M M 0 21 320
17 71 40 56 9 9 0 0.00 0.0 0 6.4 14 240 M M 0 18 240
18 62 34 48 1 17 0 0.00 0.0 0 5.8 13 70 M M 0 20 60
19 67 43 55 9 10 0 0.00 0.0 0 12.2 23 180 M M 0 33 180
20 65 51 58 12 7 0 0.00 0.0 0 11.8 22 170 M M 5 29 180
21 62 57 60 14 5 0 0.11 0.0 0 9.4 17 160 M M 9 1 23 160
22 68 52 60 14 5 0 0.00 0.0 M 8.4 16 210 M M 4 1 22 210
23 67 53 60 14 5 0 0.13 0.0 0 13.6 24 160 M M 7 1 36 150
24 65 40 53 7 12 0 0.15 0.0 0 14.0 28 340 M M 4 1 43 330
25 49 30 40 -6 25 0 0.00 0.0 0 11.3 24 330 M M 0 39 330
26 57 30 44 -2 21 0 0.00 0.0 0 10.4 21 280 M M 0 33 230
27 54 28 41 -5 24 0 0.00 0.0 0 7.4 23 350 M M 1 35 330
28 53 30 42 -4 23 0 0.00 0.0 0 6.7 20 20 M M 0 33 60
29 61 27 44 -2 21 0 0.00 0.0 0 8.6 18 310 M M 0 32 310
30 70 30 50 4 15 0 0.00 0.0 0 6.3 14 200 M M 0 18 180
31 66 37 52 6 13 0 0.00 0.0 0 7.4 13 360 M M 0 19 350
================================================================================
SM 1991 1224 405 4 1.44 0.0 297.8 M 63
================================================================================
AV 64.2 39.5 9.6 FASTST M M 2 MAX(MPH)
MISC ----> 33 320 47 120
================================================================================
NOTES:
# LAST OF SEVERAL OCCURRENCES
COLUMN 17 PEAK WIND IN M.P.H.
PRELIMINARY LOCAL CLIMATOLOGICAL DATA (WS FORM: F-6) , PAGE 2
STATION: ABILENE
MONTH: DECEMBER
YEAR: 2023
LATITUDE: 32 25 N
LONGITUDE: 99 41 W
[TEMPERATURE DATA] [PRECIPITATION DATA] SYMBOLS USED IN COLUMN 16
AVERAGE MONTHLY: 51.9 TOTAL FOR MONTH: 1.44 1 = FOG OR MIST
DPTR FM NORMAL: 4.6 DPTR FM NORMAL: 0.18 2 = FOG REDUCING VISIBILITY
HIGHEST: 80 ON 8 GRTST 24HR 0.87 ON 14-15 TO 1/4 MILE OR LESS
LOWEST: 24 ON 10 3 = THUNDER
SNOW, ICE PELLETS, HAIL 4 = ICE PELLETS
TOTAL MONTH: 0.0 INCH 5 = HAIL
GRTST 24HR 0.0 6 = FREEZING RAIN OR DRIZZLE
GRTST DEPTH: 0 7 = DUSTSTORM OR SANDSTORM:
VSBY 1/2 MILE OR LESS
8 = SMOKE OR HAZE
[NO. OF DAYS WITH] [WEATHER - DAYS WITH] 9 = BLOWING SNOW
X = TORNADO
MAX 32 OR BELOW: 0 0.01 INCH OR MORE: 7
MAX 90 OR ABOVE: 0 0.10 INCH OR MORE: 6
MIN 32 OR BELOW: 8 0.50 INCH OR MORE: 1
MIN 0 OR BELOW: 0 1.00 INCH OR MORE: 0
[HDD (BASE 65) ]
TOTAL THIS MO. 405 CLEAR (SCALE 0-3) 22
DPTR FM NORMAL -146 PTCLDY (SCALE 4-7) 6
TOTAL FM JUL 1 770 CLOUDY (SCALE 8-10) 3
DPTR FM NORMAL -179
[CDD (BASE 65) ]
TOTAL THIS MO. 4
DPTR FM NORMAL 1 [PRESSURE DATA]
TOTAL FM JAN 1 3331 HIGHEST SLP 30.47 ON 10
DPTR FM NORMAL 634 LOWEST SLP 29.63 ON 8
[REMARKS]
#FINAL-12-23#