000
CXUS54 KFWD 032333
CF6ACT
PRELIMINARY LOCAL CLIMATOLOGICAL DATA (WS FORM: F-6)
STATION: WACO
MONTH: JANUARY
YEAR: 2023
LATITUDE: 31 37 N
LONGITUDE: 97 13 W
TEMPERATURE IN F: :PCPN: SNOW: WIND :SUNSHINE: SKY :PK WND
================================================================================
1 2 3 4 5 6A 6B 7 8 9 10 11 12 13 14 15 16 17 18
12Z AVG MX 2MIN
DY MAX MIN AVG DEP HDD CDD WTR SNW DPTH SPD SPD DIR MIN PSBL S-S WX SPD DR
================================================================================
1 77 42 60 13 5 0 0.00 0.0 0 10.0 17 180 M M 0 1 23 160
2 79 59 69 22 0 4 T 0.0 0 12.0 26 200 M M 7 1 36 190
3 72 45 59 12 6 0 0.00 0.0 0 6.9 22 280 M M 2 29 300
4 69 33 51 4 14 0 0.00 0.0 0 6.5 22 270 M M 0 30 270
5 65 30 48 1 17 0 0.00 0.0 0 4.2 12 220 M M 0 16 10
6 71 33 52 5 13 0 0.00 0.0 0 9.2 21 180 M M 3 28 170
7 66 51 59 12 6 0 0.00 0.0 0 9.7 17 200 M M 8 3 25 190
8 65 33 49 2 16 0 0.00 0.0 0 6.6 17 340 M M 1 22 350
9 69 29 49 2 16 0 0.00 0.0 0 6.5 15 170 M M 0 19 160
10 83 45 64 17 1 0 0.00 0.0 0 10.3 16 190 M M 1 12 22 190
11 79 49 64 17 1 0 0.00 0.0 0 11.6 23 180 M M 0 31 300
12 65 38 52 5 13 0 0.00 0.0 0 14.5 26 330 M M 0 38 320
13 60 27 44 -3 21 0 0.00 0.0 0 5.2 13 350 M M 0 21 330
14 63 24 44 -3 21 0 0.00 0.0 0 9.8 21 170 M M 0 28 160
15 73 44 59 12 6 0 0.00 0.0 0 17.0 31 180 M M 0 42 190
16 77 54 66 19 0 1 0.00 0.0 0 9.9 20 190 M M 2 29 170
17 80 46 63 16 2 0 0.00 0.0 0 7.4 21 150 M M 0 1 26 150
18 74 45 60 13 5 0 0.00 0.0 0 10.4 23 270 M M 5 1 35 270
19 64 33 49 2 16 0 0.00 0.0 0 6.5 16 350 M M 0 23 290
20 57 30 44 -4 21 0 T 0.0 0 5.2 14 120 M M 7 19 110
21 60 35 48 0 17 0 T 0.0 0 6.0 13 130 M M 6 1 16 160
22 57 25 41 -7 24 0 0.00 0.0 0 8.8 21 300 M M 0 1 30 290
23 55 22 39 -9 26 0 0.00 0.0 0 5.6 15 70 M M 4 21 70
24 47 38 43 -5 22 0 0.99 0.0 0 11.6 23 310 M M 10 13 30 300
25 49 28 39 -9 26 0 0.00 0.0 0 9.2 20 320 M M 6 27 320
26 55 25 40 -8 25 0 0.00 0.0 0 5.2 13 300 M M 0 19 300
27 60 26 43 -5 22 0 0.00 0.0 0 11.4 22 170 M M 1 29 170
28 61 47 54 6 11 0 0.02 0.0 0 8.8 15 190 M M 10 1 23 190
29 62 32 47 -2 18 0 0.24 0.0 0 10.9 23 350 M M 10 123 31 360
30 32 27 30 -19 35 0 T 0.0 0 14.4 20 350 M M 10 16 26 360
31 30 26 28 -21 37 0 0.18 0.1 0 12.4 21 340 M M 10 146 29 330
================================================================================
SM 1976 1121 463 5 1.43 0.1 283.7 M 103
================================================================================
AV 63.7 36.2 9.2 FASTST M M 3 MAX(MPH)
MISC ----> 31 180 42 190
================================================================================
NOTES:
# LAST OF SEVERAL OCCURRENCES
COLUMN 17 PEAK WIND IN M.P.H.
PRELIMINARY LOCAL CLIMATOLOGICAL DATA (WS FORM: F-6) , PAGE 2
STATION: WACO
MONTH: JANUARY
YEAR: 2023
LATITUDE: 31 37 N
LONGITUDE: 97 13 W
[TEMPERATURE DATA] [PRECIPITATION DATA] SYMBOLS USED IN COLUMN 16
AVERAGE MONTHLY: 50.0 TOTAL FOR MONTH: 1.43 1 = FOG OR MIST
DPTR FM NORMAL: 2.6 DPTR FM NORMAL: -1.16 2 = FOG REDUCING VISIBILITY
HIGHEST: 83 ON 10 GRTST 24HR 0.99 ON 24-24 TO 1/4 MILE OR LESS
LOWEST: 22 ON 23 3 = THUNDER
SNOW, ICE PELLETS, HAIL 4 = ICE PELLETS
TOTAL MONTH: 0.1 INCH 5 = HAIL
GRTST 24HR 0.1 ON 31-31 6 = FREEZING RAIN OR DRIZZLE
GRTST DEPTH: 0 7 = DUSTSTORM OR SANDSTORM:
VSBY 1/2 MILE OR LESS
8 = SMOKE OR HAZE
[NO. OF DAYS WITH] [WEATHER - DAYS WITH] 9 = BLOWING SNOW
X = TORNADO
MAX 32 OR BELOW: 2 0.01 INCH OR MORE: 4
MAX 90 OR ABOVE: 0 0.10 INCH OR MORE: 3
MIN 32 OR BELOW: 13 0.50 INCH OR MORE: 1
MIN 0 OR BELOW: 0 1.00 INCH OR MORE: 0
[HDD (BASE 65) ]
TOTAL THIS MO. 463 CLEAR (SCALE 0-3) 19
DPTR FM NORMAL -84 PTCLDY (SCALE 4-7) 7
TOTAL FM JUL 1 1323 CLOUDY (SCALE 8-10) 5
DPTR FM NORMAL -54
[CDD (BASE 65) ]
TOTAL THIS MO. 5
DPTR FM NORMAL 2 [PRESSURE DATA]
TOTAL FM JAN 1 5 HIGHEST SLP 30.49 ON 13
DPTR FM NORMAL 2 LOWEST SLP 29.59 ON 2
[REMARKS]
#FINAL-01-23#