000
CXUS54 KLZK 011330
CF6ADF
PRELIMINARY LOCAL CLIMATOLOGICAL DATA (WS FORM: F-6)
STATION: ARKADELPHIA AIRPORT
MONTH: JANUARY
YEAR: 2023
LATITUDE: 34 9 N
LONGITUDE: 93 4 W
TEMPERATURE IN F: :PCPN: SNOW: WIND :SUNSHINE: SKY :PK WND
================================================================================
1 2 3 4 5 6A 6B 7 8 9 10 11 12 13 14 15 16 17 18
12Z AVG MX 2MIN
DY MAX MIN AVG DEP HDD CDD WTR SNW DPTH SPD SPD DIR MIN PSBL S-S WX SPD DR
================================================================================
1 71 42 57 16 8 0 0.00 M M 4.4 13 180 M M 5 12 M M
2 71 62 67 26 0 2 1.12 M M 5.1 15 190 M M 9 123 23 180
3 69 51 60 19 5 0 0.08 M M 6.5 15 220 M M 3 138 20 230
4 58 37 48 7 17 0 0.00 M M 2.5 9 240 M M 0 M M
5 59 32 46 5 19 0 0.00 M M 3.7 15 250 M M 0 20 250
6 63 28 46 5 19 0 0.00 M M 2.2 9 130 M M 1 8 M M
7 71 50 61 20 4 0 T M M 4.3 10 10 M M 6 1 M M
8 59 34 47 6 18 0 0.00 M M 3.0 10 300 M M 0 M M
9 58 29 44 3 21 0 0.00 M M 1.4 7 140 M M 0 M M
10 64 33 49 8 16 0 0.00 M M 2.0 7 120 M M 4 12 M M
11 76 47 62 21 3 0 0.00 M M 4.4 12 210 M M 5 12 M M
12 69 34 52 11 13 0 0.00 M M 12.7 20 340 M M 6 31 330
13 51 25 38 -3 27 0 0.00 M M 6.0 12 340 M M 0 17 290
14 49 22 36 -5 29 0 0.00 M M 0.8 6 110 M M 0 M M
15 64 26 45 4 20 0 0.00 M M 5.0 15 190 M M 7 18 180
16 71 50 61 20 4 0 T M M 4.7 14 220 M M 7 12 17 220
17 74 49 62 21 3 0 0.00 M M 1.6 8 240 M M 5 12 M M
18 66 47 57 16 8 0 1.19 M M 3.5 16 290 M M 7 12 20 300
19 56 35 46 5 19 0 0.01 M M 6.2 16 260 M M 1 128 24 250
20 58 29 44 3 21 0 0.00 M M 1.1 6 60 M M 0 M M
21 57 35 46 5 19 0 0.07 M M 3.8 8 110 M M 8 1 M M
22 51 37 44 3 21 0 T M M 4.5 12 310 M M 9 18 300
23 53 29 41 0 24 0 0.00 M M 1.8 6 360 M M 1 M M
24 41 30 36 -6 29 0 1.62 M M 5.6 18 20 M M 7 1 24 20
25 44 34 39 -3 26 0 0.03 M M 7.6 15 310 M M 9 18 20 310
26 49 28 39 -3 26 0 0.00 M M 4.6 13 280 M M 0 8 17 340
27 59 25 42 0 23 0 0.00 M M 4.3 17 250 M M 0 8 24 250
28 56 31 44 2 21 0 1.27 M M 0.9 10 290 M M 8 1 18 290
29 63 53 58 16 7 0 0.69 M M 4.2 12 20 M M 10 12 17 190
30 52 34 43 1 22 0 0.58 M M 8.8 14 20 M M 10 1 20 30
31 34 30 32 -10 33 0 0.43 M M 8.3 14 30 M M 10 1 18 30
================================================================================
SM 1836 1128 525 2 7.09 M 135.5 M 138
================================================================================
AV 59.2 36.4 4.4 FASTST M M 4 MAX(MPH)
MISC ----> 20 340 31 330
================================================================================
NOTES:
# LAST OF SEVERAL OCCURRENCES
COLUMN 17 PEAK WIND IN M.P.H.
PRELIMINARY LOCAL CLIMATOLOGICAL DATA (WS FORM: F-6) , PAGE 2
STATION: ARKADELPHIA AIRPORT
MONTH: JANUARY
YEAR: 2023
LATITUDE: 34 9 N
LONGITUDE: 93 4 W
[TEMPERATURE DATA] [PRECIPITATION DATA] SYMBOLS USED IN COLUMN 16
AVERAGE MONTHLY: 47.8 TOTAL FOR MONTH: 7.09 1 = FOG OR MIST
DPTR FM NORMAL: 6.5 DPTR FM NORMAL: 3.24 2 = FOG REDUCING VISIBILITY
HIGHEST: 76 ON 11 GRTST 24HR 1.79 ON 2- 3 TO 1/4 MILE OR LESS
LOWEST: 22 ON 14 3 = THUNDER
SNOW, ICE PELLETS, HAIL 4 = ICE PELLETS
TOTAL MONTH: M 5 = HAIL
GRTST 24HR M ON M 6 = FREEZING RAIN OR DRIZZLE
GRTST DEPTH: M ON M 7 = DUSTSTORM OR SANDSTORM:
VSBY 1/2 MILE OR LESS
8 = SMOKE OR HAZE
[NO. OF DAYS WITH] [WEATHER - DAYS WITH] 9 = BLOWING SNOW
X = TORNADO
MAX 32 OR BELOW: 0 0.01 INCH OR MORE: 11
MAX 90 OR ABOVE: 0 0.10 INCH OR MORE: 7
MIN 32 OR BELOW: 13 0.50 INCH OR MORE: 6
MIN 0 OR BELOW: 0 1.00 INCH OR MORE: 4
[HDD (BASE 65) ]
TOTAL THIS MO. 525 CLEAR (SCALE 0-3) 12
DPTR FM NORMAL -210 PTCLDY (SCALE 4-7) 11
TOTAL FM JUL 1 1372 CLOUDY (SCALE 8-10) 8
DPTR FM NORMAL -585
[CDD (BASE 65) ]
TOTAL THIS MO. 2
DPTR FM NORMAL 2 [PRESSURE DATA]
TOTAL FM JAN 1 2 HIGHEST SLP M ON M
DPTR FM NORMAL 2 LOWEST SLP M ON M
[REMARKS]
#FINAL-01-23#