000
CXUS54 KLCH 010830
CF6AEX
PRELIMINARY LOCAL CLIMATOLOGICAL DATA (WS FORM: F-6)
STATION: ALEXANDRIA
MONTH: APRIL
YEAR: 2022
LATITUDE: 31 19 N
LONGITUDE: 92 33 W
TEMPERATURE IN F: :PCPN: SNOW: WIND :SUNSHINE: SKY :PK WND
================================================================================
1 2 3 4 5 6A 6B 7 8 9 10 11 12 13 14 15 16 17 18
12Z AVG MX 2MIN
DY MAX MIN AVG DEP HDD CDD WTR SNW DPTH SPD SPD DIR MIN PSBL S-S WX SPD DR
================================================================================
1 73 46 60 -3 5 0 T 0.0 M 4.7 12 110 M M 0 1 15 90
2 82 50 66 2 0 1 0.00 0.0 M 3.7 13 110 M M 1 16 110
3 82 50 66 2 0 1 0.00 0.0 M 4.2 13 120 M M 0 1 17 200
4 81 53 67 3 0 2 0.06 0.0 M 8.0 17 160 M M 3 1 25 180
5 84 62 73 9 0 8 1.59 0.0 M 10.2 33 330 M M 6 138 48 320
6 84 53 69 5 0 4 0.00 0.0 M 10.9 24 330 M M 8 18 34 330
7 72 48 60 -5 5 0 0.00 0.0 M 12.4 35 300 M M 1 50 290
8 69 44 57 -8 8 0 0.00 0.0 M 12.3 31 310 M M 0 42 320
9 78 39 59 -6 6 0 0.00 0.0 M 5.8 17 200 M M 0 24 200
10 83 53 68 3 0 3 0.00 0.0 M 14.0 28 170 M M 2 38 210
11 83 64 74 8 0 9 0.01 0.0 0 13.3 25 190 M M 8 3 34 180
12 78 67 73 7 0 8 0.07 0.0 M 11.3 28 160 M M 9 138 38 160
13 78 62 70 4 0 5 1.65 0.0 M 11.2 31 340 M M 10 138 47 350
14 79 52 66 0 0 1 0.00 0.0 M 6.1 14 110 M M 0 20 110
15 77 55 66 0 0 1 T 0.0 M 9.2 20 150 M M 7 28 150
16 82 72 77 10 0 12 0.01 0.0 M 5.8 14 210 M M 8 18 18 200
17 87 69 78 11 0 13 T 0.0 M 7.9 17 230 M M 8 1 24 240
18 72 55 64 -3 1 0 0.00 0.0 M 10.0 17 360 M M 4 27 360
19 73 49 61 -6 4 0 0.00 0.0 M 6.9 16 120 M M 0 24 120
20 79 55 67 -1 0 2 T 0.0 M 12.9 24 150 M M 5 33 150
21 87 66 77 9 0 12 0.00 0.0 M 9.4 17 170 M M 7 18 29 140
22 84 64 74 6 0 9 0.00 0.0 M 9.3 18 150 M M 4 1 25 170
23 85 65 75 7 0 10 T 0.0 M 14.4 25 180 M M 5 1 35 170
24 87 71 79 10 0 14 0.02 0.0 M 12.4 23 190 M M 6 18 34 170
25 81 65 73 4 0 8 0.24 0.0 M 5.0 29 330 M M 9 13 40 320
26 77 55 66 -3 0 1 T 0.0 M 8.0 16 10 M M 3 23 10
27 80 48 64 -5 1 0 0.00 0.0 M 2.8 12 120 M M 0 15 120
28 84 51 68 -2 0 3 0.00 0.0 M 5.0 13 160 M M 0 19 150
29 85 57 71 1 0 6 0.00 0.0 M 7.6 17 160 M M 0 23 160
30 88 62 75 5 0 10 T 0.0 M 8.3 16 200 M M 3 3 22 210
================================================================================
SM 2414 1702 30 143 3.65 0.0 263.0 M 117
================================================================================
AV 80.5 56.7 8.8 FASTST M M 4 MAX(MPH)
MISC ----> 35 300 50 290
================================================================================
NOTES:
# LAST OF SEVERAL OCCURRENCES
COLUMN 17 PEAK WIND IN M.P.H.
PRELIMINARY LOCAL CLIMATOLOGICAL DATA (WS FORM: F-6) , PAGE 2
STATION: ALEXANDRIA
MONTH: APRIL
YEAR: 2022
LATITUDE: 31 19 N
LONGITUDE: 92 33 W
[TEMPERATURE DATA] [PRECIPITATION DATA] SYMBOLS USED IN COLUMN 16
AVERAGE MONTHLY: 68.6 TOTAL FOR MONTH: 3.65 1 = FOG OR MIST
DPTR FM NORMAL: 2.0 DPTR FM NORMAL: -1.29 2 = FOG REDUCING VISIBILITY
HIGHEST: 88 ON 30 GRTST 24HR 1.67 ON 12-13 TO 1/4 MILE OR LESS
LOWEST: 39 ON 9 3 = THUNDER
SNOW, ICE PELLETS, HAIL 4 = ICE PELLETS
TOTAL MONTH: 0.0 INCH 5 = HAIL
GRTST 24HR 0.0 6 = FREEZING RAIN OR DRIZZLE
GRTST DEPTH: 0 7 = DUSTSTORM OR SANDSTORM:
VSBY 1/2 MILE OR LESS
8 = SMOKE OR HAZE
[NO. OF DAYS WITH] [WEATHER - DAYS WITH] 9 = BLOWING SNOW
X = TORNADO
MAX 32 OR BELOW: 0 0.01 INCH OR MORE: 8
MAX 90 OR ABOVE: 0 0.10 INCH OR MORE: 3
MIN 32 OR BELOW: 0 0.50 INCH OR MORE: 2
MIN 0 OR BELOW: 0 1.00 INCH OR MORE: 2
[HDD (BASE 65) ]
TOTAL THIS MO. 30 CLEAR (SCALE 0-3) 13
DPTR FM NORMAL -35 PTCLDY (SCALE 4-7) 12
TOTAL FM JUL 1 1571 CLOUDY (SCALE 8-10) 5
DPTR FM NORMAL -317
[CDD (BASE 65) ]
TOTAL THIS MO. 143
DPTR FM NORMAL 30 [PRESSURE DATA]
TOTAL FM JAN 1 214 HIGHEST SLP 30.29 ON 26
DPTR FM NORMAL 39 LOWEST SLP 29.57 ON 5
[REMARKS]
#FINAL-04-22#