000
CXUS52 KCAE 011500
CF6AGS
PRELIMINARY LOCAL CLIMATOLOGICAL DATA (WS FORM: F-6)
STATION: AUGUSTA BUSH FIELD GA
MONTH: JANUARY
YEAR: 2022
LATITUDE: 33 22 N
LONGITUDE: 81 58 W
TEMPERATURE IN F: :PCPN: SNOW: WIND :SUNSHINE: SKY :PK WND
================================================================================
1 2 3 4 5 6A 6B 7 8 9 10 11 12 13 14 15 16 17 18
12Z AVG MX 2MIN
DY MAX MIN AVG DEP HDD CDD WTR SNW DPTH SPD SPD DIR MIN PSBL S-S WX SPD DR
================================================================================
1 82 71 77 29 0 12 0.00 0.0 0 11.6 21 220 M M 6 28 220
2 75 61 68 20 0 3 1.46 0.0 0 8.8 30 320 M M 8 138 38 320
3 69 36 53 5 12 0 0.10 0.0 0 13.8 37 240 M M 6 1 56 230
4 55 31 43 -4 22 0 0.00 0.0 0 3.4 13 40 M M 2 1 15 350
5 63 37 50 3 15 0 0.00 0.0 0 4.3 14 300 M M 5 18 16 280
6 66 32 49 2 16 0 T 0.0 0 5.5 25 300 M M 2 128 34 310
7 54 32 43 -4 22 0 0.00 0.0 0 6.9 23 300 M M 1 29 300
8 50 29 40 -7 25 0 0.00 0.0 0 5.6 12 80 M M 5 13 90
9 77 40 59 12 6 0 0.54 0.0 0 5.6 32 300 M M 8 13 42 300
10 61 32 47 0 18 0 0.08 0.0 0 6.3 17 30 M M 5 1 24 10
11 53 27 40 -7 25 0 0.00 0.0 M 2.7 15 50 M M 0 19 60
12 59 25 42 -5 23 0 0.00 0.0 M 0.9 9 280 M M 0 12 290
13 63 28 46 -1 19 0 0.00 0.0 0 4.2 16 300 M M 1 22 310
14 62 35 49 2 16 0 0.00 0.0 0 4.9 14 310 M M 0 18 340
15 53 34 44 -3 21 0 0.04 0.0 0 5.2 14 90 M M 2 1 20 90
16 48 37 43 -4 22 0 0.99 0.0 0 10.9 23 230 M M 10 1 34 240
17 48 37 43 -4 22 0 0.00 0.0 0 14.7 26 290 M M 5 35 280
18 57 24 41 -6 24 0 0.00 0.0 0 2.6 12 330 M M 0 15 350
19 65 26 46 -1 19 0 0.00 0.0 M 3.2 12 200 M M 0 18 17 230
20 55 40 48 1 17 0 0.10 0.0 0 3.1 16 30 M M 7 1 19 30
21 47 33 40 -7 25 0 0.30 0.3 T 10.4 16 50 M M 10 1468 22 40
22 47 26 37 -10 28 0 T 0.0 0 5.0 14 30 M M 6 1 17 30
23 58 21 40 -8 25 0 0.00 0.0 0 4.2 16 270 M M 1 12 21 250
24 62 30 46 -2 19 0 0.00 0.0 0 3.6 15 250 M M 0 18 250
25 62 37 50 2 15 0 T 0.0 0 2.3 15 310 M M 5 1 17 310
26 59 31 45 -3 20 0 0.00 0.0 0 5.9 14 20 M M 1 12 23 50
27 55 28 42 -6 23 0 0.00 0.0 0 4.9 13 30 M M 0 20 70
28 50 28 39 -9 26 0 0.00 0.0 0 4.7 26 290 M M 3 34 310
29 45 24 35 -13 30 0 0.00 0.0 0 13.3 23 320 M M 2 30 300
30 60 19 40 -8 25 0 0.00 0.0 0 6.8 21 220 M M 0 31 230
31 63 28 46 -2 19 0 0.00 0.0 0 2.2 13 280 M M 0 8 16 270
================================================================================
SM 1823 1019 599 15 3.61 0.3 187.5 M 101
================================================================================
AV 58.8 32.9 6.0 FASTST M M 3 MAX(MPH)
MISC ----> 37 240 56 230
================================================================================
NOTES:
# LAST OF SEVERAL OCCURRENCES
COLUMN 17 PEAK WIND IN M.P.H.
PRELIMINARY LOCAL CLIMATOLOGICAL DATA (WS FORM: F-6) , PAGE 2
STATION: AUGUSTA BUSH FIELD GA
MONTH: JANUARY
YEAR: 2022
LATITUDE: 33 22 N
LONGITUDE: 81 58 W
[TEMPERATURE DATA] [PRECIPITATION DATA] SYMBOLS USED IN COLUMN 16
AVERAGE MONTHLY: 45.8 TOTAL FOR MONTH: 3.61 1 = FOG OR MIST
DPTR FM NORMAL: -1.6 DPTR FM NORMAL: -0.23 2 = FOG REDUCING VISIBILITY
HIGHEST: 82 ON 1 GRTST 24HR 1.47 ON 2- 2 TO 1/4 MILE OR LESS
LOWEST: 19 ON 30 3 = THUNDER
SNOW, ICE PELLETS, HAIL 4 = ICE PELLETS
TOTAL MONTH: 0.3 INCH 5 = HAIL
GRTST 24HR 0.3 ON 21-21 6 = FREEZING RAIN OR DRIZZLE
GRTST DEPTH: T 7 = DUSTSTORM OR SANDSTORM:
VSBY 1/2 MILE OR LESS
8 = SMOKE OR HAZE
[NO. OF DAYS WITH] [WEATHER - DAYS WITH] 9 = BLOWING SNOW
X = TORNADO
MAX 32 OR BELOW: 0 0.01 INCH OR MORE: 8
MAX 90 OR ABOVE: 0 0.10 INCH OR MORE: 6
MIN 32 OR BELOW: 19 0.50 INCH OR MORE: 3
MIN 0 OR BELOW: 0 1.00 INCH OR MORE: 1
[HDD (BASE 65) ]
TOTAL THIS MO. 599 CLEAR (SCALE 0-3) 17
DPTR FM NORMAL 51 PTCLDY (SCALE 4-7) 11
TOTAL FM JUL 1 1288 CLOUDY (SCALE 8-10) 3
DPTR FM NORMAL -133
[CDD (BASE 65) ]
TOTAL THIS MO. 15
DPTR FM NORMAL 11 [PRESSURE DATA]
TOTAL FM JAN 1 15 HIGHEST SLP 30.59 ON 8
DPTR FM NORMAL 11 LOWEST SLP 29.51 ON 3
[REMARKS]
#FINAL-01-22#