000
CXUS52 KFFC 011010
CF6AHN
PRELIMINARY LOCAL CLIMATOLOGICAL DATA (WS FORM: F-6)
STATION: ATHENS
MONTH: AUGUST
YEAR: 2021
LATITUDE: 33 57 N
LONGITUDE: 83 19 W
TEMPERATURE IN F: :PCPN: SNOW: WIND :SUNSHINE: SKY :PK WND
================================================================================
1 2 3 4 5 6A 6B 7 8 9 10 11 12 13 14 15 16 17 18
12Z AVG MX 2MIN
DY MAX MIN AVG DEP HDD CDD WTR SNW DPTH SPD SPD DIR MIN PSBL S-S WX SPD DR
================================================================================
1 93 76 85 4 0 20 0.00 0.0 M 7.5 17 300 M M 0 29 250
2 91 70 81 0 0 16 0.01 0.0 M 3.4 12 100 M M 1 16 100
3 81 69 75 -6 0 10 0.41 0.0 M 5.1 14 80 M M 9 18 17 70
4 86 69 78 -3 0 13 0.00 0.0 M 5.9 12 70 M M 6 16 100
5 88 66 77 -4 0 12 0.00 0.0 M 4.5 10 80 M M 2 1 16 80
6 87 67 77 -4 0 12 0.00 0.0 M 4.5 13 80 M M 3 19 90
7 93 70 82 1 0 17 0.21 0.0 M 1.3 16 30 M M 5 1 23 20
8 92 68 80 -1 0 15 0.00 0.0 M 0.8 7 10 M M 1 1 10 340
9 95 71 83 2 0 18 0.00 0.0 M 0.7 8 150 M M 1 13 170
10 97 73 85 5 0 20 0.06 0.0 M 2.0 17 60 M M 1 18 23 50
11 95 72 84 4 0 19 0.02 0.0 M 1.9 17 290 M M 2 1 29 280
12 96 70 83 3 0 18 0.00 0.0 M 1.7 7 90 M M 0 1 12 230
13 97 72 85 5 0 20 0.00 0.0 M 1.4 7 110 M M 2 18 12 250
14 96 71 84 4 0 19 1.38 0.0 M 3.2 21 110 M M 3 18 36 130
15 87 72 80 0 0 15 0.00 0.0 M 3.8 10 110 M M 5 1 16 110
16 86 73 80 0 0 15 0.14 0.0 M 5.0 13 110 M M 6 1 21 100
17 84 72 78 -2 0 13 3.29 0.0 M 8.2 22 100 M M 9 1 34 100
18 94 69 82 2 0 17 0.00 0.0 M 1.7 8 300 M M 1 1 13 300
19 95 75 85 5 0 20 0.05 0.0 M 2.2 20 330 M M 3 1 31 330
20 92 73 83 3 0 18 0.00 0.0 M 3.8 9 300 M M 3 1 14 300
21 90 72 81 2 0 16 0.00 0.0 M 1.8 9 310 M M 2 14 300
22 91 76 84 5 0 19 0.01 0.0 M 3.3 13 330 M M 6 1 20 250
23 95 72 84 5 0 19 0.00 0.0 M 2.6 8 40 M M 2 11 30
24 96 73 85 6 0 20 0.00 0.0 M 2.5 9 50 M M 0 18 13 50
25 95 73 84 5 0 19 0.64 0.0 M 3.6 28 60 M M 2 18 40 50
26 93 72 83 4 0 18 0.00 0.0 M 1.6 7 180 M M 2 1 9 230
27 92 73 83 5 0 18 0.03 0.0 M 3.8 10 130 M M 2 18 110
28 92 73 83 5 0 18 T 0.0 M 3.3 12 70 M M 3 12 16 110
29 91 73 82 4 0 17 0.00 0.0 M 1.8 9 100 M M 2 1 14 130
30 91 70 81 3 0 16 0.00 0.0 M 2.3 8 180 M M 1 14 180
31 83 74 79 1 0 14 0.55 0.0 M 6.0 15 180 M M 8 1 31 150
================================================================================
SM 2834 2219 0 521 6.80 0.0 101.2 M 93
================================================================================
AV 91.4 71.6 3.3 FASTST M M 3 MAX(MPH)
MISC ----> 28 60 40 50
================================================================================
NOTES:
# LAST OF SEVERAL OCCURRENCES
COLUMN 17 PEAK WIND IN M.P.H.
PRELIMINARY LOCAL CLIMATOLOGICAL DATA (WS FORM: F-6) , PAGE 2
STATION: ATHENS
MONTH: AUGUST
YEAR: 2021
LATITUDE: 33 57 N
LONGITUDE: 83 19 W
[TEMPERATURE DATA] [PRECIPITATION DATA] SYMBOLS USED IN COLUMN 16
AVERAGE MONTHLY: 81.5 TOTAL FOR MONTH: 6.80 1 = FOG OR MIST
DPTR FM NORMAL: 1.7 DPTR FM NORMAL: 2.25 2 = FOG REDUCING VISIBILITY
HIGHEST: 97 ON 13,10 GRTST 24HR 3.39 ON 16-17 TO 1/4 MILE OR LESS
LOWEST: 66 ON 5 3 = THUNDER
SNOW, ICE PELLETS, HAIL 4 = ICE PELLETS
TOTAL MONTH: 0.0 INCH 5 = HAIL
GRTST 24HR 0.0 6 = FREEZING RAIN OR DRIZZLE
GRTST DEPTH: M ON M 7 = DUSTSTORM OR SANDSTORM:
VSBY 1/2 MILE OR LESS
8 = SMOKE OR HAZE
[NO. OF DAYS WITH] [WEATHER - DAYS WITH] 9 = BLOWING SNOW
X = TORNADO
MAX 32 OR BELOW: 0 0.01 INCH OR MORE: 13
MAX 90 OR ABOVE: 23 0.10 INCH OR MORE: 7
MIN 32 OR BELOW: 0 0.50 INCH OR MORE: 4
MIN 0 OR BELOW: 0 1.00 INCH OR MORE: 2
[HDD (BASE 65) ]
TOTAL THIS MO. 0 CLEAR (SCALE 0-3) 22
DPTR FM NORMAL 0 PTCLDY (SCALE 4-7) 7
TOTAL FM JUL 1 0 CLOUDY (SCALE 8-10) 2
DPTR FM NORMAL 0
[CDD (BASE 65) ]
TOTAL THIS MO. 521
DPTR FM NORMAL 62 [PRESSURE DATA]
TOTAL FM JAN 1 1697 HIGHEST SLP 30.22 ON 29
DPTR FM NORMAL 97 LOWEST SLP 29.66 ON 31
[REMARKS]
#FINAL-08-21#