000
CXUS55 KCYS 230944
CF6AIA
PRELIMINARY LOCAL CLIMATOLOGICAL DATA (WS FORM: F-6)
STATION: ALLIANCE NEBRASKA AIRPORT
MONTH: JUNE
YEAR: 2021
LATITUDE: 42 2 N
LONGITUDE: 102 48 W
TEMPERATURE IN F: :PCPN: SNOW: WIND :SUNSHINE: SKY :PK WND
================================================================================
1 2 3 4 5 6A 6B 7 8 9 10 11 12 13 14 15 16 17 18
12Z AVG MX 2MIN
DY MAX MIN AVG DEP HDD CDD WTR SNW DPTH SPD SPD DIR MIN PSBL S-S WX SPD DR
================================================================================
1 74 42 58 -2 7 0 0.37 M M 6.7 23 350 M M 2 13 35 290
2 79 40 60 -1 5 0 0.00 M M 3.4 9 40 M M 1 1 12 30
3 85 45 65 4 0 0 0.00 M M 4.4 15 10 M M 0 20 10
4 92 49 71 10 0 6 0.00 M M 6.1 14 200 M M 0 19 180
5 91 51 71 9 0 6 0.00 M M 10.2 21 160 M M 0 27 150
6 84 55 70 8 0 5 0.00 M M 9.7 22 10 M M 0 29 10
7 94 52 73 11 0 8 0.00 M M 10.0 18 170 M M 0 30 170
8 92 65 79 16 0 14 0.00 M M 19.6 29 140 M M 1 1 43 170
9 92 64 78 15 0 13 0.00 M M 14.4 31 140 M M 1 1 42 170
10 94 63 79 16 0 14 0.00 M M 16.8 41 300 M M 1 18 60 290
11 78 47 63 -1 2 0 0.00 M M 12.7 40 310 M M 0 8 56 320
12 88 46 67 3 0 2 0.00 M M 14.6 28 160 M M 0 43 170
13 96 56 76 12 0 11 0.40 M M 13.8 29 50 M M 0 3 39 60
14 94 58 76 11 0 11 0.00 M M 12.0 21 140 M M 0 29 140
15 97 68 83 18 0 18 0.00 M M 16.5 31 160 M M 0 40 160
16 97 57 77 12 0 12 0.00 M M 9.2 23 50 M M 0 29 50
17 91 51 71 5 0 6 0.00 M M 5.8 16 80 M M 0 22 70
18 90 58 74 8 0 9 0.00 M M 7.4 15 60 M M 0 3 24 130
19 87 54 71 5 0 6 0.01 M M 12.7 29 160 M M 1 3 39 150
20 79 52 66 0 0 1 0.01 M M 12.3 25 20 M M 4 34 40
21 78 45 62 -5 3 0 0.00 M M 8.1 17 300 M M 2 1 29 350
22 94 49 72 5 0 7 0.00 M M 6.3 13 330 M M 0 17 360
23 103 53 78 11 0 13 0.00 M M 6.0 30 230 M M 0 3 45 240
24 89 59 74 6 0 9 0.38 M M 12.5 33 340 M M 2 138 45 340
25 73 59 66 -2 0 1 0.41 M M 8.1 20 350 M M 8 13 26 350
26 78 53 66 -2 0 1 T M M 11.1 28 330 M M 5 39 320
27 80 50 65 -3 0 0 0.02 M M 5.3 23 20 M M 3 3 30 20
28 78 49 64 -5 1 0 0.04 M M 6.1 18 330 M M 3 3 25 330
29 81 43 62 -7 3 0 0.00 M M 4.9 15 100 M M 1 19 170
30 86 53 70 1 0 5 0.00 M M 10.0 18 150 M M 4 26 130
================================================================================
SM 2614 1586 21 178 1.64 M 296.7 M 39
================================================================================
AV 87.1 52.9 9.9 FASTST M M 1 MAX(MPH)
MISC ----> 41 300 60 290
================================================================================
NOTES:
# LAST OF SEVERAL OCCURRENCES
COLUMN 17 PEAK WIND IN M.P.H.
PRELIMINARY LOCAL CLIMATOLOGICAL DATA (WS FORM: F-6) , PAGE 2
STATION: ALLIANCE NEBRASKA AIRPORT
MONTH: JUNE
YEAR: 2021
LATITUDE: 42 2 N
LONGITUDE: 102 48 W
[TEMPERATURE DATA] [PRECIPITATION DATA] SYMBOLS USED IN COLUMN 16
AVERAGE MONTHLY: 70.0 TOTAL FOR MONTH: 1.64 1 = FOG OR MIST
DPTR FM NORMAL: 5.0 DPTR FM NORMAL: -1.26 2 = FOG REDUCING VISIBILITY
HIGHEST: 103 ON 23 GRTST 24HR 0.79 ON 24-25 TO 1/4 MILE OR LESS
LOWEST: 40 ON 2 3 = THUNDER
SNOW, ICE PELLETS, HAIL 4 = ICE PELLETS
TOTAL MONTH: M 5 = HAIL
GRTST 24HR M ON M 6 = FREEZING RAIN OR DRIZZLE
GRTST DEPTH: M ON M 7 = DUSTSTORM OR SANDSTORM:
VSBY 1/2 MILE OR LESS
8 = SMOKE OR HAZE
[NO. OF DAYS WITH] [WEATHER - DAYS WITH] 9 = BLOWING SNOW
X = TORNADO
MAX 32 OR BELOW: 0 0.01 INCH OR MORE: 8
MAX 90 OR ABOVE: 14 0.10 INCH OR MORE: 4
MIN 32 OR BELOW: 0 0.50 INCH OR MORE: 0
MIN 0 OR BELOW: 0 1.00 INCH OR MORE: 0
[HDD (BASE 65) ]
TOTAL THIS MO. 21 CLEAR (SCALE 0-3) 26
DPTR FM NORMAL -69 PTCLDY (SCALE 4-7) 4
TOTAL FM JUL 1 7299 CLOUDY (SCALE 8-10) 0
DPTR FM NORMAL -98
[CDD (BASE 65) ]
TOTAL THIS MO. 178
DPTR FM NORMAL 88 [PRESSURE DATA]
TOTAL FM JAN 1 179 HIGHEST SLP 30.21 ON 29
DPTR FM NORMAL 80 LOWEST SLP 29.51 ON 10
[REMARKS]
#FINAL-06-21#