000
CXUS53 KGRB 111434
CF6AIG
PRELIMINARY LOCAL CLIMATOLOGICAL DATA (WS FORM: F-6)
STATION: ANTIGO AWOS
MONTH: APRIL
YEAR: 2021
LATITUDE: 45 9 N
LONGITUDE: 89 8 W
TEMPERATURE IN F: :PCPN: SNOW: WIND :SUNSHINE: SKY :PK WND
================================================================================
1 2 3 4 5 6A 6B 7 8 9 10 11 12 13 14 15 16 17 18
12Z AVG MX 2MIN
DY MAX MIN AVG DEP HDD CDD WTR SNW DPTH SPD SPD DIR MIN PSBL S-S WX SPD DR
================================================================================
1 38 15 27 -7 38 0 0.00 0.0 0 5.1 9 360 M M 0 17 360
2 48 22 35 0 30 0 M M M 9.5 18 360 M M 0 24 360
3 66 28 47 12 18 0 M M M 6.4 13 360 M M 0 22 360
4 65 36 51 15 14 0 M M M 10.5 16 360 M M 2 21 360
5 77 36 57 21 8 0 M M M 6.9 14 360 M M 1 21 360
6 76 50 63 26 2 0 1.45 M M 6.0 17 220 M M 5 23 220
7 73 50 62 25 3 0 M M M 9.6 16 130 M M 5 1 24 110
8 59 50 55 17 10 0 0.58 M M 12.9 20 120 M M 10 1 23 120
9 53 43 48 10 17 0 0.18 M M 9.1 16 150 M M 10 1 25 170
10 52 42 47 8 18 0 0.07 M M 5.4 12 30 M M 10 17 40
11 49 45 47 8 18 0 0.22 M M 7.8 18 20 M M 10 1 25 20
12 51 40 46 6 19 0 0.14 M M 9.3 17 250 M M 10 12 23 250
13 40 30 35 -5 30 0 M M M 11.2 16 250 M M 9 25 250
14 42 29 36 -5 29 0 0.05 M M 9.2 15 360 M M 10 21 350
15 46 33 40 -1 25 0 0.06 0.0 0 11.1 18 350 M M 7 28 340
16 53 28 41 -1 24 0 M M M 8.4 14 10 M M 0 17 20
17 56 26 41 -1 24 0 M M M 4.9 10 330 M M 2 18 350
18 58 29 44 1 21 0 0.01 M M 6.5 15 260 M M 6 26 280
19 47 26 37 -6 28 0 M M M 14.0 21 290 M M 7 29 310
20 37 23 30 -14 35 0 M M M 6.6 12 360 M M 8 20 350
21 38 23 31 -13 34 0 M M M 5.2 15 280 M M 8 18 280
22 57 22 40 -5 25 0 M M M 4.7 9 300 M M 2 18 190
23 55 32 44 -1 21 0 M M M 7.2 16 240 M M 5 24 210
24 47 31 39 -6 26 0 0.09 M M 7.0 20 350 M M 9 12 29 350
25 46 25 36 -10 29 0 M M M 6.2 18 130 M M 3 21 120
26 40 29 35 -11 30 0 0.03 M M 13.0 17 110 M M 9 28 110
27 56 33 45 -2 20 0 0.43 M M 8.2 17 70 M M 6 M M
28 62 38 50 3 15 0 M M M 6.1 10 10 M M 6 18 30
29 62 40 51 4 14 0 M M M 6.7 20 320 M M 7 31 320
30 54 35 45 -3 20 0 M M M 9.7 20 350 M M 2 27 350
================================================================================
SM 1603 989 645 0 3.31 0.0 244.5 M 169
================================================================================
AV 53.4 33.0 8.1 FASTST M M 6 MAX(MPH)
MISC ----> 21 290 31 320
================================================================================
NOTES:
# LAST OF SEVERAL OCCURRENCES
COLUMN 17 PEAK WIND IN M.P.H.
PRELIMINARY LOCAL CLIMATOLOGICAL DATA (WS FORM: F-6) , PAGE 2
STATION: ANTIGO AWOS
MONTH: APRIL
YEAR: 2021
LATITUDE: 45 9 N
LONGITUDE: 89 8 W
[TEMPERATURE DATA] [PRECIPITATION DATA] SYMBOLS USED IN COLUMN 16
AVERAGE MONTHLY: 43.2 TOTAL FOR MONTH: 3.31 1 = FOG OR MIST
DPTR FM NORMAL: 1.8 DPTR FM NORMAL: 0.93 2 = FOG REDUCING VISIBILITY
HIGHEST: 77 ON 5 GRTST 24HR 1.45 ON 6- 6 TO 1/4 MILE OR LESS
LOWEST: 15 ON 1 3 = THUNDER
SNOW, ICE PELLETS, HAIL 4 = ICE PELLETS
TOTAL MONTH: 0.0 INCH 5 = HAIL
GRTST 24HR 0.0 6 = FREEZING RAIN OR DRIZZLE
GRTST DEPTH: 0 7 = DUSTSTORM OR SANDSTORM:
VSBY 1/2 MILE OR LESS
8 = SMOKE OR HAZE
[NO. OF DAYS WITH] [WEATHER - DAYS WITH] 9 = BLOWING SNOW
X = TORNADO
MAX 32 OR BELOW: 0 0.01 INCH OR MORE: 12
MAX 90 OR ABOVE: 0 0.10 INCH OR MORE: 6
MIN 32 OR BELOW: 16 0.50 INCH OR MORE: 2
MIN 0 OR BELOW: 0 1.00 INCH OR MORE: 1
[HDD (BASE 65) ]
TOTAL THIS MO. 645 CLEAR (SCALE 0-3) 9
DPTR FM NORMAL -66 PTCLDY (SCALE 4-7) 12
TOTAL FM JUL 1 8051 CLOUDY (SCALE 8-10) 9
DPTR FM NORMAL -524
[CDD (BASE 65) ]
TOTAL THIS MO. 0
DPTR FM NORMAL -1 [PRESSURE DATA]
TOTAL FM JAN 1 0 HIGHEST SLP M ON M
DPTR FM NORMAL -1 LOWEST SLP M ON M
[REMARKS]
#FINAL-04-21#