000
CXUS53 KGRB 110332
CF6AIG
PRELIMINARY LOCAL CLIMATOLOGICAL DATA (WS FORM: F-6)
STATION: ANTIGO AWOS
MONTH: JANUARY
YEAR: 2021
LATITUDE: 45 9 N
LONGITUDE: 89 8 W
TEMPERATURE IN F: :PCPN: SNOW: WIND :SUNSHINE: SKY :PK WND
================================================================================
1 2 3 4 5 6A 6B 7 8 9 10 11 12 13 14 15 16 17 18
12Z AVG MX 2MIN
DY MAX MIN AVG DEP HDD CDD WTR SNW DPTH SPD SPD DIR MIN PSBL S-S WX SPD DR
================================================================================
1 24 1 13 1 52 0 M M M 1.6 7 320 M M 7 12 M M
2 24 14 19 7 46 0 M M M 2.3 8 320 M M 10 12 M M
3 26 16 21 9 44 0 M M M 2.3 8 240 M M 9 12 M M
4 26 19 23 11 42 0 0.01 M M 0.3 3 300 M M 10 12 M M
5 28 10 19 7 46 0 M M M 0.1 4 300 M M 9 12 M M
6 32 3 18 7 47 0 M M M 2.0 8 110 M M 7 12 M M
7 29 7 18 7 47 0 M M M 1.1 7 50 M M 10 12 M M
8 28 6 17 6 48 0 M M M 2.8 9 40 M M 7 12 M M
9 23 4 14 3 51 0 M M M 2.2 6 320 M M 10 1 M M
10 22 18 20 9 45 0 M M M 2.9 6 240 M M 10 1 M M
11 27 16 22 11 43 0 M M M 3.4 8 260 M M 10 1 M M
12 29 20 25 14 40 0 M M M 3.8 12 250 M M 9 1 M M
13 35 9 22 11 43 0 M M M 1.2 6 60 M M 5 12 M M
14 32 8 20 9 45 0 M M M 11.5 18 110 M M 8 12 24 90
15 32 32 32 21 33 0 M M M 10.6 16 90 M M 10 1 24 90
16 32 25 29 18 36 0 M M M 10.4 14 10 M M 10 21 10
17 26 21 24 13 41 0 M M M 6.2 9 320 M M 10 M M
18 22 11 17 6 48 0 T T 4 5.9 13 300 M M 9 1 16 300
19 16 4 10 -1 55 0 M M M 8.1 12 310 M M 7 8 20 310
20 30 -2 14 3 51 0 M M M 11.4 18 260 M M 3 24 200
21 32 11 22 11 43 0 M M M 17.0 22 330 M M 8 31 270
22 12 5 9 -2 56 0 M M M 11.0 16 290 M M 7 24 310
23 18 -7 6 -5 59 0 M M M 3.6 9 160 M M 5 8 M M
24 26 0 13 2 52 0 M M M 5.8 10 160 M M 5 M M
25 20 -3 9 -2 56 0 M M M 5.4 10 40 M M 2 M M
26 19 3 11 0 54 0 M M M 10.0 15 40 M M 6 20 30
27 15 -6 5 -6 60 0 M M M 3.5 9 350 M M 4 1 M M
28 16 -17 0 -12 65 0 M M M 1.5 6 240 M M 5 1 M M
29 23 -8 8 -4 57 0 M M M 5.3 12 120 M M 2 M M
30 27 19 23 11 42 0 M M M 15.2 22 110 M M 10 29 110
31 27 12 20 8 45 0 M M M 8.0 15 80 M M 9 1 23 70
================================================================================
SM 778 251 1492 0 0.01 T 176.2 M 233
================================================================================
AV 25.1 8.1 5.7 FASTST M M 8 MAX(MPH)
MISC ----> 22 330 31 270
================================================================================
NOTES:
# LAST OF SEVERAL OCCURRENCES
COLUMN 17 PEAK WIND IN M.P.H.
PRELIMINARY LOCAL CLIMATOLOGICAL DATA (WS FORM: F-6) , PAGE 2
STATION: ANTIGO AWOS
MONTH: JANUARY
YEAR: 2021
LATITUDE: 45 9 N
LONGITUDE: 89 8 W
[TEMPERATURE DATA] [PRECIPITATION DATA] SYMBOLS USED IN COLUMN 16
AVERAGE MONTHLY: 16.6 TOTAL FOR MONTH: 0.01 1 = FOG OR MIST
DPTR FM NORMAL: 5.4 DPTR FM NORMAL: -0.75 2 = FOG REDUCING VISIBILITY
HIGHEST: 35 ON 13 GRTST 24HR 0.30 ON 14-15 TO 1/4 MILE OR LESS
LOWEST: -17 ON 28 3 = THUNDER
SNOW, ICE PELLETS, HAIL 4 = ICE PELLETS
TOTAL MONTH: T 5 = HAIL
GRTST 24HR T ON 18-18 6 = FREEZING RAIN OR DRIZZLE
GRTST DEPTH: 4 ON 18 7 = DUSTSTORM OR SANDSTORM:
VSBY 1/2 MILE OR LESS
8 = SMOKE OR HAZE
[NO. OF DAYS WITH] [WEATHER - DAYS WITH] 9 = BLOWING SNOW
X = TORNADO
MAX 32 OR BELOW: 30 0.01 INCH OR MORE: 1
MAX 90 OR ABOVE: 0 0.10 INCH OR MORE: 0
MIN 32 OR BELOW: 31 0.50 INCH OR MORE: 0
MIN 0 OR BELOW: 7 1.00 INCH OR MORE: 0
[HDD (BASE 65) ]
TOTAL THIS MO. 1492 CLEAR (SCALE 0-3) 2
DPTR FM NORMAL -176 PTCLDY (SCALE 4-7) 13
TOTAL FM JUL 1 4822 CLOUDY (SCALE 8-10) 16
DPTR FM NORMAL -458
[CDD (BASE 65) ]
TOTAL THIS MO. 0
DPTR FM NORMAL 0 [PRESSURE DATA]
TOTAL FM JAN 1 0 HIGHEST SLP M ON M
DPTR FM NORMAL 0 LOWEST SLP M ON M
[REMARKS]
#FINAL-01-21#