000
CXAK56 PAJK 012136
CF6AJN
PRELIMINARY LOCAL CLIMATOLOGICAL DATA (WS FORM: F-6)
STATION: JUNEAU
MONTH: APRIL
YEAR: 2020
LATITUDE: 58 22 N
LONGITUDE: 134 35 W
TEMPERATURE IN F: :PCPN: SNOW: WIND :SUNSHINE: SKY :PK WND
================================================================================
1 2 3 4 5 6A 6B 7 8 9 10 11 12 13 14 15 16 17 18
12Z AVG MX 2MIN
DY MAX MIN AVG DEP HDD CDD WTR SNW DPTH SPD SPD DIR MIN PSBL S-S WX SPD DR
================================================================================
1 39 14 27 -10 38 0 0.00 0.0 0 2.6 12 120 M M 0 14 270
2 41 16 29 -9 36 0 0.00 0.0 0 5.7 22 130 M M 0 25 130
3 34 18 26 -12 39 0 T T 0 6.3 18 150 M M 7 1 22 130
4 43 17 30 -8 35 0 0.00 0.0 0 4.3 14 230 M M 3 16 230
5 44 20 32 -6 33 0 T 0.0 0 2.8 13 90 M M 6 15 90
6 44 32 38 0 27 0 0.01 T 0 9.6 29 240 M M 8 4 36 250
7 41 32 37 -2 28 0 0.01 T 0 8.1 23 120 M M 10 1 29 120
8 41 34 38 -1 27 0 0.59 0.1 T 18.6 41 110 M M 9 14 55 120
9 42 29 36 -3 29 0 0.04 T 0 5.4 13 290 M M 9 2 16 100
10 45 24 35 -5 30 0 0.00 0.0 0 5.4 20 90 M M 1 1 24 90
11 49 23 36 -4 29 0 0.00 0.0 0 3.4 13 230 M M 1 14 240
12 54 25 40 0 25 0 0.00 0.0 0 4.4 17 130 M M 7 21 130
13 45 39 42 2 23 0 0.27 0.0 0 10.9 21 110 M M 10 1 25 110
14 55 34 45 5 20 0 0.18 0.0 0 4.0 12 230 M M 6 2 17 220
15 48 33 41 0 24 0 0.06 0.0 0 2.5 8 100 M M 9 1 11 210
16 46 41 44 3 21 0 0.25 0.0 0 2.8 9 100 M M 10 1 11 100
17 56 34 45 4 20 0 0.01 0.0 0 3.2 13 230 M M 7 2 14 230
18 61 30 46 4 19 0 0.00 0.0 0 3.5 10 250 M M 2 2 12 250
19 62 31 47 5 18 0 0.00 0.0 0 5.6 21 120 M M 4 1 25 120
20 49 36 43 1 22 0 0.22 0.0 0 6.3 16 110 M M 8 1 20 120
21 45 42 44 2 21 0 0.36 0.0 0 11.8 18 120 M M 10 1 22 120
22 45 41 43 1 22 0 1.00 0.0 0 13.3 24 120 M M 10 1 33 120
23 47 42 45 2 20 0 0.07 0.0 0 8.6 16 110 M M 10 1 19 110
24 46 39 43 0 22 0 0.12 0.0 0 8.6 17 110 M M 10 1 20 110
25 54 38 46 3 19 0 0.06 0.0 0 4.1 17 140 M M 10 2 21 130
26 50 41 46 2 19 0 0.35 0.0 0 8.8 21 120 M M 10 1 26 110
27 48 42 45 1 20 0 0.79 0.0 0 19.0 33 110 M M 10 1 42 120
28 48 42 45 1 20 0 0.24 0.0 0 13.2 32 120 M M 10 1 40 110
29 46 42 44 0 21 0 0.17 0.0 0 20.4 32 120 M M 10 1 40 110
30 47 39 43 -1 22 0 0.24 0.0 0 10.9 23 110 M M 10 1 30 120
================================================================================
SM 1415 970 749 0 5.04 0.1 234.1 M 217
================================================================================
AV 47.2 32.3 7.8 FASTST M M 7 MAX(MPH)
MISC ----> # 41 110 # 55 120
================================================================================
NOTES:
# LAST OF SEVERAL OCCURRENCES
COLUMN 17 PEAK WIND IN M.P.H.
PRELIMINARY LOCAL CLIMATOLOGICAL DATA (WS FORM: F-6) , PAGE 2
STATION: JUNEAU
MONTH: APRIL
YEAR: 2020
LATITUDE: 58 22 N
LONGITUDE: 134 35 W
[TEMPERATURE DATA] [PRECIPITATION DATA] SYMBOLS USED IN COLUMN 16
AVERAGE MONTHLY: 39.8 TOTAL FOR MONTH: 5.04 1 = FOG OR MIST
DPTR FM NORMAL: -1.0 DPTR FM NORMAL: 2.10 2 = FOG REDUCING VISIBILITY
HIGHEST: 62 ON 19 GRTST 24HR 1.00 ON 22-22 TO 1/4 MILE OR LESS
LOWEST: 14 ON 1 3 = THUNDER
SNOW, ICE PELLETS, HAIL 4 = ICE PELLETS
TOTAL MONTH: 0.1 INCH 5 = HAIL
GRTST 24HR 0.1 ON 8- 8 6 = FREEZING RAIN OR DRIZZLE
GRTST DEPTH: T 7 = DUSTSTORM OR SANDSTORM:
VSBY 1/2 MILE OR LESS
8 = SMOKE OR HAZE
[NO. OF DAYS WITH] [WEATHER - DAYS WITH] 9 = BLOWING SNOW
X = TORNADO
MAX 32 OR BELOW: 0 0.01 INCH OR MORE: 20
MAX 90 OR ABOVE: 0 0.10 INCH OR MORE: 13
MIN 32 OR BELOW: 13 0.50 INCH OR MORE: 3
MIN 0 OR BELOW: 0 1.00 INCH OR MORE: 1
[HDD (BASE 65) ]
TOTAL THIS MO. 749 CLEAR (SCALE 0-3) 6
DPTR FM NORMAL 25 PTCLDY (SCALE 4-7) 7
TOTAL FM JUL 1 6918 CLOUDY (SCALE 8-10) 17
DPTR FM NORMAL -610
[CDD (BASE 65) ]
TOTAL THIS MO. 0
DPTR FM NORMAL 0 [PRESSURE DATA]
TOTAL FM JAN 1 0 HIGHEST SLP M ON M
DPTR FM NORMAL 0 LOWEST SLP 29.30 ON 26
[REMARKS]
#FINAL-04-20#