000
CXUS56 KSGX 011045
CF6AJO
PRELIMINARY LOCAL CLIMATOLOGICAL DATA (WS FORM: F-6)
STATION: CORONA AIRPORT CA
MONTH: JULY
YEAR: 2022
LATITUDE: 33 53 N
LONGITUDE: 117-36 E
TEMPERATURE IN F: :PCPN: SNOW: WIND :SUNSHINE: SKY :PK WND
================================================================================
1 2 3 4 5 6A 6B 7 8 9 10 11 12 13 14 15 16 17 18
12Z AVG MX 2MIN
DY MAX MIN AVG DEP HDD CDD WTR SNW DPTH SPD SPD DIR MIN PSBL S-S WX SPD DR
================================================================================
1 90 63 77 M 0 12 0.00 M M 8.0 18 290 M M 0 1 25 290
2 88 61 75 M 0 10 0.00 M M 8.2 20 280 M M 0 26 280
3 82 56 69 M 0 4 0.00 M M 7.0 18 280 M M 0 25 280
4 83 55 69 M 0 4 0.00 M M 6.1 16 280 M M 0 24 280
5 86 59 73 M 0 8 0.00 M M 6.7 18 290 M M 0 26 290
6 85 59 72 M 0 7 0.00 M M 5.8 16 300 M M 0 17 280
7 89 56 73 M 0 8 0.00 M M 7.7 21 280 M M 0 26 270
8 88 61 75 M 0 10 0.00 M M 7.6 17 300 M M 0 24 300
9 91 59 75 M 0 10 0.00 M M 8.0 20 290 M M 0 24 280
10 93 59 76 M 0 11 0.00 M M 6.7 20 290 M M 0 24 290
11 88 61 75 M 0 10 0.00 M M 8.5 20 290 M M 0 1 25 290
12 84 57 71 M 0 6 0.00 M M 6.2 16 290 M M 0 21 300
13 87 56 72 M 0 7 0.00 M M 7.6 18 290 M M 0 24 290
14 85 62 74 M 0 9 0.00 M M 7.0 20 290 M M 0 23 280
15 92 64 78 M 0 13 0.00 M M 8.5 20 290 M M 0 26 290
16 93 64 79 M 0 14 0.00 M M 7.0 18 300 M M 0 8 26 290
17 95 65 80 M 0 15 0.00 M M 7.3 17 280 M M 0 24 280
18 93 68 81 M 0 16 0.00 M M 8.3 20 290 M M 0 25 290
19 96 63 80 M 0 15 0.00 M M 6.5 17 280 M M 0 25 280
20 94 68 81 M 0 16 0.00 M M 7.6 15 280 M M 0 18 270
21 92 63 78 M 0 13 0.00 M M 7.0 16 270 M M 0 23 270
22 91 63 77 M 0 12 0.00 M M 8.3 15 290 M M 0 22 290
23 90 62 76 M 0 11 0.00 M M 7.1 17 290 M M 1 27 270
24 88 61 75 M 0 10 0.00 M M 6.7 16 290 M M 1 1 22 280
25 89 63 76 M 0 11 0.00 M M 7.1 17 290 M M 2 23 280
26 89 61 75 M 0 10 0.00 M M 7.0 20 290 M M 0 24 280
27 92 62 77 M 0 12 0.00 M M 6.2 17 290 M M 0 25 290
28 91 60 76 M 0 11 0.00 M M 6.9 15 290 M M 0 20 280
29 92 64 78 M 0 13 0.00 M M 7.2 17 280 M M 0 28 280
30 92 66 79 M 0 14 0.00 M M 7.5 20 280 M M 0 24 280
31 93 69 81 M 0 16 0.00 M M 6.9 16 280 M M 4 21 280
================================================================================
SM 2781 1910 0 338 0.00 M 224.0 M 8
================================================================================
AV 89.7 61.6 7.2 FASTST M M 0 MAX(MPH)
MISC ----> 21 280 28 280
================================================================================
NOTES:
# LAST OF SEVERAL OCCURRENCES
COLUMN 17 PEAK WIND IN M.P.H.
PRELIMINARY LOCAL CLIMATOLOGICAL DATA (WS FORM: F-6) , PAGE 2
STATION: CORONA AIRPORT CA
MONTH: JULY
YEAR: 2022
LATITUDE: 33 53 N
LONGITUDE: 117-36 E
[TEMPERATURE DATA] [PRECIPITATION DATA] SYMBOLS USED IN COLUMN 16
AVERAGE MONTHLY: 75.7 TOTAL FOR MONTH: 0.00 1 = FOG OR MIST
DPTR FM NORMAL: 0.0 DPTR FM NORMAL: M 2 = FOG REDUCING VISIBILITY
HIGHEST: 96 ON 19 GRTST 24HR 0.00 ON 1- 1 TO 1/4 MILE OR LESS
LOWEST: 55 ON 4 3 = THUNDER
SNOW, ICE PELLETS, HAIL 4 = ICE PELLETS
TOTAL MONTH: M 5 = HAIL
GRTST 24HR M ON M 6 = FREEZING RAIN OR DRIZZLE
GRTST DEPTH: M ON M 7 = DUSTSTORM OR SANDSTORM:
VSBY 1/2 MILE OR LESS
8 = SMOKE OR HAZE
[NO. OF DAYS WITH] [WEATHER - DAYS WITH] 9 = BLOWING SNOW
X = TORNADO
MAX 32 OR BELOW: 0 0.01 INCH OR MORE: 0
MAX 90 OR ABOVE: 17 0.10 INCH OR MORE: 0
MIN 32 OR BELOW: 0 0.50 INCH OR MORE: 0
MIN 0 OR BELOW: 0 1.00 INCH OR MORE: 0
[HDD (BASE 65) ]
TOTAL THIS MO. 0 CLEAR (SCALE 0-3) 30
DPTR FM NORMAL M PTCLDY (SCALE 4-7) 1
TOTAL FM JUL 1 0 CLOUDY (SCALE 8-10) 0
DPTR FM NORMAL M
[CDD (BASE 65) ]
TOTAL THIS MO. 338
DPTR FM NORMAL M [PRESSURE DATA]
TOTAL FM JAN 1 763 HIGHEST SLP M ON M
DPTR FM NORMAL M LOWEST SLP M ON M
[REMARKS]
#FINAL-07-22#