000
CXUS56 KSGX 011145
CF6AJO
PRELIMINARY LOCAL CLIMATOLOGICAL DATA (WS FORM: F-6)
STATION: CORONA AIRPORT CA
MONTH: DECEMBER
YEAR: 2020
LATITUDE: 33 53 N
LONGITUDE: 117 36 W
TEMPERATURE IN F: :PCPN: SNOW: WIND :SUNSHINE: SKY :PK WND
================================================================================
1 2 3 4 5 6A 6B 7 8 9 10 11 12 13 14 15 16 17 18
12Z AVG MX 2MIN
DY MAX MIN AVG DEP HDD CDD WTR SNW DPTH SPD SPD DIR MIN PSBL S-S WX SPD DR
================================================================================
1 84 32 58 M 7 0 0.00 0.0 0 2.8 16 30 M M 0 M M
2 81 38 60 M 5 0 0.00 0.0 0 8.2 22 70 M M 0 8 33 90
3 73 53 63 M 2 0 0.00 0.0 0 11.9 17 60 M M 0 25 60
4 76 30 53 M 12 0 0.00 0.0 0 1.6 10 130 M M 0 8 M M
5 75 26 51 M 14 0 0.00 0.0 0 1.3 6 260 M M 0 8 M M
6 77 30 54 M 11 0 0.00 0.0 0 1.2 9 250 M M 0 M M
7 78 37 58 M 7 0 0.00 0.0 0 4.9 13 90 M M 0 23 90
8 82 61 72 M 0 7 0.00 0.0 0 10.1 18 60 M M 0 25 70
9 76 39 58 M 7 0 0.00 0.0 0 2.5 12 300 M M 0 M M
10 67 34 51 M 14 0 0.00 M M 2.8 10 260 M M 1 17 260
11 62 40 51 M 14 0 0.00 M M 2.5 12 300 M M 3 1 M M
12 63 40 52 M 13 0 0.00 M M 2.5 9 70 M M 5 1 M M
13 71 50 61 M 4 0 0.00 M M 5.9 12 130 M M 1 8 M M
14 65 43 54 M 11 0 T M M 4.4 9 260 M M 4 1 M M
15 72 38 55 M 10 0 0.00 M M 6.2 17 50 M M 0 30 30
16 76 33 55 M 10 0 0.00 M M 2.9 9 100 M M 0 M M
17 67 38 53 M 12 0 0.00 M M 3.0 13 270 M M 1 18 270
18 70 35 53 M 12 0 T M M 4.9 21 50 M M 1 1 28 50
19 76 33 55 M 10 0 0.00 M M 2.6 10 140 M M 0 M M
20 86 31 59 M 6 0 0.00 M M 3.4 16 90 M M 0 20 90
21 85 37 61 M 4 0 0.00 M M 1.2 7 250 M M 0 M M
22 74 34 54 M 11 0 0.00 M M 2.6 10 270 M M 0 18 M M
23 74 41 58 M 7 0 T M M 8.3 16 50 M M 2 12 24 80
24 67 44 56 M 9 0 T M M 9.2 16 120 M M 3 20 120
25 75 40 58 M 7 0 0.00 M M 3.1 8 110 M M 0 M M
26 73 34 54 M 11 0 0.00 M M 2.7 13 270 M M 0 M M
27 65 43 54 M 11 0 0.00 M M 3.5 12 270 M M 2 1 M M
28 55 43 49 M 16 0 0.52 M M 3.6 12 230 M M 9 1 31 250
29 63 35 49 M 16 0 0.00 M M 7.5 23 40 M M 0 33 60
30 70 33 52 M 13 0 0.00 M M 3.3 13 110 M M 0 M M
31 66 30 48 M 17 0 0.00 M M 7.2 22 30 M M 0 43 40
================================================================================
SM 2244 1175 303 7 0.52 0.0 137.8 M 32
================================================================================
AV 72.4 37.9 4.4 FASTST M M 1 MAX(MPH)
MISC ----> 23 40 43 40
================================================================================
NOTES:
# LAST OF SEVERAL OCCURRENCES
COLUMN 17 PEAK WIND IN M.P.H.
PRELIMINARY LOCAL CLIMATOLOGICAL DATA (WS FORM: F-6) , PAGE 2
STATION: CORONA AIRPORT CA
MONTH: DECEMBER
YEAR: 2020
LATITUDE: 33 53 N
LONGITUDE: 117 36 W
[TEMPERATURE DATA] [PRECIPITATION DATA] SYMBOLS USED IN COLUMN 16
AVERAGE MONTHLY: 55.1 TOTAL FOR MONTH: 0.52 1 = FOG OR MIST
DPTR FM NORMAL: 0.0 DPTR FM NORMAL: M 2 = FOG REDUCING VISIBILITY
HIGHEST: 86 ON 20 GRTST 24HR 0.52 ON 28-28 TO 1/4 MILE OR LESS
LOWEST: 26 ON 5 3 = THUNDER
SNOW, ICE PELLETS, HAIL 4 = ICE PELLETS
TOTAL MONTH: 0.0 INCH 5 = HAIL
GRTST 24HR 0.0 6 = FREEZING RAIN OR DRIZZLE
GRTST DEPTH: 0 7 = DUSTSTORM OR SANDSTORM:
VSBY 1/2 MILE OR LESS
8 = SMOKE OR HAZE
[NO. OF DAYS WITH] [WEATHER - DAYS WITH] 9 = BLOWING SNOW
X = TORNADO
MAX 32 OR BELOW: 0 0.01 INCH OR MORE: 1
MAX 90 OR ABOVE: 0 0.10 INCH OR MORE: 1
MIN 32 OR BELOW: 6 0.50 INCH OR MORE: 1
MIN 0 OR BELOW: 0 1.00 INCH OR MORE: 0
[HDD (BASE 65) ]
TOTAL THIS MO. 303 CLEAR (SCALE 0-3) 28
DPTR FM NORMAL M PTCLDY (SCALE 4-7) 2
TOTAL FM JUL 1 527 CLOUDY (SCALE 8-10) 1
DPTR FM NORMAL M
[CDD (BASE 65) ]
TOTAL THIS MO. 7
DPTR FM NORMAL M [PRESSURE DATA]
TOTAL FM JAN 1 1504 HIGHEST SLP M ON M
DPTR FM NORMAL M LOWEST SLP M ON M
[REMARKS]
#FINAL-12-20#