000
CXUS55 KBOU 011000
CF6AKO
PRELIMINARY LOCAL CLIMATOLOGICAL DATA (WS FORM: F-6)
STATION: AKRON CO
MONTH: FEBRUARY
YEAR: 2022
LATITUDE: 40 10 N
LONGITUDE: 103 13 W
TEMPERATURE IN F: :PCPN: SNOW: WIND :SUNSHINE: SKY :PK WND
================================================================================
1 2 3 4 5 6A 6B 7 8 9 10 11 12 13 14 15 16 17 18
12Z AVG MX 2MIN
DY MAX MIN AVG DEP HDD CDD WTR SNW DPTH SPD SPD DIR MIN PSBL S-S WX SPD DR
================================================================================
1 33 13 23 -6 42 0 T M M 11.7 26 80 M M 5 1 32 70
2 13 0 7 -23 58 0 0.03 M M 13.4 18 80 M M 10 1 25 80
3 11 -6 3 -27 62 0 0.00 M M 10.0 17 260 M M 1 22 260
4 34 0 17 -13 48 0 0.00 M M 14.1 20 220 M M 0 28 210
5 45 14 30 0 35 0 0.00 M M 14.7 25 310 M M 0 36 310
6 39 22 31 1 34 0 0.00 M M 13.8 24 330 M M 1 31 340
7 47 19 33 3 32 0 0.00 M M 12.6 20 240 M M 0 26 230
8 48 30 39 9 26 0 0.00 M M 15.2 31 340 M M 0 41 350
9 50 27 39 9 26 0 T M M 9.9 28 360 M M 3 40 360
10 56 28 42 12 23 0 0.00 M M 11.9 21 300 M M 0 27 290
11 46 22 34 4 31 0 T M M 17.8 33 330 M M 7 49 310
12 43 15 29 -1 36 0 0.00 M M 12.1 17 300 M M 3 26 240
13 56 20 38 8 27 0 0.00 M M 10.5 22 290 M M 0 28 290
14 54 27 41 10 24 0 0.00 M M 13.3 25 170 M M 0 37 150
15 60 29 45 14 20 0 0.00 M M 8.8 25 340 M M 0 33 340
16 31 18 25 -6 40 0 0.03 M M 11.1 24 40 M M 7 16 32 40
17 30 14 22 -9 43 0 T M M 9.5 17 260 M M 4 1 23 260
18 47 19 33 1 32 0 0.00 M M 10.3 21 330 M M 1 29 320
19 58 24 41 9 24 0 0.00 M M 11.6 23 190 M M 0 31 190
20 62 30 46 14 19 0 0.00 M M 9.1 17 210 M M 0 24 190
21 43 -1 21 -11 44 0 T M M 16.1 28 360 M M 4 38 10
22 8 -6 1 -32 64 0 T M M 16.4 26 360 M M 8 8 34 340
23 8 -6 1 -32 64 0 T M M 12.7 21 140 M M 7 8 30 150
24 18 0 9 -24 56 0 0.01 M M 8.5 17 130 M M 5 8 24 140
25 33 2 18 -16 47 0 0.00 M M 6.8 15 160 M M 0 22 160
26 38 11 25 -9 40 0 0.00 M M 8.9 20 340 M M 1 29 330
27 57 17 37 3 28 0 0.00 M M 9.4 16 270 M M 0 21 260
28 64 32 48 13 17 0 0.00 M M 11.0 17 250 M M 0 22 230
================================================================================
SM 1132 414 1042 0 0.07 M 331.2 M 67
================================================================================
AV 40.4 14.8 11.8 FASTST M M 2 MAX(MPH)
MISC ----> 33 330 49 310
================================================================================
NOTES:
# LAST OF SEVERAL OCCURRENCES
COLUMN 17 PEAK WIND IN M.P.H.
PRELIMINARY LOCAL CLIMATOLOGICAL DATA (WS FORM: F-6) , PAGE 2
STATION: AKRON CO
MONTH: FEBRUARY
YEAR: 2022
LATITUDE: 40 10 N
LONGITUDE: 103 13 W
[TEMPERATURE DATA] [PRECIPITATION DATA] SYMBOLS USED IN COLUMN 16
AVERAGE MONTHLY: 27.6 TOTAL FOR MONTH: 0.07 1 = FOG OR MIST
DPTR FM NORMAL: -3.7 DPTR FM NORMAL: -0.13 2 = FOG REDUCING VISIBILITY
HIGHEST: 64 ON 28 GRTST 24HR 0.03 ON 1- 2 TO 1/4 MILE OR LESS
LOWEST: -6 ON 3,23 3 = THUNDER
SNOW, ICE PELLETS, HAIL 4 = ICE PELLETS
TOTAL MONTH: M 5 = HAIL
GRTST 24HR M ON M 6 = FREEZING RAIN OR DRIZZLE
GRTST DEPTH: M ON M 7 = DUSTSTORM OR SANDSTORM:
VSBY 1/2 MILE OR LESS
8 = SMOKE OR HAZE
[NO. OF DAYS WITH] [WEATHER - DAYS WITH] 9 = BLOWING SNOW
X = TORNADO
MAX 32 OR BELOW: 7 0.01 INCH OR MORE: 3
MAX 90 OR ABOVE: 0 0.10 INCH OR MORE: 0
MIN 32 OR BELOW: 28 0.50 INCH OR MORE: 0
MIN 0 OR BELOW: 7 1.00 INCH OR MORE: 0
[HDD (BASE 65) ]
TOTAL THIS MO. 1042 CLEAR (SCALE 0-3) 19
DPTR FM NORMAL 97 PTCLDY (SCALE 4-7) 8
TOTAL FM JUL 1 4045 CLOUDY (SCALE 8-10) 1
DPTR FM NORMAL -521
[CDD (BASE 65) ]
TOTAL THIS MO. 0
DPTR FM NORMAL 0 [PRESSURE DATA]
TOTAL FM JAN 1 0 HIGHEST SLP 30.66 ON 4
DPTR FM NORMAL 0 LOWEST SLP 29.49 ON 21
[REMARKS]
#FINAL-02-22#