000
CXUS53 KDMX 010920
CF6ALO
PRELIMINARY LOCAL CLIMATOLOGICAL DATA (WS FORM: F-6)
STATION: WATERLOO IA
MONTH: FEBRUARY
YEAR: 2020
LATITUDE: 42 32 N
LONGITUDE: 92 24 W
TEMPERATURE IN F: :PCPN: SNOW: WIND :SUNSHINE: SKY :PK WND
================================================================================
1 2 3 4 5 6A 6B 7 8 9 10 11 12 13 14 15 16 17 18
12Z AVG MX 2MIN
DY MAX MIN AVG DEP HDD CDD WTR SNW DPTH SPD SPD DIR MIN PSBL S-S WX SPD DR
================================================================================
1 39 33 36 16 29 0 0.00 0.0 9 10.3 21 240 M M 6 12 27 250
2 48 28 38 18 27 0 0.00 0.0 8 9.7 22 250 M M 0 31 300
3 37 19 28 8 37 0 0.00 0.0 6 12.7 21 350 M M 6 12 28 10
4 30 16 23 3 42 0 0.00 0.0 6 14.1 22 20 M M 7 29 350
5 27 13 20 0 45 0 0.00 0.0 6 3.8 8 70 M M 7 10 50
6 33 4 19 -1 46 0 0.00 0.0 6 1.5 8 70 M M 2 9 80
7 28 16 22 1 43 0 0.01 0.4 6 3.8 14 330 M M 9 18 17 330
8 21 2 12 -9 53 0 0.00 0.0 6 6.4 14 290 M M 3 23 290
9 35 16 26 5 39 0 0.04 0.5 6 12.2 23 340 M M 9 18 33 130
10 28 4 16 -6 49 0 0.00 0.0 5 4.1 10 190 M M 1 128 13 210
11 30 12 21 -1 44 0 0.00 0.0 5 7.8 17 250 M M 1 18 21 260
12 36 11 24 2 41 0 0.05 0.6 5 14.7 26 330 M M 6 18 36 340
13 11 -8 2 -20 63 0 T T 6 14.5 26 320 M M 3 8 35 320
14 14 -14 0 -23 65 0 0.00 0.0 6 11.9 25 170 M M 1 8 38 170
15 38 14 26 3 39 0 0.00 0.0 6 12.1 23 230 M M 0 12 34 160
16 36 14 25 1 40 0 0.00 0.0 5 6.1 15 100 M M 6 128 17 100
17 35 28 32 8 33 0 0.30 T 5 9.2 24 310 M M 9 18 36 310
18 30 11 21 -3 44 0 0.00 0.0 4 13.7 28 330 M M 4 37 310
19 17 4 11 -14 54 0 0.00 0.0 4 8.3 14 320 M M 7 18 330
20 19 -5 7 -18 58 0 0.00 0.0 4 4.8 12 310 M M 0 16 310
21 39 10 25 -1 40 0 0.00 0.0 4 14.5 28 210 M M 0 38 220
22 44 26 35 9 30 0 0.00 0.0 4 10.9 18 220 M M 0 23 220
23 51 24 38 12 27 0 0.00 0.0 4 7.1 14 300 M M 0 1 18 220
24 40 26 33 6 32 0 0.00 0.0 3 8.4 17 20 M M 0 22 20
25 37 30 34 7 31 0 0.00 0.0 3 14.0 23 10 M M 1 31 20
26 32 23 28 0 37 0 0.00 0.0 3 12.0 21 320 M M 4 28 350
27 30 21 26 -2 39 0 0.00 0.0 2 8.1 15 330 M M 5 20 340
28 29 17 23 -6 42 0 T 0.1 2 7.7 20 340 M M 6 8 25 330
29 44 13 29 0 36 0 0.00 0.0 2 11.2 21 160 M M 0 30 160
================================================================================
SM 938 408 1205 0 0.40 1.6 275.6 M 103
================================================================================
AV 32.3 14.1 9.5 FASTST M M 4 MAX(MPH)
MISC ----> # 28 330 # 38 170
================================================================================
NOTES:
# LAST OF SEVERAL OCCURRENCES
COLUMN 17 PEAK WIND IN M.P.H.
PRELIMINARY LOCAL CLIMATOLOGICAL DATA (WS FORM: F-6) , PAGE 2
STATION: WATERLOO IA
MONTH: FEBRUARY
YEAR: 2020
LATITUDE: 42 32 N
LONGITUDE: 92 24 W
[TEMPERATURE DATA] [PRECIPITATION DATA] SYMBOLS USED IN COLUMN 16
AVERAGE MONTHLY: 23.2 TOTAL FOR MONTH: 0.40 1 = FOG OR MIST
DPTR FM NORMAL: -0.2 DPTR FM NORMAL: -0.59 2 = FOG REDUCING VISIBILITY
HIGHEST: 51 ON 23 GRTST 24HR 0.30 ON 17-17 TO 1/4 MILE OR LESS
LOWEST: -14 ON 14 3 = THUNDER
SNOW, ICE PELLETS, HAIL 4 = ICE PELLETS
TOTAL MONTH: 1.6 INCHES 5 = HAIL
GRTST 24HR 0.6 ON 12-12 6 = FREEZING RAIN OR DRIZZLE
GRTST DEPTH: 9 ON 1 7 = DUSTSTORM OR SANDSTORM:
VSBY 1/2 MILE OR LESS
8 = SMOKE OR HAZE
[NO. OF DAYS WITH] [WEATHER - DAYS WITH] 9 = BLOWING SNOW
X = TORNADO
MAX 32 OR BELOW: 14 0.01 INCH OR MORE: 4
MAX 90 OR ABOVE: 0 0.10 INCH OR MORE: 1
MIN 32 OR BELOW: 28 0.50 INCH OR MORE: 0
MIN 0 OR BELOW: 3 1.00 INCH OR MORE: 0
[HDD (BASE 65) ]
TOTAL THIS MO. 1205 CLEAR (SCALE 0-3) 14
DPTR FM NORMAL 40 PTCLDY (SCALE 4-7) 12
TOTAL FM JUL 1 5104 CLOUDY (SCALE 8-10) 3
DPTR FM NORMAL -351
[CDD (BASE 65) ]
TOTAL THIS MO. 0
DPTR FM NORMAL 0 [PRESSURE DATA]
TOTAL FM JAN 1 0 HIGHEST SLP 30.88 ON 20
DPTR FM NORMAL 0 LOWEST SLP 29.55 ON 2
[REMARKS]
#FINAL-02-20#