000
CXUS55 KPUB 241746
CF6ALS
PRELIMINARY LOCAL CLIMATOLOGICAL DATA (WS FORM: F-6)
STATION: ALAMOSA CO
MONTH: APRIL
YEAR: 2020
LATITUDE: 37 27 N
LONGITUDE: 105 52 W
TEMPERATURE IN F: :PCPN: SNOW: WIND :SUNSHINE: SKY :PK WND
================================================================================
1 2 3 4 5 6A 6B 7 8 9 10 11 12 13 14 15 16 17 18
12Z AVG MX 2MIN
DY MAX MIN AVG DEP HDD CDD WTR SNW DPTH SPD SPD DIR MIN PSBL S-S WX SPD DR
================================================================================
1 64 34 49 11 16 0 0.00 0.0 0 11.3 28 250 M M 0 36 250
2 61 30 46 8 19 0 0.00 0.0 0 14.3 37 230 M M 2 52 230
3 57 33 45 7 20 0 0.00 0.0 0 12.4 31 240 M M 3 43 250
4 60 29 45 6 20 0 0.00 0.0 0 M 29 240 M M 2 38 240
5 63 26 45 6 20 0 0.00 0.0 0 10.9 28 240 M M 1 40 240
6 65 24 45 6 20 0 0.00 0.0 0 8.7 21 230 M M 0 31 240
7 68 27 48 9 17 0 0.00 0.0 0 8.3 20 260 M M 0 32 260
8 68 22 45 5 20 0 0.00 0.0 0 4.4 17 210 M M 0 25 200
9 68 29 49 9 16 0 0.00 0.0 0 8.3 26 220 M M 4 37 210
10 64 29 47 7 18 0 0.00 0.0 0 9.6 26 230 M M 3 36 230
11 64 18 41 1 24 0 0.00 0.0 0 5.5 26 260 M M 3 38 260
12 58 20 39 -2 26 0 0.00 0.0 0 10.1 36 250 M M 3 8 45 250
13 49 16 33 -8 32 0 0.00 0.0 0 9.0 32 250 M M 5 8 44 250
14 46 21 34 -7 31 0 0.00 0.0 0 12.3 22 360 M M 1 33 10
15 55 9 32 -10 33 0 T 0.0 0 7.1 18 260 M M 2 25 250
16 59 27 43 1 22 0 0.00 0.0 0 17.3 36 240 M M 3 48 240
17 61 32 47 5 18 0 0.00 0.0 0 7.9 23 240 M M 3 31 240
18 59 25 42 0 23 0 0.00 0.0 0 9.9 32 240 M M 5 43 230
19 59 23 41 -2 24 0 T 0.0 0 5.1 24 350 M M 4 32 350
20 64 22 43 0 22 0 0.00 0.0 0 6.2 25 280 M M 3 32 330
21 60 35 48 5 17 0 0.09 0.0 0 7.6 28 260 M M 7 3 37 170
22 62 31 47 3 18 0 T 0.0 0 8.2 25 60 M M 5 18 34 40
23 61 25 43 -1 22 0 0.00 0.0 0 6.0 21 320 M M 4 30 10
24 63 34 49 5 16 0 0.00 0.0 0 11.1 24 340 M M 1 33 340
25 69 21 45 0 20 0 0.00 0.0 0 6.2 15 360 M M 0 30 330
26 74 27 51 6 14 0 0.00 0.0 0 10.5 28 240 M M 0 8 38 250
27 76 33 55 10 10 0 0.00 0.0 0 5.2 23 330 M M 1 33 340
28 77 32 55 9 10 0 0.00 0.0 0 10.3 28 330 M M 0 39 330
29 77 30 54 8 11 0 0.00 0.0 0 5.2 21 140 M M 0 28 150
30 75 39 57 11 8 0 0.00 0.0 0 8.7 25 250 M M 0 34 260
================================================================================
SM 1906 803 587 0 0.09 0.0 257.6 M 65
================================================================================
AV 63.5 26.8 8.9 FASTST M M 2 MAX(MPH)
MISC ----> 37 230 52 230
================================================================================
NOTES:
COLUMN 17 PEAK WIND IN M.P.H.
COLUMN 3; LOW TEMPERATURE ON 4/4 TAKEN FROM BACKUP OBS (ABLC2 05-0130) DUE TO
ASOS SENSOR FAILURE.
PRELIMINARY LOCAL CLIMATOLOGICAL DATA (WS FORM: F-6) , PAGE 2
STATION: ALAMOSA CO
MONTH: APRIL
YEAR: 2020
LATITUDE: 37 27 N
LONGITUDE: 105 52 W
[TEMPERATURE DATA] [PRECIPITATION DATA] SYMBOLS USED IN COLUMN 16
AVERAGE MONTHLY: 45.2 TOTAL FOR MONTH: 0.09 1 = FOG OR MIST
DPTR FM NORMAL: 3.4 DPTR FM NORMAL: -0.50 2 = FOG REDUCING VISIBILITY
HIGHEST: 77 ON 28,29 GRTST 24HR 0.09 ON 21 TO 1/4 MILE OR LESS
LOWEST: 9 ON 15 3 = THUNDER
SNOW, ICE PELLETS, HAIL 4 = ICE PELLETS
TOTAL MONTH: 0.0 INCH 5 = HAIL
GRTST 24HR 0.0 6 = FREEZING RAIN OR DRIZZLE
GRTST DEPTH: 0 7 = DUSTSTORM OR SANDSTORM:
VSBY 1/2 MILE OR LESS
8 = SMOKE OR HAZE
[NO. OF DAYS WITH] [WEATHER - DAYS WITH] 9 = BLOWING SNOW
X = TORNADO
MAX 32 OR BELOW: 0 0.01 INCH OR MORE: 1
MAX 90 OR ABOVE: 0 0.10 INCH OR MORE: 0
MIN 32 OR BELOW: 24 0.50 INCH OR MORE: 0
MIN 0 OR BELOW: 0 1.00 INCH OR MORE: 0
[HDD (BASE 65) ]
TOTAL THIS MO. 587 CLEAR (SCALE 0-3) 23
DPTR FM NORMAL -107 PTCLDY (SCALE 4-7) 7
TOTAL FM JUL 1 7574 CLOUDY (SCALE 8-10) 0
DPTR FM NORMAL -427
[CDD (BASE 65) ]
TOTAL THIS MO. 0
DPTR FM NORMAL 0 [PRESSURE DATA]
TOTAL FM JAN 1 0 HIGHEST SLP 30.20 ON 29
DPTR FM NORMAL 0 LOWEST SLP 29.48 ON 12
[REMARKS]
#FINAL-04-20#