000
CXUS54 KAMA 010810
CF6AMA
PRELIMINARY LOCAL CLIMATOLOGICAL DATA (WS FORM: F-6)
STATION: AMARILLO
MONTH: FEBRUARY
YEAR: 2024
LATITUDE: 35 13 N
LONGITUDE: 101 42 W
TEMPERATURE IN F: :PCPN: SNOW: WIND :SUNSHINE: SKY :PK WND
================================================================================
1 2 3 4 5 6A 6B 7 8 9 10 11 12 13 14 15 16 17 18
12Z AVG MX 2MIN
DY MAX MIN AVG DEP HDD CDD WTR SNW DPTH SPD SPD DIR MIN PSBL S-S WX SPD DR
================================================================================
1 72 40 56 16 9 0 0.00 0.0 0 11.5 22 280 M M 2 29 290
2 61 38 50 10 15 0 0.06 T 0 10.0 26 220 M M 3 135 36 220
3 53 35 44 4 21 0 T 0.0 0 11.2 25 240 M M 4 31 240
4 50 34 42 2 23 0 0.02 0.0 0 16.1 26 340 M M 7 1 37 350
5 56 39 48 8 17 0 0.00 0.0 0 8.9 14 170 M M 6 21 360
6 63 34 49 9 16 0 0.00 0.0 0 17.3 31 180 M M 0 39 180
7 55 38 47 7 18 0 0.09 0.0 0 17.1 35 220 M M 3 1 55 240
8 62 36 49 9 16 0 0.00 0.0 0 18.4 31 260 M M 0 42 260
9 56 31 44 3 21 0 0.00 0.0 0 13.7 30 260 M M 0 41 270
10 41 28 35 -6 30 0 0.02 T 0 12.1 23 110 M M 7 29 110
11 34 26 30 -11 35 0 0.33 5.6 1 16.8 26 20 M M 9 12 34 10
12 50 21 36 -5 29 0 0.00 0.0 4 10.0 21 310 M M 0 27 300
13 61 25 43 2 22 0 0.00 0.0 T 8.0 18 220 M M 0 26 220
14 69 31 50 9 15 0 0.00 0.0 0 14.5 32 270 M M 0 45 260
15 65 27 46 4 19 0 0.00 0.0 0 11.1 22 190 M M 0 30 190
16 54 23 39 -3 26 0 0.00 0.0 0 16.7 28 10 M M 5 1 37 10
17 35 20 28 -14 37 0 T T 0 10.3 18 30 M M 7 24 50
18 60 19 40 -2 25 0 0.00 0.0 0 11.8 22 200 M M 0 29 220
19 68 32 50 8 15 0 0.00 0.0 0 9.8 20 360 M M 0 26 240
20 80 31 56 13 9 0 0.00 0.0 0 10.8 20 250 M M 0 27 260
21 83 36 60 17 5 0 0.00 0.0 0 13.4 33 240 M M 0 47 230
22 65 37 51 8 14 0 0.00 0.0 0 14.1 24 360 M M 0 8 40 20
23 63 34 49 6 16 0 0.00 0.0 0 7.3 16 300 M M 2 24 290
24 74 31 53 9 12 0 0.00 0.0 0 14.4 32 220 M M 0 46 220
25 80 44 62 18 3 0 0.00 0.0 0 13.6 24 280 M M 0 33 280
26 82 52 67 23 0 2 0.00 0.0 0 21.7 41 260 M M 0 8 62 270
27 75 30 53 9 12 0 0.00 0.0 0 28.6 45 260 M M 4 178 62 260
28 49 22 36 -9 29 0 0.00 0.0 0 9.5 25 20 M M 0 8 31 20
29 40 27 34 -11 31 0 0.12 1.0 0 15.8 28 200 M M 8 1 39 170
================================================================================
SM 1756 921 540 2 0.64 6.6 394.5 M 67
================================================================================
AV 60.6 31.8 13.6 FASTST M M 2 MAX(MPH)
MISC ----> 45 260 # 62 270
================================================================================
NOTES:
# LAST OF SEVERAL OCCURRENCES
COLUMN 17 PEAK WIND IN M.P.H.
PRELIMINARY LOCAL CLIMATOLOGICAL DATA (WS FORM: F-6) , PAGE 2
STATION: AMARILLO
MONTH: FEBRUARY
YEAR: 2024
LATITUDE: 35 13 N
LONGITUDE: 101 42 W
[TEMPERATURE DATA] [PRECIPITATION DATA] SYMBOLS USED IN COLUMN 16
AVERAGE MONTHLY: 46.2 TOTAL FOR MONTH: 0.64 1 = FOG OR MIST
DPTR FM NORMAL: 4.4 DPTR FM NORMAL: 0.11 2 = FOG REDUCING VISIBILITY
HIGHEST: 83 ON 21 GRTST 24HR 0.34 ON 10-11 TO 1/4 MILE OR LESS
LOWEST: 19 ON 18 3 = THUNDER
SNOW, ICE PELLETS, HAIL 4 = ICE PELLETS
TOTAL MONTH: 6.6 INCHES 5 = HAIL
GRTST 24HR 5.6 ON 11-11 6 = FREEZING RAIN OR DRIZZLE
GRTST DEPTH: 4 ON 12 7 = DUSTSTORM OR SANDSTORM:
VSBY 1/2 MILE OR LESS
8 = SMOKE OR HAZE
[NO. OF DAYS WITH] [WEATHER - DAYS WITH] 9 = BLOWING SNOW
X = TORNADO
MAX 32 OR BELOW: 0 0.01 INCH OR MORE: 6
MAX 90 OR ABOVE: 0 0.10 INCH OR MORE: 2
MIN 32 OR BELOW: 16 0.50 INCH OR MORE: 0
MIN 0 OR BELOW: 0 1.00 INCH OR MORE: 0
[HDD (BASE 65) ]
TOTAL THIS MO. 540 CLEAR (SCALE 0-3) 20
DPTR FM NORMAL -110 PTCLDY (SCALE 4-7) 8
TOTAL FM JUL 1 2804 CLOUDY (SCALE 8-10) 1
DPTR FM NORMAL -298
[CDD (BASE 65) ]
TOTAL THIS MO. 2
DPTR FM NORMAL 2 [PRESSURE DATA]
TOTAL FM JAN 1 2 HIGHEST SLP M ON M
DPTR FM NORMAL 2 LOWEST SLP 29.32 ON 3
[REMARKS]
#FINAL-02-24#