000
CXUS54 KAMA 010710
CF6AMA
PRELIMINARY LOCAL CLIMATOLOGICAL DATA (WS FORM: F-6)
STATION: AMARILLO
MONTH: AUGUST
YEAR: 2022
LATITUDE: 35 13 N
LONGITUDE: 101 42 W
TEMPERATURE IN F: :PCPN: SNOW: WIND :SUNSHINE: SKY :PK WND
================================================================================
1 2 3 4 5 6A 6B 7 8 9 10 11 12 13 14 15 16 17 18
12Z AVG MX 2MIN
DY MAX MIN AVG DEP HDD CDD WTR SNW DPTH SPD SPD DIR MIN PSBL S-S WX SPD DR
================================================================================
1 93 73 83 3 0 18 0.00 0.0 0 14.5 25 190 M M 3 3 35 160
2 98 70 84 4 0 19 0.00 0.0 0 17.0 28 210 M M 0 39 230
3 98 75 87 7 0 22 0.00 0.0 0 12.2 24 240 M M 0 32 240
4 92 72 82 2 0 17 0.00 0.0 0 11.7 26 30 M M 1 3 36 20
5 96 71 84 4 0 19 0.00 0.0 0 9.5 22 200 M M 0 28 190
6 96 72 84 5 0 19 0.00 0.0 0 13.6 23 210 M M 2 30 200
7 95 70 83 4 0 18 0.00 0.0 0 12.6 22 200 M M 1 34 210
8 88 69 79 0 0 14 0.00 0.0 0 7.0 22 100 M M 1 3 29 110
9 91 67 79 0 0 14 T 0.0 0 7.7 25 30 M M 3 3 35 30
10 87 69 78 -1 0 13 0.00 0.0 0 5.1 13 110 M M 3 17 110
11 91 66 79 0 0 14 0.00 0.0 0 5.1 15 80 M M 1 20 80
12 91 64 78 -1 0 13 0.00 0.0 0 8.5 14 120 M M 0 22 150
13 93 65 79 0 0 14 0.00 0.0 0 9.3 16 240 M M 0 22 230
14 95 66 81 2 0 16 0.00 0.0 0 10.4 17 180 M M 0 27 120
15 94 69 82 4 0 17 0.00 0.0 0 11.5 20 220 M M 0 25 200
16 94 69 82 4 0 17 0.00 0.0 0 7.6 15 300 M M 2 3 21 320
17 85 65 75 -3 0 10 0.00 0.0 0 10.8 20 60 M M 3 28 60
18 86 64 75 -3 0 10 0.16 0.0 0 3.9 10 120 M M 5 1 17 70
19 90 61 76 -2 0 11 0.00 0.0 0 7.7 16 230 M M 0 8 23 230
20 81 63 72 -6 0 7 0.21 0.0 0 7.5 23 220 M M 4 1 28 250
21 69 62 66 -12 0 1 0.35 0.0 0 11.5 22 70 M M 10 1 27 70
22 82 63 73 -5 0 8 0.00 0.0 0 9.0 16 70 M M 7 1 21 60
23 83 60 72 -5 0 7 0.00 0.0 0 5.8 13 70 M M 0 1 17 100
24 84 59 72 -5 0 7 0.00 0.0 0 6.7 13 120 M M 0 19 160
25 86 58 72 -5 0 7 0.00 0.0 0 5.8 13 170 M M 1 19 140
26 88 61 75 -2 0 10 0.00 0.0 0 11.1 20 180 M M 1 25 170
27 94 68 81 5 0 16 T 0.0 0 15.5 31 210 M M 4 41 210
28 97 67 82 6 0 17 0.00 0.0 0 12.7 23 90 M M 2 31 90
29 93 63 78 2 0 13 0.82 T 0 10.2 44 30 M M 2 135 56 20
30 87 64 76 0 0 11 0.00 0.0 0 9.1 17 100 M M 1 22 70
31 84 65 75 -1 0 10 0.00 0.0 0 7.7 22 170 M M 1 28 160
================================================================================
SM 2781 2050 0 409 1.54 T 298.3 M 58
================================================================================
AV 89.7 66.1 9.6 FASTST M M 2 MAX(MPH)
MISC ----> 44 30 56 20
================================================================================
NOTES:
# LAST OF SEVERAL OCCURRENCES
COLUMN 17 PEAK WIND IN M.P.H.
PRELIMINARY LOCAL CLIMATOLOGICAL DATA (WS FORM: F-6) , PAGE 2
STATION: AMARILLO
MONTH: AUGUST
YEAR: 2022
LATITUDE: 35 13 N
LONGITUDE: 101 42 W
[TEMPERATURE DATA] [PRECIPITATION DATA] SYMBOLS USED IN COLUMN 16
AVERAGE MONTHLY: 77.9 TOTAL FOR MONTH: 1.54 1 = FOG OR MIST
DPTR FM NORMAL: -0.2 DPTR FM NORMAL: -1.32 2 = FOG REDUCING VISIBILITY
HIGHEST: 98 ON 3, 2 GRTST 24HR 0.82 ON 29-29 TO 1/4 MILE OR LESS
LOWEST: 58 ON 25 3 = THUNDER
SNOW, ICE PELLETS, HAIL 4 = ICE PELLETS
TOTAL MONTH: T 5 = HAIL
GRTST 24HR T ON 29-29 6 = FREEZING RAIN OR DRIZZLE
GRTST DEPTH: 0 7 = DUSTSTORM OR SANDSTORM:
VSBY 1/2 MILE OR LESS
8 = SMOKE OR HAZE
[NO. OF DAYS WITH] [WEATHER - DAYS WITH] 9 = BLOWING SNOW
X = TORNADO
MAX 32 OR BELOW: 0 0.01 INCH OR MORE: 4
MAX 90 OR ABOVE: 18 0.10 INCH OR MORE: 4
MIN 32 OR BELOW: 0 0.50 INCH OR MORE: 1
MIN 0 OR BELOW: 0 1.00 INCH OR MORE: 0
[HDD (BASE 65) ]
TOTAL THIS MO. 0 CLEAR (SCALE 0-3) 26
DPTR FM NORMAL -1 PTCLDY (SCALE 4-7) 4
TOTAL FM JUL 1 0 CLOUDY (SCALE 8-10) 1
DPTR FM NORMAL 0
[CDD (BASE 65) ]
TOTAL THIS MO. 409
DPTR FM NORMAL 1 [PRESSURE DATA]
TOTAL FM JAN 1 1698 HIGHEST SLP M ON M
DPTR FM NORMAL 340 LOWEST SLP 29.59 ON 28
[REMARKS]
#FINAL-08-22#