000
CXUS54 KAMA 010810
CF6AMA
PRELIMINARY LOCAL CLIMATOLOGICAL DATA (WS FORM: F-6)
STATION: AMARILLO
MONTH: DECEMBER
YEAR: 2021
LATITUDE: 35 13 N
LONGITUDE: 101 42 W
TEMPERATURE IN F: :PCPN: SNOW: WIND :SUNSHINE: SKY :PK WND
================================================================================
1 2 3 4 5 6A 6B 7 8 9 10 11 12 13 14 15 16 17 18
12Z AVG MX 2MIN
DY MAX MIN AVG DEP HDD CDD WTR SNW DPTH SPD SPD DIR MIN PSBL S-S WX SPD DR
================================================================================
1 74 37 56 14 9 0 0.00 0.0 0 8.0 17 350 M M 0 22 310
2 78 34 56 15 9 0 0.00 0.0 0 8.4 16 210 M M 0 22 210
3 66 41 54 13 11 0 0.00 0.0 0 10.5 16 250 M M 0 21 240
4 60 33 47 6 18 0 0.00 0.0 0 8.6 16 350 M M 0 22 340
5 74 34 54 13 11 0 0.00 0.0 0 16.0 45 10 M M 1 8 60 20
6 41 23 32 -8 33 0 0.00 0.0 0 15.0 35 10 M M 0 50 10
7 58 30 44 4 21 0 0.00 0.0 0 12.5 25 170 M M 0 32 160
8 66 27 47 7 18 0 0.00 0.0 0 14.6 35 220 M M 0 51 230
9 69 42 56 16 9 0 0.00 0.0 0 18.7 31 230 M M 0 51 230
10 66 33 50 11 15 0 0.00 0.0 0 22.8 48 250 M M 2 78 70 240
11 48 20 34 -5 31 0 0.00 0.0 0 10.2 23 190 M M 0 29 190
12 72 29 51 12 14 0 0.00 0.0 M 17.9 38 230 M M 0 55 230
13 72 35 54 15 11 0 0.00 0.0 0 14.1 23 210 M M 0 29 220
14 77 41 59 20 6 0 0.00 0.0 0 15.7 29 240 M M 0 37 240
15 72 39 56 18 9 0 0.00 0.0 0 24.0 49 200 M M 1 78 71 200
16 52 26 39 1 26 0 0.00 0.0 0 11.6 22 180 M M 0 28 170
17 64 31 48 10 17 0 0.00 0.0 0 13.3 22 180 M M 0 28 180
18 42 19 31 -7 34 0 0.00 0.0 0 11.3 26 10 M M 2 33 360
19 53 17 35 -3 30 0 0.00 0.0 0 15.2 25 210 M M 0 32 220
20 59 21 40 2 25 0 0.00 0.0 0 7.7 18 200 M M 0 24 200
21 66 25 46 8 19 0 0.00 0.0 0 9.0 21 20 M M 0 28 20
22 65 23 44 6 21 0 0.00 0.0 0 7.0 15 170 M M 0 22 190
23 73 33 53 15 12 0 0.00 0.0 0 14.9 31 230 M M 0 42 220
24 77 52 65 27 0 0 0.00 0.0 0 26.5 41 230 M M 1 78 58 220
25 68 43 56 18 9 0 0.00 0.0 M 15.5 32 260 M M 0 47 240
26 75 46 61 23 4 0 0.00 0.0 0 17.6 40 230 M M 0 54 220
27 54 34 44 6 21 0 0.00 0.0 0 11.7 22 230 M M 1 30 220
28 59 40 50 12 15 0 0.00 0.0 0 20.5 33 260 M M 2 50 230
29 59 30 45 7 20 0 0.00 0.0 0 15.4 33 270 M M 0 49 230
30 59 30 45 7 20 0 0.00 0.0 0 18.9 33 270 M M 0 49 230
31 61 41 51 13 14 0 0.00 0.0 0 18.9 30 250 M M 0 46 220
================================================================================
SM 1979 1009 512 0 0.00 0.0 452.0 M 10
================================================================================
AV 63.8 32.5 14.6 FASTST M M 0 MAX(MPH)
MISC ----> 49 200 71 200
================================================================================
NOTES:
# LAST OF SEVERAL OCCURRENCES
COLUMN 17 PEAK WIND IN M.P.H.
PRELIMINARY LOCAL CLIMATOLOGICAL DATA (WS FORM: F-6) , PAGE 2
STATION: AMARILLO
MONTH: DECEMBER
YEAR: 2021
LATITUDE: 35 13 N
LONGITUDE: 101 42 W
[TEMPERATURE DATA] [PRECIPITATION DATA] SYMBOLS USED IN COLUMN 16
AVERAGE MONTHLY: 48.2 TOTAL FOR MONTH: 0.00 1 = FOG OR MIST
DPTR FM NORMAL: 9.4 DPTR FM NORMAL: -0.71 2 = FOG REDUCING VISIBILITY
HIGHEST: 78 ON 2 GRTST 24HR T ON 1- 1 TO 1/4 MILE OR LESS
LOWEST: 17 ON 19 3 = THUNDER
SNOW, ICE PELLETS, HAIL 4 = ICE PELLETS
TOTAL MONTH: 0.0 INCH 5 = HAIL
GRTST 24HR 0.0 6 = FREEZING RAIN OR DRIZZLE
GRTST DEPTH: 0 7 = DUSTSTORM OR SANDSTORM:
VSBY 1/2 MILE OR LESS
8 = SMOKE OR HAZE
[NO. OF DAYS WITH] [WEATHER - DAYS WITH] 9 = BLOWING SNOW
X = TORNADO
MAX 32 OR BELOW: 0 0.01 INCH OR MORE: 0
MAX 90 OR ABOVE: 0 0.10 INCH OR MORE: 0
MIN 32 OR BELOW: 14 0.50 INCH OR MORE: 0
MIN 0 OR BELOW: 0 1.00 INCH OR MORE: 0
[HDD (BASE 65) ]
TOTAL THIS MO. 512 CLEAR (SCALE 0-3) 31
DPTR FM NORMAL -300 PTCLDY (SCALE 4-7) 0
TOTAL FM JUL 1 1049 CLOUDY (SCALE 8-10) 0
DPTR FM NORMAL -540
[CDD (BASE 65) ]
TOTAL THIS MO. 0
DPTR FM NORMAL 0 [PRESSURE DATA]
TOTAL FM JAN 1 1664 HIGHEST SLP M ON M
DPTR FM NORMAL 57 LOWEST SLP 29.44 ON 31
[REMARKS]
#FINAL-12-21#