000
CXUS54 KAMA 010810
CF6AMA
PRELIMINARY LOCAL CLIMATOLOGICAL DATA (WS FORM: F-6)
STATION: AMARILLO
MONTH: DECEMBER
YEAR: 2020
LATITUDE: 35 13 N
LONGITUDE: 101 42 W
TEMPERATURE IN F: :PCPN: SNOW: WIND :SUNSHINE: SKY :PK WND
================================================================================
1 2 3 4 5 6A 6B 7 8 9 10 11 12 13 14 15 16 17 18
12Z AVG MX 2MIN
DY MAX MIN AVG DEP HDD CDD WTR SNW DPTH SPD SPD DIR MIN PSBL S-S WX SPD DR
================================================================================
1 57 25 41 1 24 0 0.00 0.0 0 14.4 26 230 M M 0 33 230
2 37 29 33 -6 32 0 0.04 1.3 0 26.0 36 350 M M 7 1 44 350
3 38 25 32 -7 33 0 0.00 0.0 1 13.7 30 350 M M 6 38 340
4 57 22 40 1 25 0 0.00 0.0 0 9.2 16 300 M M 0 20 290
5 55 29 42 4 23 0 0.00 0.0 0 11.9 23 360 M M 0 27 360
6 60 29 45 7 20 0 0.00 0.0 0 7.3 16 310 M M 0 19 300
7 64 27 46 8 19 0 0.00 0.0 0 8.5 18 320 M M 0 21 290
8 69 32 51 13 14 0 0.00 0.0 0 7.7 13 230 M M 0 16 290
9 68 31 50 13 15 0 0.00 0.0 0 7.6 17 240 M M 0 20 250
10 70 24 47 10 18 0 0.00 0.0 0 8.1 23 310 M M 2 30 320
11 44 27 36 -1 29 0 0.00 0.0 0 10.1 17 360 M M 6 24 350
12 44 23 34 -3 31 0 0.00 0.0 0 11.7 25 120 M M 2 31 120
13 34 17 26 -11 39 0 0.14 2.3 T 15.9 29 20 M M 7 18 36 110
14 41 14 28 -8 37 0 0.00 0.0 1 17.2 32 170 M M 0 39 170
15 30 20 25 -11 40 0 0.05 1.3 T 16.1 35 340 M M 7 18 42 330
16 50 14 32 -4 33 0 0.00 0.0 1 5.9 12 220 M M 0 13 220
17 54 24 39 3 26 0 0.00 0.0 0 13.2 24 180 M M 0 29 200
18 60 34 47 11 18 0 0.00 0.0 0 13.8 25 210 M M 1 32 210
19 53 26 40 4 25 0 0.00 0.0 0 8.1 18 230 M M 1 23 250
20 56 25 41 5 24 0 0.00 0.0 0 10.7 22 230 M M 0 26 230
21 64 32 48 12 17 0 0.00 0.0 0 8.8 17 60 M M 0 21 60
22 68 29 49 13 16 0 0.00 0.0 0 18.2 35 210 M M 0 44 220
23 51 20 36 0 29 0 0.00 0.0 0 20.6 41 360 M M 3 78 53 350
24 53 14 34 -2 31 0 0.00 0.0 0 13.3 26 310 M M 0 33 290
25 64 24 44 8 21 0 0.00 0.0 0 11.3 24 220 M M 0 29 230
26 64 24 44 8 21 0 0.00 0.0 0 11.4 18 230 M M 0 24 240
27 58 34 46 10 19 0 0.00 0.0 0 13.1 23 360 M M 0 29 300
28 44 31 38 2 27 0 0.00 0.0 0 15.2 30 140 M M 3 35 140
29 56 32 44 8 21 0 0.00 0.0 0 11.7 28 340 M M 7 12 39 300
30 43 23 33 -3 32 0 0.00 0.0 0 13.1 26 360 M M 3 35 360
31 44 13 29 -7 36 0 0.00 0.0 0 7.7 16 350 M M 0 20 350
================================================================================
SM 1650 773 795 0 0.23 4.9 381.5 M 55
================================================================================
AV 53.2 24.9 12.3 FASTST M M 2 MAX(MPH)
MISC ----> 41 360 53 350
================================================================================
NOTES:
# LAST OF SEVERAL OCCURRENCES
COLUMN 17 PEAK WIND IN M.P.H.
PRELIMINARY LOCAL CLIMATOLOGICAL DATA (WS FORM: F-6) , PAGE 2
STATION: AMARILLO
MONTH: DECEMBER
YEAR: 2020
LATITUDE: 35 13 N
LONGITUDE: 101 42 W
[TEMPERATURE DATA] [PRECIPITATION DATA] SYMBOLS USED IN COLUMN 16
AVERAGE MONTHLY: 39.1 TOTAL FOR MONTH: 0.23 1 = FOG OR MIST
DPTR FM NORMAL: 2.2 DPTR FM NORMAL: -0.48 2 = FOG REDUCING VISIBILITY
HIGHEST: 70 ON 10 GRTST 24HR 0.14 ON 13-13 TO 1/4 MILE OR LESS
LOWEST: 13 ON 31 3 = THUNDER
SNOW, ICE PELLETS, HAIL 4 = ICE PELLETS
TOTAL MONTH: 4.9 INCHES 5 = HAIL
GRTST 24HR 2.3 ON 13-13 6 = FREEZING RAIN OR DRIZZLE
GRTST DEPTH: 1 ON 16,14 7 = DUSTSTORM OR SANDSTORM:
VSBY 1/2 MILE OR LESS
8 = SMOKE OR HAZE
[NO. OF DAYS WITH] [WEATHER - DAYS WITH] 9 = BLOWING SNOW
X = TORNADO
MAX 32 OR BELOW: 1 0.01 INCH OR MORE: 3
MAX 90 OR ABOVE: 0 0.10 INCH OR MORE: 1
MIN 32 OR BELOW: 29 0.50 INCH OR MORE: 0
MIN 0 OR BELOW: 0 1.00 INCH OR MORE: 0
[HDD (BASE 65) ]
TOTAL THIS MO. 795 CLEAR (SCALE 0-3) 25
DPTR FM NORMAL -78 PTCLDY (SCALE 4-7) 6
TOTAL FM JUL 1 1563 CLOUDY (SCALE 8-10) 0
DPTR FM NORMAL -154
[CDD (BASE 65) ]
TOTAL THIS MO. 0
DPTR FM NORMAL 0 [PRESSURE DATA]
TOTAL FM JAN 1 1857 HIGHEST SLP M ON M
DPTR FM NORMAL 458 LOWEST SLP 29.58 ON 23
[REMARKS]
#FINAL-12-20#