000
CXUS54 KAMA 010710
CF6AMA
PRELIMINARY LOCAL CLIMATOLOGICAL DATA (WS FORM: F-6)
STATION: AMARILLO
MONTH: AUGUST
YEAR: 2023
LATITUDE: 35 13 N
LONGITUDE: 101 42 W
TEMPERATURE IN F: :PCPN: SNOW: WIND :SUNSHINE: SKY :PK WND
================================================================================
1 2 3 4 5 6A 6B 7 8 9 10 11 12 13 14 15 16 17 18
12Z AVG MX 2MIN
DY MAX MIN AVG DEP HDD CDD WTR SNW DPTH SPD SPD DIR MIN PSBL S-S WX SPD DR
================================================================================
1 101 76 89 9 0 24 0.00 0.0 0 15.9 25 180 M M 1 34 200
2 100 68 84 4 0 19 0.00 0.0 0 14.4 25 220 M M 0 35 200
3 101 70 86 6 0 21 0.14 0.0 0 13.7 26 260 M M 2 38 40 260
4 103 71 87 7 0 22 T 0.0 0 6.9 20 140 M M 1 3 25 150
5 96 74 85 5 0 20 0.18 0.0 0 13.0 33 150 M M 1 3 43 150
6 88 67 78 -1 0 13 0.00 0.0 0 13.1 21 50 M M 3 26 50
7 90 66 78 -1 0 13 T 0.0 0 12.3 31 180 M M 1 38 180
8 97 69 83 4 0 18 0.00 0.0 0 10.9 24 240 M M 0 33 230
9 92 68 80 1 0 15 0.00 0.0 M 12.7 26 340 M M 0 38 330
10 98 63 81 2 0 16 0.00 0.0 0 10.4 20 210 M M 0 27 200
11 104 68 86 7 0 21 0.00 0.0 0 10.8 20 180 M M 0 26 140
12 99 69 84 5 0 19 0.05 0.0 0 10.5 25 150 M M 1 3 33 140
13 101 67 84 5 0 19 0.02 0.0 0 11.7 31 340 M M 1 3 45 320
14 83 62 73 -6 0 8 0.02 0.0 0 11.7 26 30 M M 4 39 20
15 92 60 76 -2 0 11 0.00 0.0 0 9.2 17 190 M M 0 24 190
16 103 64 84 6 0 19 0.00 0.0 0 13.7 24 210 M M 0 35 210
17 104 71 88 10 0 23 0.00 0.0 0 10.4 18 80 M M 0 26 70
18 105 66 86 8 0 21 0.00 0.0 0 12.2 23 200 M M 0 31 250
19 101 67 84 6 0 19 0.00 0.0 0 11.8 22 180 M M 0 30 190
20 99 67 83 5 0 18 0.00 0.0 0 9.7 21 140 M M 0 29 150
21 100 70 85 7 0 20 0.00 0.0 0 11.9 26 130 M M 0 39 120
22 98 69 84 6 0 19 0.00 0.0 0 10.4 22 120 M M 0 27 140
23 95 70 83 6 0 18 0.00 0.0 0 12.0 23 160 M M 0 31 170
24 94 67 81 4 0 16 0.00 0.0 0 12.4 22 200 M M 1 31 200
25 98 69 84 7 0 19 0.00 0.0 0 11.9 22 180 M M 1 33 220
26 87 66 77 0 0 12 0.00 0.0 0 13.2 25 10 M M 0 30 350
27 92 66 79 3 0 14 0.00 0.0 0 8.0 15 80 M M 3 21 80
28 92 66 79 3 0 14 0.00 0.0 0 7.2 16 300 M M 2 26 40
29 83 64 74 -2 0 9 T 0.0 0 8.0 18 20 M M 2 24 10
30 92 61 77 1 0 12 0.00 0.0 0 6.6 13 220 M M 0 19 200
31 97 59 78 2 0 13 0.00 0.0 0 12.0 20 170 M M 0 29 180
================================================================================
SM 2985 2080 0 525 0.41 0.0 348.6 M 24
================================================================================
AV 96.3 67.1 11.2 FASTST M M 1 MAX(MPH)
MISC ----> 33 150 45 320
================================================================================
NOTES:
# LAST OF SEVERAL OCCURRENCES
COLUMN 17 PEAK WIND IN M.P.H.
PRELIMINARY LOCAL CLIMATOLOGICAL DATA (WS FORM: F-6) , PAGE 2
STATION: AMARILLO
MONTH: AUGUST
YEAR: 2023
LATITUDE: 35 13 N
LONGITUDE: 101 42 W
[TEMPERATURE DATA] [PRECIPITATION DATA] SYMBOLS USED IN COLUMN 16
AVERAGE MONTHLY: 81.7 TOTAL FOR MONTH: 0.41 1 = FOG OR MIST
DPTR FM NORMAL: 3.6 DPTR FM NORMAL: -2.45 2 = FOG REDUCING VISIBILITY
HIGHEST: 105 ON 18 GRTST 24HR 0.18 ON 5- 5 TO 1/4 MILE OR LESS
LOWEST: 59 ON 31 3 = THUNDER
SNOW, ICE PELLETS, HAIL 4 = ICE PELLETS
TOTAL MONTH: 0.0 INCH 5 = HAIL
GRTST 24HR 0.0 6 = FREEZING RAIN OR DRIZZLE
GRTST DEPTH: 0 7 = DUSTSTORM OR SANDSTORM:
VSBY 1/2 MILE OR LESS
8 = SMOKE OR HAZE
[NO. OF DAYS WITH] [WEATHER - DAYS WITH] 9 = BLOWING SNOW
X = TORNADO
MAX 32 OR BELOW: 0 0.01 INCH OR MORE: 5
MAX 90 OR ABOVE: 27 0.10 INCH OR MORE: 2
MIN 32 OR BELOW: 0 0.50 INCH OR MORE: 0
MIN 0 OR BELOW: 0 1.00 INCH OR MORE: 0
[HDD (BASE 65) ]
TOTAL THIS MO. 0 CLEAR (SCALE 0-3) 30
DPTR FM NORMAL -1 PTCLDY (SCALE 4-7) 1
TOTAL FM JUL 1 0 CLOUDY (SCALE 8-10) 0
DPTR FM NORMAL 0
[CDD (BASE 65) ]
TOTAL THIS MO. 525
DPTR FM NORMAL 117 [PRESSURE DATA]
TOTAL FM JAN 1 1414 HIGHEST SLP M ON M
DPTR FM NORMAL 56 LOWEST SLP 29.64 ON 9
[REMARKS]
#FINAL-08-23#