000
CXUS52 KJAX 120339
CF6AMG
PRELIMINARY LOCAL CLIMATOLOGICAL DATA (WS FORM: F-6)
STATION: ALMA
MONTH: MAY
YEAR: 2022
LATITUDE: 31 32 N
LONGITUDE: 82 30 W
TEMPERATURE IN F: :PCPN: SNOW: WIND :SUNSHINE: SKY :PK WND
================================================================================
1 2 3 4 5 6A 6B 7 8 9 10 11 12 13 14 15 16 17 18
12Z AVG MX 2MIN
DY MAX MIN AVG DEP HDD CDD WTR SNW DPTH SPD SPD DIR MIN PSBL S-S WX SPD DR
================================================================================
1 86 58 72 2 0 7 0.00 0.0 0 3.8 14 200 M M 2 1 18 190
2 89 61 75 4 0 10 0.00 0.0 0 1.8 9 220 M M 1 1 14 220
3 89 64 77 6 0 12 0.35 0.0 0 3.8 20 350 M M 2 13 28 10
4 89 62 76 5 0 11 0.00 0.0 0 2.6 10 240 M M 1 15 240
5 92 65 79 8 0 14 0.00 0.0 0 3.7 12 210 M M 1 1 21 220
6 85 66 76 4 0 11 0.05 0.0 0 8.5 21 210 M M 4 1 33 220
7 81 59 70 -2 0 5 0.00 0.0 0 8.9 24 250 M M 2 35 260
8 79 54 67 -5 0 2 0.00 0.0 0 4.2 12 330 M M 2 18 10
9 72 51 62 -10 3 0 0.00 0.0 0 2.8 9 350 M M 1 17 350
10 82 48 65 -8 0 0 0.00 0.0 0 3.2 14 350 M M 0 1 21 350
11 84 53 69 -4 0 4 0.00 0.0 0 4.9 17 360 M M 0 32 360
12 83 52 68 -5 0 3 T 0.0 0 4.4 15 90 M M 4 27 70
13 81 62 72 -2 0 7 0.00 0.0 0 1.7 14 90 M M 8 22 110
14 85 62 74 0 0 9 0.00 0.0 0 1.6 8 350 M M 6 12 12 360
15 88 62 75 1 0 10 0.97 0.0 0 3.0 18 150 M M 2 13 30 110
16 88 63 76 2 0 11 0.01 0.0 0 3.6 13 250 M M 2 13 17 190
17 90 64 77 2 0 12 T 0.0 0 3.6 14 270 M M 2 13 20 320
18 92 64 78 3 0 13 0.00 0.0 0 3.6 10 160 M M 4 12 14 270
19 93 67 80 5 0 15 0.00 0.0 0 5.2 14 220 M M 1 20 220
20 92 69 81 6 0 16 0.00 0.0 0 5.5 14 200 M M 4 123 23 250
21 86 66 76 0 0 11 0.15 0.0 0 5.7 16 190 M M 3 13 21 190
22 89 68 79 3 0 14 0.00 0.0 0 4.7 17 320 M M 4 22 310
23 91 68 80 4 0 15 0.34 0.0 0 6.1 25 160 M M 3 13 36 150
24 89 65 77 1 0 12 0.01 0.0 0 2.6 17 160 M M 1 13 24 150
25 88 70 79 3 0 14 0.00 0.0 0 6.9 16 160 M M 3 1 25 100
26 86 71 79 2 0 14 0.11 0.0 0 6.6 18 260 M M 3 13 30 260
27 88 67 78 1 0 13 0.00 0.0 0 4.9 15 260 M M 4 1 23 270
28 88 64 76 -1 0 11 0.00 0.0 0 3.1 13 300 M M 1 19 300
29 91 60 76 -1 0 11 0.00 0.0 0 3.5 15 120 M M 2 1 22 120
30 89 67 78 1 0 13 0.30 0.0 0 3.4 32 210 M M 4 13 55 200
31 89 65 77 -1 0 12 0.14 0.0 0 1.8 14 110 M M 4 123 26 30
================================================================================
SM 2694 1937 3 312 2.43 0.0 129.7 M 81
================================================================================
AV 86.9 62.5 4.2 FASTST M M 3 MAX(MPH)
MISC ----> 32 210 55 200
================================================================================
NOTES:
# LAST OF SEVERAL OCCURRENCES
COLUMN 17 PEAK WIND IN M.P.H.
PRELIMINARY LOCAL CLIMATOLOGICAL DATA (WS FORM: F-6) , PAGE 2
STATION: ALMA
MONTH: MAY
YEAR: 2022
LATITUDE: 31 32 N
LONGITUDE: 82 30 W
[TEMPERATURE DATA] [PRECIPITATION DATA] SYMBOLS USED IN COLUMN 16
AVERAGE MONTHLY: 74.7 TOTAL FOR MONTH: 2.43 1 = FOG OR MIST
DPTR FM NORMAL: 0.5 DPTR FM NORMAL: -0.35 2 = FOG REDUCING VISIBILITY
HIGHEST: 93 ON 19 GRTST 24HR 0.97 ON 15-15 TO 1/4 MILE OR LESS
LOWEST: 48 ON 10 3 = THUNDER
SNOW, ICE PELLETS, HAIL 4 = ICE PELLETS
TOTAL MONTH: 0.0 INCH 5 = HAIL
GRTST 24HR 0.0 6 = FREEZING RAIN OR DRIZZLE
GRTST DEPTH: 0 7 = DUSTSTORM OR SANDSTORM:
VSBY 1/2 MILE OR LESS
8 = SMOKE OR HAZE
[NO. OF DAYS WITH] [WEATHER - DAYS WITH] 9 = BLOWING SNOW
X = TORNADO
MAX 32 OR BELOW: 0 0.01 INCH OR MORE: 10
MAX 90 OR ABOVE: 7 0.10 INCH OR MORE: 7
MIN 32 OR BELOW: 0 0.50 INCH OR MORE: 1
MIN 0 OR BELOW: 0 1.00 INCH OR MORE: 0
[HDD (BASE 65) ]
TOTAL THIS MO. 3 CLEAR (SCALE 0-3) 19
DPTR FM NORMAL -3 PTCLDY (SCALE 4-7) 12
TOTAL FM JUL 1 1512 CLOUDY (SCALE 8-10) 0
DPTR FM NORMAL -128
[CDD (BASE 65) ]
TOTAL THIS MO. 312
DPTR FM NORMAL 22 [PRESSURE DATA]
TOTAL FM JAN 1 494 HIGHEST SLP 30.24 ON 21
DPTR FM NORMAL 40 LOWEST SLP 29.66 ON 7
[REMARKS]
#FINAL-05-22#