000
CXUS52 KJAX 082346
CF6AMG
PRELIMINARY LOCAL CLIMATOLOGICAL DATA (WS FORM: F-6)
STATION: ALMA
MONTH: OCTOBER
YEAR: 2021
LATITUDE: 31 32 N
LONGITUDE: 82 30 W
TEMPERATURE IN F: :PCPN: SNOW: WIND :SUNSHINE: SKY :PK WND
================================================================================
1 2 3 4 5 6A 6B 7 8 9 10 11 12 13 14 15 16 17 18
12Z AVG MX 2MIN
DY MAX MIN AVG DEP HDD CDD WTR SNW DPTH SPD SPD DIR MIN PSBL S-S WX SPD DR
================================================================================
1 86 61 74 0 0 9 0.00 0.0 0 2.1 12 150 M M 1 12 17 120
2 87 64 76 2 0 11 0.00 0.0 0 2.2 9 130 M M 1 1 14 160
3 88 61 75 2 0 10 0.00 0.0 0 1.3 8 250 M M 2 1 12 200
4 84 68 76 3 0 11 T 0.0 0 1.8 10 190 M M 5 1 13 190
5 82 67 75 2 0 10 T 0.0 0 1.8 8 130 M M 1 13 150
6 82 70 76 4 0 11 0.18 0.0 0 2.3 15 110 M M M 13 24 100
7 86 71 79 7 0 14 0.00 0.0 0 1.6 7 150 M M M 12 9 160
8 79 65 72 0 0 7 1.33 0.0 0 1.8 16 320 M M M 13 23 330
9 84 63 74 3 0 9 0.00 0.0 0 4.3 13 350 M M M 12 19 340
10 81 64 73 2 0 8 0.00 0.0 0 3.3 10 360 M M M 1 15 360
11 83 63 73 2 0 8 0.00 0.0 0 1.5 8 50 M M M 1 13 20
12 82 62 72 2 0 7 0.00 0.0 0 3.2 10 350 M M M 1 17 360
13 83 57 70 0 0 5 0.00 0.0 0 1.5 8 360 M M M 1 15 90
14 85 57 71 2 0 6 0.00 0.0 0 1.1 7 140 M M 0 12 11 130
15 87 61 74 5 0 9 0.00 0.0 0 1.2 6 110 M M 2 12 9 230
16 86 59 73 4 0 8 0.00 0.0 0 7.6 16 320 M M 2 23 270
17 72 47 60 -8 5 0 0.00 0.0 0 4.2 12 360 M M 0 18 50
18 73 43 58 -10 7 0 0.00 0.0 0 1.1 9 80 M M 0 1 14 110
19 78 42 60 -8 5 0 0.00 0.0 0 1.3 8 110 M M 0 1 12 100
20 81 47 64 -3 1 0 0.00 0.0 0 0.8 10 160 M M 0 1 14 170
21 82 56 69 2 0 4 0.00 0.0 0 2.7 10 170 M M 2 1 15 150
22 84 59 72 5 0 7 0.00 0.0 0 3.5 12 220 M M 2 1 17 270
23 80 51 66 0 0 1 0.00 0.0 0 1.7 9 290 M M 0 1 14 300
24 81 50 66 0 0 1 0.00 0.0 0 1.7 10 130 M M 0 1 15 160
25 83 68 76 11 0 11 0.20 0.0 0 3.2 10 230 M M 7 1 16 300
26 74 53 64 -1 1 0 0.00 0.0 0 6.2 16 320 M M 1 25 310
27 74 48 61 -4 4 0 0.00 0.0 0 2.3 8 120 M M 0 12 100
28 74 55 65 1 0 0 1.37 0.0 0 5.0 16 120 M M 6 1 28 110
29 68 50 59 -5 6 0 T 0.0 0 7.5 18 240 M M 4 28 240
30 62 49 56 -8 9 0 0.00 0.0 0 5.5 14 280 M M 8 21 270
31 69 48 59 -4 6 0 0.00 0.0 0 6.2 15 310 M M 6 22 300
================================================================================
SM 2480 1779 44 167 3.08 0.0 91.5 M 50
================================================================================
AV 80.0 57.4 3.0 FASTST M M 2 MAX(MPH)
MISC ----> 18 240 # 28 110
================================================================================
NOTES:
# LAST OF SEVERAL OCCURRENCES
COLUMN 17 PEAK WIND IN M.P.H.
PRELIMINARY LOCAL CLIMATOLOGICAL DATA (WS FORM: F-6) , PAGE 2
STATION: ALMA
MONTH: OCTOBER
YEAR: 2021
LATITUDE: 31 32 N
LONGITUDE: 82 30 W
[TEMPERATURE DATA] [PRECIPITATION DATA] SYMBOLS USED IN COLUMN 16
AVERAGE MONTHLY: 68.7 TOTAL FOR MONTH: 3.08 1 = FOG OR MIST
DPTR FM NORMAL: 0.0 DPTR FM NORMAL: 0.15 2 = FOG REDUCING VISIBILITY
HIGHEST: 88 ON 3 GRTST 24HR 1.37 ON 28-28 TO 1/4 MILE OR LESS
LOWEST: 42 ON 19 3 = THUNDER
SNOW, ICE PELLETS, HAIL 4 = ICE PELLETS
TOTAL MONTH: 0.0 INCH 5 = HAIL
GRTST 24HR 0.0 6 = FREEZING RAIN OR DRIZZLE
GRTST DEPTH: 0 7 = DUSTSTORM OR SANDSTORM:
VSBY 1/2 MILE OR LESS
8 = SMOKE OR HAZE
[NO. OF DAYS WITH] [WEATHER - DAYS WITH] 9 = BLOWING SNOW
X = TORNADO
MAX 32 OR BELOW: 0 0.01 INCH OR MORE: 4
MAX 90 OR ABOVE: 0 0.10 INCH OR MORE: 4
MIN 32 OR BELOW: 0 0.50 INCH OR MORE: 2
MIN 0 OR BELOW: 0 1.00 INCH OR MORE: 2
[HDD (BASE 65) ]
TOTAL THIS MO. 44 CLEAR (SCALE 0-3) 17
DPTR FM NORMAL -2 PTCLDY (SCALE 4-7) 5
TOTAL FM JUL 1 44 CLOUDY (SCALE 8-10) 9
DPTR FM NORMAL -2
[CDD (BASE 65) ]
TOTAL THIS MO. 167
DPTR FM NORMAL 8 [PRESSURE DATA]
TOTAL FM JAN 1 2320 HIGHEST SLP 30.30 ON 20
DPTR FM NORMAL -177 LOWEST SLP 29.54 ON 29
[REMARKS]
#FINAL-10-21#