000
CXUS53 KAPX 010730
CF6ANJ
PRELIMINARY LOCAL CLIMATOLOGICAL DATA (WS FORM: F-6)
STATION: SAULT STE MARIE MI
MONTH: JULY
YEAR: 2022
LATITUDE: 46 28 N
LONGITUDE: 84 21 W
TEMPERATURE IN F: :PCPN: SNOW: WIND :SUNSHINE: SKY :PK WND
================================================================================
1 2 3 4 5 6A 6B 7 8 9 10 11 12 13 14 15 16 17 18
12Z AVG MX 2MIN
DY MAX MIN AVG DEP HDD CDD WTR SNW DPTH SPD SPD DIR MIN PSBL S-S WX SPD DR
================================================================================
1 69 56 63 -1 2 0 0.00 0.0 0 7.6 14 300 M M 3 22 300
2 64 51 58 -7 7 0 0.00 0.0 0 9.9 17 310 M M 0 32 290
3 73 44 59 -6 6 0 0.00 0.0 0 4.3 12 310 M M 0 22 310
4 66 58 62 -3 3 0 0.07 0.0 0 3.9 9 110 M M 8 1 17 110
5 71 56 64 -1 1 0 0.03 0.0 0 5.5 12 310 M M 9 1 M M
6 71 53 62 -3 3 0 0.00 0.0 0 4.6 10 310 M M 4 1 16 50
7 75 48 62 -3 3 0 0.00 0.0 0 4.5 13 300 M M 5 12 19 290
8 74 51 63 -2 2 0 0.00 0.0 0 6.8 15 290 M M 0 22 290
9 77 50 64 -2 1 0 0.00 0.0 0 3.4 12 300 M M 0 17 300
10 80 52 66 0 0 1 T 0.0 0 5.9 18 220 M M 2 25 240
11 74 59 67 1 0 2 0.00 0.0 0 5.7 9 310 M M 7 M M
12 68 52 60 -6 5 0 T 0.0 0 8.4 18 310 M M 6 1 28 300
13 77 54 66 0 0 1 0.01 0.0 0 6.0 15 300 M M 4 21 300
14 76 51 64 -2 1 0 0.00 0.0 0 4.8 13 310 M M 1 19 310
15 74 48 61 -5 4 0 0.00 0.0 0 3.5 10 150 M M 0 15 100
16 83 52 68 2 0 3 0.00 0.0 0 2.8 10 200 M M 1 15 170
17 84 59 72 6 0 7 0.00 0.0 0 2.3 12 200 M M 2 17 200
18 89 60 75 9 0 10 0.00 0.0 0 4.1 13 280 M M 0 1 19 280
19 81 60 71 5 0 6 0.02 0.0 0 3.8 12 190 M M 2 17 240
20 77 60 69 3 0 4 0.57 0.0 0 8.5 20 290 M M 7 13 28 290
21 74 58 66 0 0 1 0.05 0.0 0 9.4 18 310 M M 5 1 30 310
22 82 57 70 3 0 5 0.05 0.0 0 3.9 20 300 M M 3 3 32 290
23 85 60 73 6 0 8 0.00 0.0 0 3.6 13 320 M M 2 1 19 330
24 75 55 65 -2 0 0 0.31 0.0 0 9.2 18 310 M M 7 13 29 310
25 67 52 60 -7 5 0 0.00 0.0 0 7.9 17 310 M M 6 30 300
26 79 50 65 -2 0 0 0.00 0.0 0 4.0 12 230 M M 3 12 19 190
27 70 56 63 -4 2 0 1.48 0.0 0 4.1 15 310 M M 5 123 25 310
28 67 57 62 -5 3 0 0.01 0.0 0 8.1 21 280 M M 8 128 33 260
29 66 57 62 -5 3 0 0.00 0.0 0 9.1 20 280 M M 9 8 28 300
30 79 57 68 1 0 3 0.00 0.0 0 4.0 10 280 M M 6 19 320
31 82 59 71 4 0 6 0.00 0.0 0 7.9 20 220 M M 1 29 200
================================================================================
SM 2329 1692 51 57 2.60 0.0 177.5 M 116
================================================================================
AV 75.1 54.6 5.7 FASTST M M 4 MAX(MPH)
MISC ----> 21 280 33 260
================================================================================
NOTES:
# LAST OF SEVERAL OCCURRENCES
COLUMN 17 PEAK WIND IN M.P.H.
PRELIMINARY LOCAL CLIMATOLOGICAL DATA (WS FORM: F-6) , PAGE 2
STATION: SAULT STE MARIE MI
MONTH: JULY
YEAR: 2022
LATITUDE: 46 28 N
LONGITUDE: 84 21 W
[TEMPERATURE DATA] [PRECIPITATION DATA] SYMBOLS USED IN COLUMN 16
AVERAGE MONTHLY: 64.9 TOTAL FOR MONTH: 2.60 1 = FOG OR MIST
DPTR FM NORMAL: -1.1 DPTR FM NORMAL: -0.47 2 = FOG REDUCING VISIBILITY
HIGHEST: 89 ON 18 GRTST 24HR 1.48 ON 27-27 TO 1/4 MILE OR LESS
LOWEST: 44 ON 3 3 = THUNDER
SNOW, ICE PELLETS, HAIL 4 = ICE PELLETS
TOTAL MONTH: 0.0 INCH 5 = HAIL
GRTST 24HR 0.0 6 = FREEZING RAIN OR DRIZZLE
GRTST DEPTH: 0 7 = DUSTSTORM OR SANDSTORM:
VSBY 1/2 MILE OR LESS
8 = SMOKE OR HAZE
[NO. OF DAYS WITH] [WEATHER - DAYS WITH] 9 = BLOWING SNOW
X = TORNADO
MAX 32 OR BELOW: 0 0.01 INCH OR MORE: 10
MAX 90 OR ABOVE: 0 0.10 INCH OR MORE: 3
MIN 32 OR BELOW: 0 0.50 INCH OR MORE: 2
MIN 0 OR BELOW: 0 1.00 INCH OR MORE: 1
[HDD (BASE 65) ]
TOTAL THIS MO. 51 CLEAR (SCALE 0-3) 16
DPTR FM NORMAL -9 PTCLDY (SCALE 4-7) 13
TOTAL FM JUL 1 51 CLOUDY (SCALE 8-10) 2
DPTR FM NORMAL -9
[CDD (BASE 65) ]
TOTAL THIS MO. 57
DPTR FM NORMAL -34 [PRESSURE DATA]
TOTAL FM JAN 1 118 HIGHEST SLP 30.27 ON 9
DPTR FM NORMAL -13 LOWEST SLP 29.29 ON 20
[REMARKS]
#FINAL-07-22#