000
CXUS53 KIWX 020303
CF6AOH
PRELIMINARY LOCAL CLIMATOLOGICAL DATA (WS FORM: F-6)
STATION: LIMA
MONTH: AUGUST
YEAR: 2022
LATITUDE: 40 42 N
LONGITUDE: 84 1 W
TEMPERATURE IN F: :PCPN: SNOW: WIND :SUNSHINE: SKY :PK WND
================================================================================
1 2 3 4 5 6A 6B 7 8 9 10 11 12 13 14 15 16 17 18
12Z AVG MX 2MIN
DY MAX MIN AVG DEP HDD CDD WTR SNW DPTH SPD SPD DIR MIN PSBL S-S WX SPD DR
================================================================================
1 85 67 76 3 0 11 T M M 11.5 25 250 M M 6 18 34 260
2 85 67 76 3 0 11 0.00 M M 5.9 16 300 M M 3 18 21 290
3 92 67 80 7 0 15 T M M 10.4 23 280 M M 1 33 230
4 83 71 77 4 0 12 0.26 M M 5.8 13 160 M M 5 138 17 210
5 86 69 78 5 0 13 0.01 M M 4.5 15 80 M M 4 13 23 80
6 88 71 80 8 0 15 0.00 M M 5.6 10 190 M M 5 1 13 170
7 90 73 82 10 0 17 0.00 M M 8.0 17 250 M M 2 23 250
8 89 73 81 9 0 16 0.76 M M 10.9 22 250 M M 6 138 29 210
9 76 68 72 0 0 7 0.82 M M 5.6 12 70 M M 10 1 17 30
10 79 63 71 -1 0 6 0.00 M M 3.4 12 20 M M 7 14 330
11 77 60 69 -3 0 4 0.00 M M 4.8 12 360 M M 2 19 360
12 76 53 65 -7 0 0 0.00 M M 4.4 12 20 M M 1 1 16 30
13 77 51 64 -8 1 0 0.19 M M 3.8 13 90 M M 4 1 16 130
14 73 62 68 -4 0 3 0.41 M M 8.5 16 130 M M 10 18 22 120
15 78 62 70 -2 0 5 0.00 M M 6.6 15 10 M M 5 22 40
16 78 60 69 -3 0 4 0.29 M M 8.2 26 10 M M 2 35 360
17 79 60 70 -2 0 5 T M M 5.6 15 20 M M 3 1 20 30
18 80 56 68 -4 0 3 0.00 M M 1.8 8 240 M M 0 12 10 240
19 84 59 72 1 0 7 0.00 M M 5.5 10 210 M M 1 14 230
20 84 65 75 4 0 10 0.90 M M 8.7 47 270 M M 3 123 81 270
21 81 65 73 2 0 8 0.01 M M 6.3 14 350 M M 6 13 20 170
22 79 63 71 0 0 6 0.00 M M 5.0 10 300 M M 5 18 16 360
23 77 59 68 -3 0 3 0.00 M M 3.4 9 320 M M 0 14 340
24 83 57 70 -1 0 5 0.00 M M 1.2 9 140 M M 0 18 12 130
25 82 59 71 0 0 6 0.00 M M 4.6 12 260 M M 2 1 17 250
26 78 58 68 -2 0 3 0.00 M M 6.1 13 360 M M 6 128 18 340
27 81 56 69 -1 0 4 0.00 M M 4.8 10 100 M M 3 12 16 120
28 88 61 75 5 0 10 0.00 M M 8.6 15 160 M M 0 21 160
29 90 69 80 10 0 15 0.74 M M 10.9 25 300 M M 4 13 37 290
30 80 63 72 2 0 7 0.00 M M 9.5 21 250 M M 4 31 310
31 79 57 68 -2 0 3 0.00 M M 6.8 16 260 M M 1 24 260
================================================================================
SM 2537 1944 1 234 4.39 M 196.7 M 111
================================================================================
AV 81.8 62.7 6.3 FASTST M M 4 MAX(MPH)
MISC ----> 47 270 81 270
================================================================================
NOTES:
# LAST OF SEVERAL OCCURRENCES
COLUMN 17 PEAK WIND IN M.P.H.
PRELIMINARY LOCAL CLIMATOLOGICAL DATA (WS FORM: F-6) , PAGE 2
STATION: LIMA
MONTH: AUGUST
YEAR: 2022
LATITUDE: 40 42 N
LONGITUDE: 84 1 W
[TEMPERATURE DATA] [PRECIPITATION DATA] SYMBOLS USED IN COLUMN 16
AVERAGE MONTHLY: 72.3 TOTAL FOR MONTH: 4.39 1 = FOG OR MIST
DPTR FM NORMAL: 0.8 DPTR FM NORMAL: 0.89 2 = FOG REDUCING VISIBILITY
HIGHEST: 92 ON 3 GRTST 24HR 0.91 ON 20-21 TO 1/4 MILE OR LESS
LOWEST: 51 ON 13 3 = THUNDER
SNOW, ICE PELLETS, HAIL 4 = ICE PELLETS
TOTAL MONTH: M 5 = HAIL
GRTST 24HR M ON M 6 = FREEZING RAIN OR DRIZZLE
GRTST DEPTH: M ON M 7 = DUSTSTORM OR SANDSTORM:
VSBY 1/2 MILE OR LESS
8 = SMOKE OR HAZE
[NO. OF DAYS WITH] [WEATHER - DAYS WITH] 9 = BLOWING SNOW
X = TORNADO
MAX 32 OR BELOW: 0 0.01 INCH OR MORE: 10
MAX 90 OR ABOVE: 3 0.10 INCH OR MORE: 8
MIN 32 OR BELOW: 0 0.50 INCH OR MORE: 4
MIN 0 OR BELOW: 0 1.00 INCH OR MORE: 0
[HDD (BASE 65) ]
TOTAL THIS MO. 1 CLEAR (SCALE 0-3) 15
DPTR FM NORMAL -8 PTCLDY (SCALE 4-7) 14
TOTAL FM JUL 1 1 CLOUDY (SCALE 8-10) 2
DPTR FM NORMAL -5
[CDD (BASE 65) ]
TOTAL THIS MO. 234
DPTR FM NORMAL 24 [PRESSURE DATA]
TOTAL FM JAN 1 925 HIGHEST SLP M ON M
DPTR FM NORMAL 186 LOWEST SLP 29.83 ON 1
[REMARKS]
#FINAL-08-22#