000
CXUS51 KCTP 010900
CF6AOO
PRELIMINARY LOCAL CLIMATOLOGICAL DATA (WS FORM: F-6)
STATION: ALTOONA
MONTH: JANUARY
YEAR: 2021
LATITUDE: 40 17 N
LONGITUDE: 78 19 W
TEMPERATURE IN F: :PCPN: SNOW: WIND :SUNSHINE: SKY :PK WND
================================================================================
1 2 3 4 5 6A 6B 7 8 9 10 11 12 13 14 15 16 17 18
12Z AVG MX 2MIN
DY MAX MIN AVG DEP HDD CDD WTR SNW DPTH SPD SPD DIR MIN PSBL S-S WX SPD DR
================================================================================
1 34 25 30 3 35 0 0.79 M M 6.9 20 150 M M 8 16 25 160
2 45 30 38 11 27 0 0.01 M M 8.2 35 280 M M 8 12 52 280
3 37 29 33 6 32 0 0.18 M M 3.7 15 320 M M 9 1 21 340
4 37 33 35 8 30 0 0.04 M M 1.8 7 300 M M 10 18 9 280
5 34 32 33 6 32 0 T M M 2.8 13 320 M M 10 128 18 340
6 35 31 33 6 32 0 T M M 11.9 22 320 M M 10 8 28 330
7 39 23 31 4 34 0 0.00 M M 7.3 17 320 M M 5 21 320
8 32 21 27 0 38 0 0.00 M M 4.2 10 10 M M 0 13 30
9 40 21 31 4 34 0 0.00 M M 6.9 16 310 M M 1 23 340
10 41 23 32 5 33 0 0.00 M M 5.9 16 310 M M 0 20 300
11 41 21 31 4 34 0 0.00 M M 5.1 15 230 M M 3 8 18 230
12 41 22 32 5 33 0 0.00 M M 6.9 14 290 M M 1 18 300
13 42 28 35 8 30 0 0.00 M M 9.2 20 230 M M 6 24 230
14 46 34 40 13 25 0 0.00 M M 5.0 12 210 M M 5 13 220
15 42 32 37 10 28 0 0.28 M M 7.2 18 130 M M 5 18 24 150
16 37 25 31 4 34 0 0.01 M M 6.8 21 270 M M 7 128 27 260
17 37 30 34 7 31 0 T M M 11.2 22 270 M M 10 18 26 280
18 35 30 33 6 32 0 0.01 M M 11.4 24 270 M M 10 1 29 270
19 39 30 35 8 30 0 0.01 M M 13.2 25 270 M M 6 32 260
20 34 16 25 -2 40 0 0.01 M M 13.7 18 310 M M 10 1 36 330
21 44 16 30 3 35 0 0.00 M M 15.1 29 270 M M 1 36 270
22 39 26 33 6 32 0 T M M 15.2 25 290 M M 8 35 280
23 26 19 23 -4 42 0 T M M 15.0 24 310 M M 10 34 310
24 29 19 24 -3 41 0 T M M 5.0 17 320 M M 9 22 310
25 31 25 28 1 37 0 0.10 M M 3.6 9 70 M M 10 18 12 60
26 40 27 34 7 31 0 0.04 M M 7.8 18 170 M M 10 168 24 180
27 38 25 32 5 33 0 0.00 M M 12.7 25 300 M M 10 32 310
28 27 18 23 -4 42 0 T M M 17.4 30 310 M M 9 37 340
29 25 17 21 -6 44 0 T M M 14.5 29 300 M M 10 41 300
30 31 20 26 -1 39 0 T M M 4.7 18 320 M M 5 8 24 320
31 29 23 26 -1 39 0 0.17 M M 6.1 20 140 M M 10 128 27 150
================================================================================
SM 1127 771 1059 0 1.65 M 266.4 M 216
================================================================================
AV 36.4 24.9 8.6 FASTST M M 7 MAX(MPH)
MISC ----> 35 280 52 280
================================================================================
NOTES:
# LAST OF SEVERAL OCCURRENCES
COLUMN 17 PEAK WIND IN M.P.H.
PRELIMINARY LOCAL CLIMATOLOGICAL DATA (WS FORM: F-6) , PAGE 2
STATION: ALTOONA
MONTH: JANUARY
YEAR: 2021
LATITUDE: 40 17 N
LONGITUDE: 78 19 W
[TEMPERATURE DATA] [PRECIPITATION DATA] SYMBOLS USED IN COLUMN 16
AVERAGE MONTHLY: 30.6 TOTAL FOR MONTH: 1.65 1 = FOG OR MIST
DPTR FM NORMAL: 3.8 DPTR FM NORMAL: -0.52 2 = FOG REDUCING VISIBILITY
HIGHEST: 46 ON 14 GRTST 24HR 0.79 ON 1- 1 TO 1/4 MILE OR LESS
LOWEST: 16 ON 21,20 3 = THUNDER
SNOW, ICE PELLETS, HAIL 4 = ICE PELLETS
TOTAL MONTH: M 5 = HAIL
GRTST 24HR M ON M 6 = FREEZING RAIN OR DRIZZLE
GRTST DEPTH: M ON M 7 = DUSTSTORM OR SANDSTORM:
VSBY 1/2 MILE OR LESS
8 = SMOKE OR HAZE
[NO. OF DAYS WITH] [WEATHER - DAYS WITH] 9 = BLOWING SNOW
X = TORNADO
MAX 32 OR BELOW: 8 0.01 INCH OR MORE: 12
MAX 90 OR ABOVE: 0 0.10 INCH OR MORE: 5
MIN 32 OR BELOW: 29 0.50 INCH OR MORE: 1
MIN 0 OR BELOW: 0 1.00 INCH OR MORE: 0
[HDD (BASE 65) ]
TOTAL THIS MO. 1059 CLEAR (SCALE 0-3) 6
DPTR FM NORMAL -123 PTCLDY (SCALE 4-7) 8
TOTAL FM JUL 1 3049 CLOUDY (SCALE 8-10) 17
DPTR FM NORMAL -513
[CDD (BASE 65) ]
TOTAL THIS MO. 0
DPTR FM NORMAL 0 [PRESSURE DATA]
TOTAL FM JAN 1 0 HIGHEST SLP 30.48 ON 1
DPTR FM NORMAL 0 LOWEST SLP 29.50 ON 16
[REMARKS]
#FINAL-01-21#