000
CXUS53 KAPX 010730
CF6APX
PRELIMINARY LOCAL CLIMATOLOGICAL DATA (WS FORM: F-6)
STATION: GAYLORD WFO
MONTH: JUNE
YEAR: 2023
LATITUDE: 45 4 N
LONGITUDE: 84 43 W
TEMPERATURE IN F: :PCPN: SNOW: WIND :SUNSHINE: SKY :PK WND
================================================================================
1 2 3 4 5 6A 6B 7 8 9 10 11 12 13 14 15 16 17 18
12Z AVG MX 2MIN
DY MAX MIN AVG DEP HDD CDD WTR SNW DPTH SPD SPD DIR MIN PSBL S-S WX SPD DR
================================================================================
1 88 61 75 15 0 10 0.00 0.0 0 M M M M M M M M
2 87 56 72 12 0 7 0.00 0.0 0 M M M M M M M M
3 83 53 68 8 0 3 0.00 0.0 0 M M M M M M M M
4 79 49 64 4 1 0 0.00 0.0 0 M M M M M M M M
5 78 54 66 5 0 1 0.00 0.0 0 M M M M M M M M
6 69 53 61 0 4 0 0.00 0.0 0 M M M M M M M M
7 68 50 59 -2 6 0 0.00 0.0 0 M M M M M M M M
8 69 46 58 -4 7 0 0.00 0.0 0 M M M M M M M M
9 73 44 59 -3 6 0 0.00 0.0 0 M M M M M M M M
10 70 55 63 1 2 0 0.00 0.0 0 M M M M M M M M
11 55 48 52 -10 13 0 0.22 0.0 0 M M M M M M M M
12 57 46 52 -11 13 0 0.00 0.0 0 M M M M M M M M
13 63 47 55 -8 10 0 0.00 0.0 0 M M M M M M M M
14 70 45 58 -5 7 0 0.00 0.0 0 M M M M M M M M
15 57 49 53 -10 12 0 0.36 0.0 M M M M M M M 23 M M
16 70 48 59 -5 6 0 T 0.0 0 M M M M M M M M
17 74 43 59 -5 6 0 0.00 0.0 0 M M M M M M M M
18 81 49 65 1 0 0 0.00 0.0 0 M M M M M M M M
19 81 54 68 4 0 3 0.00 0.0 0 M M M M M M M M
20 82 55 69 5 0 4 0.00 0.0 0 M M M M M M M M
21 85 60 73 8 0 8 0.00 0.0 0 M M M M M M M M
22 84 57 71 6 0 6 0.00 0.0 0 M M M M M M M M
23 83 61 72 7 0 7 0.00 0.0 0 M M M M M M M M
24 87 58 73 8 0 8 0.00 0.0 0 M M M M M M M M
25 77 61 69 4 0 4 2.69 0.0 0 M M M M M M M M
26 72 57 65 -1 0 0 0.32 0.0 0 M M M M M M 128 M M
27 68 55 62 -4 3 0 T 0.0 0 M M M M M M 128 M M
28 75 50 63 -3 2 0 0.00 0.0 0 M M M M M M M M
29 74 58 66 0 0 1 0.01 0.0 0 M M M M M M M M
30 82 62 72 6 0 7 0.08 0.0 0 M M M M M M M M
================================================================================
SM 2241 1584 98 69 3.68 0.0 M M M
================================================================================
AV 74.7 52.8 M FASTST M M M MAX(MPH)
MISC ----> M M M M
================================================================================
NOTES:
# LAST OF SEVERAL OCCURRENCES
COLUMN 17 PEAK WIND IN M.P.H.
PRELIMINARY LOCAL CLIMATOLOGICAL DATA (WS FORM: F-6) , PAGE 2
STATION: GAYLORD WFO
MONTH: JUNE
YEAR: 2023
LATITUDE: 45 4 N
LONGITUDE: 84 43 W
[TEMPERATURE DATA] [PRECIPITATION DATA] SYMBOLS USED IN COLUMN 16
AVERAGE MONTHLY: 63.8 TOTAL FOR MONTH: 3.68 1 = FOG OR MIST
DPTR FM NORMAL: 0.5 DPTR FM NORMAL: 0.34 2 = FOG REDUCING VISIBILITY
HIGHEST: 88 ON 1 GRTST 24HR 2.69 ON 25-25 TO 1/4 MILE OR LESS
LOWEST: 43 ON 17 3 = THUNDER
SNOW, ICE PELLETS, HAIL 4 = ICE PELLETS
TOTAL MONTH: 0.0 INCH 5 = HAIL
GRTST 24HR 0.0 6 = FREEZING RAIN OR DRIZZLE
GRTST DEPTH: 0 7 = DUSTSTORM OR SANDSTORM:
VSBY 1/2 MILE OR LESS
8 = SMOKE OR HAZE
[NO. OF DAYS WITH] [WEATHER - DAYS WITH] 9 = BLOWING SNOW
X = TORNADO
MAX 32 OR BELOW: 0 0.01 INCH OR MORE: 6
MAX 90 OR ABOVE: 0 0.10 INCH OR MORE: 4
MIN 32 OR BELOW: 0 0.50 INCH OR MORE: 1
MIN 0 OR BELOW: 0 1.00 INCH OR MORE: 1
[HDD (BASE 65) ]
TOTAL THIS MO. 98 CLEAR (SCALE 0-3) 0
DPTR FM NORMAL -21 PTCLDY (SCALE 4-7) 0
TOTAL FM JUL 1 7250 CLOUDY (SCALE 8-10) 30
DPTR FM NORMAL -906
[CDD (BASE 65) ]
TOTAL THIS MO. 69
DPTR FM NORMAL 3 [PRESSURE DATA]
TOTAL FM JAN 1 113 HIGHEST SLP M ON M
DPTR FM NORMAL 27 LOWEST SLP M ON M
[REMARKS]
#FINAL-06-23#