000
CXUS53 KAPX 010831
CF6APX
PRELIMINARY LOCAL CLIMATOLOGICAL DATA (WS FORM: F-6)
STATION: GAYLORD WFO
MONTH: DECEMBER
YEAR: 2021
LATITUDE: 45 4 N
LONGITUDE: 84 43 W
TEMPERATURE IN F: :PCPN: SNOW: WIND :SUNSHINE: SKY :PK WND
================================================================================
1 2 3 4 5 6A 6B 7 8 9 10 11 12 13 14 15 16 17 18
12Z AVG MX 2MIN
DY MAX MIN AVG DEP HDD CDD WTR SNW DPTH SPD SPD DIR MIN PSBL S-S WX SPD DR
================================================================================
1 38 24 31 2 34 0 0.02 T 5 M M M M M M M M
2 41 28 35 7 30 0 0.15 0.2 2 M M M M M M M M
3 32 27 30 2 35 0 0.03 0.9 T M M M M M M M M
4 33 26 30 2 35 0 T 0.2 T M M M M M M M M
5 28 23 26 -2 39 0 0.66 8.1 T M M M M M M M M
6 31 17 24 -3 41 0 0.36 5.2 8 M M M M M M 69 M M
7 17 11 14 -13 51 0 0.17 5.9 16 M M M M M M M M
8 21 14 18 -9 47 0 0.15 1.8 13 M M M M M M M M
9 29 16 23 -3 42 0 0.22 2.9 13 M M M M M M M M
10 33 28 31 5 34 0 0.21 1.0 13 M M M M M M M M
11 45 27 36 10 29 0 0.57 1.3 8 M M M M M M M M
12 41 25 33 8 32 0 0.00 0.0 6 M M M M M M M M
13 46 31 39 14 26 0 0.00 0.0 6 M M M M M M 1 M M
14 38 27 33 8 32 0 0.00 0.0 6 M M M M M M M M
15 52 36 44 20 21 0 0.11 0.0 5 M M M M M M 12 M M
16 58 28 43 19 22 0 0.02 0.0 T M M M M M M 12 M M
17 28 21 25 1 40 0 T T 0 M M M M M M M M
18 27 21 24 0 41 0 0.10 2.6 0 M M M M M M M M
19 28 17 23 0 42 0 T T 2 M M M M M M M M
20 32 24 28 5 37 0 T T 1 M M M M M M M M
21 29 17 23 0 42 0 0.15 2.1 T M M M M M M M M
22 22 16 19 -4 46 0 0.13 4.6 5 M M M M M M 12 M M
23 26 14 20 -2 45 0 0.04 0.5 4 M M M M M M M M
24 39 26 33 11 32 0 T 0.0 4 M M M M M M 12 M M
25 40 25 33 11 32 0 0.01 0.0 T M M M M M M M M
26 30 23 27 5 38 0 0.00 0.0 0 M M M M M M M M
27 32 23 28 7 37 0 0.29 2.7 2 M M M M M M M M
28 28 23 26 5 39 0 0.03 0.8 3 M M M M M M M M
29 30 20 25 4 40 0 0.01 0.4 4 M M M M M M M M
30 27 15 21 0 44 0 T T 4 M M M M M M M M
31 31 25 28 8 37 0 T T 3 M M M M M M M M
================================================================================
SM 1032 698 1142 0 3.43 41.2 M M M
================================================================================
AV 33.3 22.5 M FASTST M M M MAX(MPH)
MISC ----> M M M M
================================================================================
NOTES:
# LAST OF SEVERAL OCCURRENCES
COLUMN 17 PEAK WIND IN M.P.H.
PRELIMINARY LOCAL CLIMATOLOGICAL DATA (WS FORM: F-6) , PAGE 2
STATION: GAYLORD WFO
MONTH: DECEMBER
YEAR: 2021
LATITUDE: 45 4 N
LONGITUDE: 84 43 W
[TEMPERATURE DATA] [PRECIPITATION DATA] SYMBOLS USED IN COLUMN 16
AVERAGE MONTHLY: 27.9 TOTAL FOR MONTH: 3.43 1 = FOG OR MIST
DPTR FM NORMAL: 3.5 DPTR FM NORMAL: 0.43 2 = FOG REDUCING VISIBILITY
HIGHEST: 58 ON 16 GRTST 24HR 0.66 ON 5- 5 TO 1/4 MILE OR LESS
LOWEST: 11 ON 7 3 = THUNDER
SNOW, ICE PELLETS, HAIL 4 = ICE PELLETS
TOTAL MONTH: 41.6 INCHES 5 = HAIL
GRTST 24HR 8.1 ON 5- 5 6 = FREEZING RAIN OR DRIZZLE
GRTST DEPTH: 16 ON 7 7 = DUSTSTORM OR SANDSTORM:
VSBY 1/2 MILE OR LESS
8 = SMOKE OR HAZE
[NO. OF DAYS WITH] [WEATHER - DAYS WITH] 9 = BLOWING SNOW
X = TORNADO
MAX 32 OR BELOW: 19 0.01 INCH OR MORE: 20
MAX 90 OR ABOVE: 0 0.10 INCH OR MORE: 13
MIN 32 OR BELOW: 30 0.50 INCH OR MORE: 2
MIN 0 OR BELOW: 0 1.00 INCH OR MORE: 0
[HDD (BASE 65) ]
TOTAL THIS MO. 1142 CLEAR (SCALE 0-3) 0
DPTR FM NORMAL -116 PTCLDY (SCALE 4-7) 0
TOTAL FM JUL 1 2648 CLOUDY (SCALE 8-10) 31
DPTR FM NORMAL -446
[CDD (BASE 65) ]
TOTAL THIS MO. 0
DPTR FM NORMAL 0 [PRESSURE DATA]
TOTAL FM JAN 1 410 HIGHEST SLP M ON M
DPTR FM NORMAL 86 LOWEST SLP M ON M
[REMARKS]
#FINAL-12-21#