000
CXUS54 KEWX 011010
CF6AQO
PRELIMINARY LOCAL CLIMATOLOGICAL DATA (WS FORM: F-6)
STATION: LLANO MUNICIPAL AIRPORT
MONTH: AUGUST
YEAR: 2021
LATITUDE: 30 47 N
LONGITUDE: 98 40 W
TEMPERATURE IN F: :PCPN: SNOW: WIND :SUNSHINE: SKY :PK WND
================================================================================
1 2 3 4 5 6A 6B 7 8 9 10 11 12 13 14 15 16 17 18
12Z AVG MX 2MIN
DY MAX MIN AVG DEP HDD CDD WTR SNW DPTH SPD SPD DIR MIN PSBL S-S WX SPD DR
================================================================================
1 91 73 82 M 0 17 0.00 M M 3.0 9 250 M M 2 1 31 360
2 84 73 79 M 0 14 0.19 M M 1.8 10 360 M M 7 18 14 340
3 91 68 80 M 0 15 0.00 M M 2.5 8 70 M M 4 18 13 110
4 91 66 79 M 0 14 0.07 M M 2.8 10 110 M M 3 18 16 60
5 88 70 79 M 0 14 0.00 0.0 0 3.3 8 140 M M 3 14 140
6 95 72 84 M 0 19 0.00 M M 3.2 10 110 M M 4 18 140
7 95 70 83 M 0 18 0.00 M M 6.8 15 210 M M 3 23 210
8 97 75 86 M 0 21 0.00 M M 9.9 15 190 M M 4 29 170
9 97 77 87 M 0 22 0.00 M M 11.0 17 140 M M 5 25 180
10 97 77 87 M 0 22 0.00 M M 10.2 16 150 M M 4 8 25 180
11 99 68 84 M 0 19 0.00 M M 7.4 14 210 M M 2 23 180
12 99 70 85 M 0 20 0.00 M M 6.9 14 130 M M 2 22 130
13 97 72 85 M 0 20 0.00 M M 4.7 10 160 M M 1 17 120
14 97 72 85 M 0 20 0.00 M M 4.3 17 30 M M 3 26 100
15 88 70 79 M 0 14 0.06 M M 3.2 12 140 M M 4 138 18 20
16 95 68 82 M 0 17 0.00 M M 2.9 10 100 M M 4 12 18 100
17 88 72 80 M 0 15 0.12 M M 3.5 8 350 M M 5 1 15 170
18 93 75 84 M 0 19 0.01 M M 5.3 12 200 M M 7 8 23 130
19 97 77 87 M 0 22 0.00 M M 7.9 13 190 M M 7 1 22 190
20 97 72 85 M 0 20 0.00 M M 6.9 13 140 M M 4 23 140
21 97 72 85 M 0 20 0.00 M M 7.0 14 210 M M 4 20 170
22 99 73 86 M 0 21 0.00 M M 5.3 14 170 M M 3 20 170
23 97 72 85 M 0 20 0.00 M M 4.7 13 160 M M 3 20 140
24 99 73 86 M 0 21 0.00 M M 6.2 14 120 M M 1 20 120
25 99 73 86 M 0 21 0.00 M M 4.7 10 150 M M 0 20 150
26 97 72 85 M 0 20 T M M 3.1 12 310 M M 4 20 310
27 95 72 84 M 0 19 0.00 M M 4.5 14 130 M M 5 28 130
28 95 70 83 M 0 18 0.00 M M 5.2 14 90 M M 4 1 21 100
29 93 70 82 M 0 17 0.00 M M 3.2 13 110 M M 5 16 99
30 91 73 82 M 0 17 0.18 M M 3.0 14 360 M M 4 22 360
31 100 70 85 M 0 20 0.00 M M 3.4 8 130 M M 3 18 18 99
================================================================================
SM 2938 2227 0 576 0.63 0.0 157.8 M 114
================================================================================
AV 94.8 71.8 5.1 FASTST M M 4 MAX(MPH)
MISC ----> 17 140 31 360
================================================================================
NOTES:
# LAST OF SEVERAL OCCURRENCES
COLUMN 17 PEAK WIND IN M.P.H.
PRELIMINARY LOCAL CLIMATOLOGICAL DATA (WS FORM: F-6) , PAGE 2
STATION: LLANO MUNICIPAL AIRPORT
MONTH: AUGUST
YEAR: 2021
LATITUDE: 30 47 N
LONGITUDE: 98 40 W
[TEMPERATURE DATA] [PRECIPITATION DATA] SYMBOLS USED IN COLUMN 16
AVERAGE MONTHLY: 83.3 TOTAL FOR MONTH: 0.63 1 = FOG OR MIST
DPTR FM NORMAL: 0.0 DPTR FM NORMAL: M 2 = FOG REDUCING VISIBILITY
HIGHEST: 100 ON 31 GRTST 24HR 0.19 ON 2- 2 TO 1/4 MILE OR LESS
LOWEST: 66 ON 4 3 = THUNDER
SNOW, ICE PELLETS, HAIL 4 = ICE PELLETS
TOTAL MONTH: 0.0 INCH 5 = HAIL
GRTST 24HR 0.0 6 = FREEZING RAIN OR DRIZZLE
GRTST DEPTH: 0 7 = DUSTSTORM OR SANDSTORM:
VSBY 1/2 MILE OR LESS
8 = SMOKE OR HAZE
[NO. OF DAYS WITH] [WEATHER - DAYS WITH] 9 = BLOWING SNOW
X = TORNADO
MAX 32 OR BELOW: 0 0.01 INCH OR MORE: 6
MAX 90 OR ABOVE: 27 0.10 INCH OR MORE: 3
MIN 32 OR BELOW: 0 0.50 INCH OR MORE: 0
MIN 0 OR BELOW: 0 1.00 INCH OR MORE: 0
[HDD (BASE 65) ]
TOTAL THIS MO. 0 CLEAR (SCALE 0-3) 13
DPTR FM NORMAL M PTCLDY (SCALE 4-7) 18
TOTAL FM JUL 1 0 CLOUDY (SCALE 8-10) 0
DPTR FM NORMAL M
[CDD (BASE 65) ]
TOTAL THIS MO. 576
DPTR FM NORMAL M [PRESSURE DATA]
TOTAL FM JAN 1 1928 HIGHEST SLP M ON M
DPTR FM NORMAL M LOWEST SLP M ON M
[REMARKS]
#FINAL-08-21#