000
CXUS54 KLCH 010830
CF6ARA
PRELIMINARY LOCAL CLIMATOLOGICAL DATA (WS FORM: F-6)
STATION: NEW IBERIA
MONTH: JULY
YEAR: 2023
LATITUDE: 30 1 N
LONGITUDE: 91 53 W
TEMPERATURE IN F: :PCPN: SNOW: WIND :SUNSHINE: SKY :PK WND
================================================================================
1 2 3 4 5 6A 6B 7 8 9 10 11 12 13 14 15 16 17 18
12Z AVG MX 2MIN
DY MAX MIN AVG DEP HDD CDD WTR SNW DPTH SPD SPD DIR MIN PSBL S-S WX SPD DR
================================================================================
1 98 79 89 7 0 24 0.00 0.0 M 4.6 12 160 M M 1 1 18 160
2 97 80 89 7 0 24 T 0.0 M 6.2 13 170 M M 1 18 170
3 96 78 87 5 0 22 0.00 0.0 M 4.7 16 200 M M 0 13 20 200
4 92 79 86 4 0 21 0.09 0.0 M 4.4 18 260 M M 1 3 24 260
5 96 76 86 4 0 21 1.10 0.0 M 4.7 20 320 M M 3 13 26 320
6 92 76 84 2 0 19 T 0.0 M 4.3 15 210 M M 2 20 220
7 93 77 85 3 0 20 0.00 0.0 M 2.9 14 220 M M 1 20 210
8 90 77 84 1 0 19 0.05 0.0 M 4.8 22 160 M M 2 1 28 160
9 94 79 87 4 0 22 0.09 0.0 M 8.4 24 220 M M 1 138 33 230
10 96 79 88 5 0 23 0.01 0.0 M 7.1 32 360 M M 2 3 41 360
11 97 77 87 4 0 22 0.73 0.0 M 6.1 23 60 M M 3 138 33 60
12 96 80 88 5 0 23 T 0.0 M 7.7 16 210 M M 1 21 210
13 96 79 88 5 0 23 0.00 0.0 M 7.6 16 220 M M 2 23 200
14 96 77 87 4 0 22 0.01 0.0 M 4.9 16 270 M M 2 23 270
15 97 78 88 5 0 23 0.00 0.0 M 6.6 15 230 M M 2 1 24 230
16 97 74 86 3 0 21 0.05 0.0 M 6.9 31 40 M M 3 13 39 60
17 96 73 85 2 0 20 0.11 0.0 M 4.4 15 220 M M 2 3 21 210
18 95 75 85 2 0 20 0.00 M M 4.7 14 200 M M 1 1 18 210
19 96 77 87 4 0 22 0.00 M M 5.3 14 200 M M 0 22 220
20 98 77 88 5 0 23 0.00 M M 4.0 15 190 M M 2 13 21 190
21 98 79 89 6 0 24 0.00 M 0 5.6 15 220 M M 2 20 220
22 99 78 89 6 0 24 0.11 M M 6.3 23 20 M M 2 13 31 20
23 95 76 86 3 0 21 T M M 5.6 14 40 M M 4 1 20 360
24 97 72 85 2 0 20 0.00 M M 3.7 15 150 M M 2 19 160
25 96 74 85 2 0 20 0.00 M M 4.0 12 220 M M 1 1 18 200
26 98 75 87 4 0 22 0.00 M M 3.6 13 160 M M 1 17 170
27 97 74 86 3 0 21 T 0.0 M 4.4 22 150 M M 1 31 140
28 97 75 86 3 0 21 0.00 0.0 M 4.0 15 220 M M 1 19 180
29 98 75 87 4 0 22 0.00 0.0 M 4.3 17 220 M M 1 23 220
30 103 74 89 6 0 24 0.00 M M 4.5 14 220 M M 1 20 210
31 104 79 92 8 0 27 0.00 M M 4.3 29 360 M M 1 3 36 360
================================================================================
SM 2990 2378 0 680 2.35 0.0 160.6 M 49
================================================================================
AV 96.5 76.7 5.2 FASTST M M 2 MAX(MPH)
MISC ----> 32 360 41 360
================================================================================
NOTES:
# LAST OF SEVERAL OCCURRENCES
COLUMN 17 PEAK WIND IN M.P.H.
PRELIMINARY LOCAL CLIMATOLOGICAL DATA (WS FORM: F-6) , PAGE 2
STATION: NEW IBERIA
MONTH: JULY
YEAR: 2023
LATITUDE: 30 1 N
LONGITUDE: 91 53 W
[TEMPERATURE DATA] [PRECIPITATION DATA] SYMBOLS USED IN COLUMN 16
AVERAGE MONTHLY: 86.6 TOTAL FOR MONTH: 2.35 1 = FOG OR MIST
DPTR FM NORMAL: 3.7 DPTR FM NORMAL: -4.36 2 = FOG REDUCING VISIBILITY
HIGHEST: 104 ON 31 GRTST 24HR 1.10 ON 5- 5 TO 1/4 MILE OR LESS
LOWEST: 72 ON 24 3 = THUNDER
SNOW, ICE PELLETS, HAIL 4 = ICE PELLETS
TOTAL MONTH: 0.0 INCH 5 = HAIL
GRTST 24HR 0.0 6 = FREEZING RAIN OR DRIZZLE
GRTST DEPTH: 0 7 = DUSTSTORM OR SANDSTORM:
VSBY 1/2 MILE OR LESS
8 = SMOKE OR HAZE
[NO. OF DAYS WITH] [WEATHER - DAYS WITH] 9 = BLOWING SNOW
X = TORNADO
MAX 32 OR BELOW: 0 0.01 INCH OR MORE: 10
MAX 90 OR ABOVE: 31 0.10 INCH OR MORE: 4
MIN 32 OR BELOW: 0 0.50 INCH OR MORE: 2
MIN 0 OR BELOW: 0 1.00 INCH OR MORE: 1
[HDD (BASE 65) ]
TOTAL THIS MO. 0 CLEAR (SCALE 0-3) 30
DPTR FM NORMAL 0 PTCLDY (SCALE 4-7) 1
TOTAL FM JUL 1 0 CLOUDY (SCALE 8-10) 0
DPTR FM NORMAL 0
[CDD (BASE 65) ]
TOTAL THIS MO. 680
DPTR FM NORMAL 125 [PRESSURE DATA]
TOTAL FM JAN 1 2087 HIGHEST SLP 30.17 ON 25
DPTR FM NORMAL 437 LOWEST SLP 29.83 ON 22
[REMARKS]
#FINAL-07-23#