000
CXUS54 KHGX 041455
CF6ARM
PRELIMINARY LOCAL CLIMATOLOGICAL DATA (WS FORM: F-6)
STATION: Wharton
MONTH: MARCH
YEAR: 2021
LATITUDE: 29 15 N
LONGITUDE: 96 9 W
TEMPERATURE IN F: :PCPN: SNOW: WIND :SUNSHINE: SKY :PK WND
================================================================================
1 2 3 4 5 6A 6B 7 8 9 10 11 12 13 14 15 16 17 18
12Z AVG MX 2MIN
DY MAX MIN AVG DEP HDD CDD WTR SNW DPTH SPD SPD DIR MIN PSBL S-S WX SPD DR
================================================================================
1 71 49 60 M 5 0 0.38 0.0 0 13.3 21 350 M M 10 1 30 10
2 64 45 55 M 10 0 0.00 0.0 0 10.9 17 350 M M 6 25 340
3 68 40 54 M 11 0 0.00 0.0 0 2.4 12 160 M M 0 12 M M
4 73 41 57 M 8 0 0.00 0.0 0 4.7 13 140 M M 0 1 16 110
5 79 52 66 M 0 1 M 0.0 0 7.1 22 340 M M 5 1 31 340
6 69 49 59 M 6 0 0.00 0.0 0 9.5 17 330 M M 6 23 330
7 70 42 56 M 9 0 0.00 0.0 0 5.4 13 90 M M 0 17 100
8 73 42 58 M 7 0 0.00 0.0 0 4.8 12 100 M M 3 M M
9 76 56 66 M 0 1 0.00 0.0 0 10.7 20 160 M M 5 27 140
10 79 57 68 M 0 3 0.00 0.0 0 13.9 25 160 M M 7 33 160
11 78 66 72 M 0 7 0.00 0.0 0 14.0 22 150 M M 10 1 29 160
12 83 68 76 M 0 11 0.00 0.0 0 13.0 20 160 M M 9 27 140
13 81 66 74 M 0 9 0.00 0.0 0 13.6 21 140 M M 9 29 140
14 71 55 63 M 2 0 0.19 0.0 0 11.6 24 150 M M 9 1 30 150
15 76 56 66 M 0 1 0.00 0.0 0 3.9 12 160 M M 9 12 17 160
16 79 66 73 M 0 8 0.02 0.0 0 7.7 16 170 M M 10 128 21 170
17 81 57 69 M 0 4 0.08 0.0 0 13.1 23 320 M M 6 1 36 320
18 70 47 59 M 6 0 0.00 M 0 15.0 25 340 M M 0 31 340
19 67 41 54 M 11 0 0.00 0.0 0 8.2 15 360 M M 0 21 10
20 68 40 54 M 11 0 0.00 0.0 0 4.9 10 160 M M 0 16 10
21 74 41 58 M 7 0 0.00 0.0 0 5.6 15 150 M M 1 17 140
22 76 54 65 M 0 0 0.00 0.0 0 11.7 24 160 M M 9 31 150
23 80 56 68 M 0 3 0.31 0.0 0 5.5 13 160 M M 2 38 30 160
24 72 56 64 M 1 0 0.00 0.0 0 7.5 15 90 M M 8 1 22 90
25 78 53 66 M 0 1 0.00 0.0 0 9.6 20 320 M M 4 1 25 320
26 85 50 68 M 0 3 0.00 0.0 0 6.6 13 120 M M 2 1 18 90
27 81 68 75 M 0 10 0.00 0.0 0 10.1 20 160 M M 10 18 27 170
28 73 49 61 M 4 0 1.00 0.0 0 8.1 24 360 M M 7 1 30 360
29 73 45 59 M 6 0 0.00 0.0 0 5.2 9 100 M M 4 1 M M
30 80 62 71 M 0 6 0.01 0.0 0 10.2 20 180 M M 9 1 29 170
31 76 59 68 M 0 3 T 0.0 0 9.3 23 350 M M 10 1 30 350
================================================================================
SM 2324 1628 104 71 1.99 0.0 277.1 M 170
================================================================================
AV 75.0 52.5 8.9 FASTST M M 5 MAX(MPH)
MISC ----> # 25 160 36 320
================================================================================
NOTES:
# LAST OF SEVERAL OCCURRENCES
COLUMN 17 PEAK WIND IN M.P.H.
PRELIMINARY LOCAL CLIMATOLOGICAL DATA (WS FORM: F-6) , PAGE 2
STATION: Wharton
MONTH: MARCH
YEAR: 2021
LATITUDE: 29 15 N
LONGITUDE: 96 9 W
[TEMPERATURE DATA] [PRECIPITATION DATA] SYMBOLS USED IN COLUMN 16
AVERAGE MONTHLY: 63.7 TOTAL FOR MONTH: 1.99 1 = FOG OR MIST
DPTR FM NORMAL: 0.0 DPTR FM NORMAL: M 2 = FOG REDUCING VISIBILITY
HIGHEST: 85 ON 26 GRTST 24HR 1.00 ON 28-28 TO 1/4 MILE OR LESS
LOWEST: 40 ON 20, 3 3 = THUNDER
SNOW, ICE PELLETS, HAIL 4 = ICE PELLETS
TOTAL MONTH: 0.0 INCH 5 = HAIL
GRTST 24HR 0.0 6 = FREEZING RAIN OR DRIZZLE
GRTST DEPTH: 0 7 = DUSTSTORM OR SANDSTORM:
VSBY 1/2 MILE OR LESS
8 = SMOKE OR HAZE
[NO. OF DAYS WITH] [WEATHER - DAYS WITH] 9 = BLOWING SNOW
X = TORNADO
MAX 32 OR BELOW: 0 0.01 INCH OR MORE: 7
MAX 90 OR ABOVE: 0 0.10 INCH OR MORE: 4
MIN 32 OR BELOW: 0 0.50 INCH OR MORE: 1
MIN 0 OR BELOW: 0 1.00 INCH OR MORE: 1
[HDD (BASE 65) ]
TOTAL THIS MO. 104 CLEAR (SCALE 0-3) 10
DPTR FM NORMAL M PTCLDY (SCALE 4-7) 9
TOTAL FM JUL 1 1262 CLOUDY (SCALE 8-10) 12
DPTR FM NORMAL M
[CDD (BASE 65) ]
TOTAL THIS MO. 71
DPTR FM NORMAL M [PRESSURE DATA]
TOTAL FM JAN 1 122 HIGHEST SLP M ON M
DPTR FM NORMAL M LOWEST SLP M ON M
[REMARKS]
#FINAL-03-21#