000
CXUS51 KBUF 010805
CF6ART
PRELIMINARY LOCAL CLIMATOLOGICAL DATA (WS FORM: F-6)
STATION: WATERTOWN NY
MONTH: JULY
YEAR: 2021
LATITUDE: 43 59 N
LONGITUDE: 76 2 W
TEMPERATURE IN F: :PCPN: SNOW: WIND :SUNSHINE: SKY :PK WND
================================================================================
1 2 3 4 5 6A 6B 7 8 9 10 11 12 13 14 15 16 17 18
12Z AVG MX 2MIN
DY MAX MIN AVG DEP HDD CDD WTR SNW DPTH SPD SPD DIR MIN PSBL S-S WX SPD DR
================================================================================
1 78 59 69 1 0 4 0.48 M M 4.9 20 300 M M 5 1 24 300
2 64 58 61 -7 4 0 1.07 M M 8.0 18 50 M M 8 13 23 50
3 73 54 64 -4 1 0 0.01 M M 6.8 15 40 M M 6 1 18 20
4 74 50 62 -6 3 0 0.00 M M 6.2 16 40 M M 4 12 22 50
5 85 46 66 -2 0 1 0.18 M M 5.2 29 290 M M 2 13 40 260
6 82 67 75 7 0 10 0.27 M M 9.0 17 250 M M 3 13 27 240
7 69 57 63 -6 2 0 0.03 M M 9.8 20 40 M M 5 24 30
8 78 56 67 -2 0 2 1.68 M M 5.7 20 270 M M 8 123 29 230
9 73 61 67 -2 0 2 0.01 M M 7.2 16 30 M M 10 12 19 40
10 79 54 67 -2 0 2 0.00 M M 3.6 14 290 M M 3 12 19 310
11 77 53 65 -4 0 0 0.00 M M 1.4 8 200 M M 3 12 210
12 82 64 73 4 0 8 0.08 M M 5.5 13 80 M M 3 18 90
13 87 66 77 8 0 12 0.76 M M 6.2 28 250 M M 5 13 39 260
14 79 67 73 4 0 8 T M M 8.8 17 240 M M 5 1 24 230
15 86 63 75 6 0 10 0.00 M M 7.2 17 210 M M 1 26 210
16 75 61 68 -1 0 3 0.04 M M 5.0 14 230 M M 7 1 20 300
17 74 61 68 -1 0 3 0.85 M M 7.0 17 80 M M 8 1 24 80
18 79 61 70 1 0 5 0.66 M M 9.4 23 30 M M 3 1 31 30
19 79 60 70 1 0 5 0.00 M M 4.4 14 270 M M 1 18 17 260
20 79 62 71 1 0 6 0.59 M M 5.2 21 340 M M 5 1238 29 350
21 78 57 68 -2 0 3 0.00 M M 4.5 16 330 M M 7 1 21 350
22 77 51 64 -6 1 0 0.00 M M 4.7 15 230 M M 2 1 19 230
23 76 54 65 -5 0 0 T M M 4.2 14 260 M M 3 16 270
24 81 53 67 -3 0 2 0.02 M M 4.9 14 160 M M 2 26 190
25 77 66 72 3 0 7 0.38 M M 9.3 20 260 M M 4 18 25 230
26 81 64 73 4 0 8 T M M 8.0 18 30 M M 2 138 23 230
27 77 56 67 -2 0 2 0.04 M M 5.3 15 350 M M 5 1 19 330
28 76 55 66 -3 0 1 0.00 M M 3.6 12 10 M M 5 1 16 10
29 71 51 61 -8 4 0 0.25 M M 3.1 10 20 M M 6 12 13 20
30 70 47 59 -10 6 0 T M M 8.3 17 330 M M 7 13 23 330
31 72 44 58 -11 7 0 0.01 M M 5.2 16 260 M M 4 21 260
================================================================================
SM 2388 1778 28 104 7.41 M 187.6 M 142
================================================================================
AV 77.0 57.4 6.1 FASTST M M 5 MAX(MPH)
MISC ----> 29 290 40 260
================================================================================
NOTES:
# LAST OF SEVERAL OCCURRENCES
COLUMN 17 PEAK WIND IN M.P.H.
PRELIMINARY LOCAL CLIMATOLOGICAL DATA (WS FORM: F-6) , PAGE 2
STATION: WATERTOWN NY
MONTH: JULY
YEAR: 2021
LATITUDE: 43 59 N
LONGITUDE: 76 2 W
[TEMPERATURE DATA] [PRECIPITATION DATA] SYMBOLS USED IN COLUMN 16
AVERAGE MONTHLY: 67.2 TOTAL FOR MONTH: 7.41 1 = FOG OR MIST
DPTR FM NORMAL: -1.8 DPTR FM NORMAL: 4.40 2 = FOG REDUCING VISIBILITY
HIGHEST: 87 ON 13 GRTST 24HR 1.68 ON 8- 8 TO 1/4 MILE OR LESS
LOWEST: 44 ON 31 3 = THUNDER
SNOW, ICE PELLETS, HAIL 4 = ICE PELLETS
TOTAL MONTH: M 5 = HAIL
GRTST 24HR M ON M 6 = FREEZING RAIN OR DRIZZLE
GRTST DEPTH: M ON M 7 = DUSTSTORM OR SANDSTORM:
VSBY 1/2 MILE OR LESS
8 = SMOKE OR HAZE
[NO. OF DAYS WITH] [WEATHER - DAYS WITH] 9 = BLOWING SNOW
X = TORNADO
MAX 32 OR BELOW: 0 0.01 INCH OR MORE: 19
MAX 90 OR ABOVE: 0 0.10 INCH OR MORE: 11
MIN 32 OR BELOW: 0 0.50 INCH OR MORE: 6
MIN 0 OR BELOW: 0 1.00 INCH OR MORE: 2
[HDD (BASE 65) ]
TOTAL THIS MO. 28 CLEAR (SCALE 0-3) 11
DPTR FM NORMAL 6 PTCLDY (SCALE 4-7) 17
TOTAL FM JUL 1 28 CLOUDY (SCALE 8-10) 3
DPTR FM NORMAL 0
[CDD (BASE 65) ]
TOTAL THIS MO. 104
DPTR FM NORMAL -42 [PRESSURE DATA]
TOTAL FM JAN 1 288 HIGHEST SLP 30.17 ON 23
DPTR FM NORMAL 63 LOWEST SLP 29.69 ON 29
[REMARKS]
#FINAL-07-21#