000
CDUS41 KBUF 050706
CLIART


CLIMATE REPORT
NATIONAL WEATHER SERVICE BUFFALO NY
205 AM EST THU MAR 5 2015


...................................

...THE WATERTOWN NY CLIMATE SUMMARY FOR MARCH 4 2015...

CLIMATE NORMAL PERIOD 1981 TO 2010
CLIMATE RECORD PERIOD 1949 TO 2015


WEATHER ITEM   OBSERVED TIME   RECORD YEAR NORMAL DEPARTURE LAST
                VALUE   (LST)  VALUE       VALUE  FROM      YEAR
                                                  NORMAL
..................................................................
TEMPERATURE (F)
 YESTERDAY
  MAXIMUM         35   1153 AM  56    1974  36     -1       18
  MINIMUM         24   1159 PM -15    1950  15      9       -8
  AVERAGE         30                        26      4        5

PRECIPITATION (IN)
  YESTERDAY        T             1.85 1971   0.07  -0.07      T
  MONTH TO DATE    0.13                      0.30  -0.17     0.02
  SINCE MAR 1      0.13                      0.30  -0.17     0.02
  SINCE JAN 1      3.22                      5.18  -1.96     7.12

DEGREE DAYS
 HEATING
  YESTERDAY       35                        39     -4       60
  MONTH TO DATE  190                       159     31      236
  SINCE MAR 1    190                       159     31      236
  SINCE JUL 1   5710                      5600    110     5907

 COOLING
  YESTERDAY        0                         0      0        0
  MONTH TO DATE    0                         0      0        0
  SINCE MAR 1      0                         0      0        0
  SINCE JAN 1      0                         0      0        0
..................................................................


WIND (MPH)
  HIGHEST WIND SPEED    23   HIGHEST WIND DIRECTION    SW (230)
  HIGHEST GUST SPEED    32   HIGHEST GUST DIRECTION    SW (220)
  AVERAGE WIND SPEED    12.5


SKY COVER
  AVERAGE SKY COVER 0.9


WEATHER CONDITIONS
 THE FOLLOWING WEATHER WAS RECORDED YESTERDAY.
  LT FREEZING RAIN
  FOG


RELATIVE HUMIDITY (PERCENT)
 HIGHEST    89          1200 AM
 LOWEST     57          1000 PM
 AVERAGE    73

..........................................................


THE WATERTOWN NY CLIMATE NORMALS FOR TODAY
                         NORMAL    RECORD    YEAR
 MAXIMUM TEMPERATURE (F)   36        67      1976
 MINIMUM TEMPERATURE (F)   16       -15      2014


SUNRISE AND SUNSET
MARCH  5 2015.........SUNRISE   635 AM EST   SUNSET   557 PM EST
MARCH  6 2015.........SUNRISE   633 AM EST   SUNSET   559 PM EST


-  INDICATES NEGATIVE NUMBERS.
R  INDICATES RECORD WAS SET OR TIED.
MM INDICATES DATA IS MISSING.
T  INDICATES TRACE AMOUNT.




$$
