000
CDUS41 KBUF 190705
CLIART


CLIMATE REPORT
NATIONAL WEATHER SERVICE BUFFALO NY
305 AM EDT SAT APR 19 2014


...................................

...THE WATERTOWN NY CLIMATE SUMMARY FOR APRIL 18 2014...

CLIMATE NORMAL PERIOD 1981 TO 2010
CLIMATE RECORD PERIOD 1949 TO 2014


WEATHER ITEM   OBSERVED TIME   RECORD YEAR NORMAL DEPARTURE LAST
                VALUE   (LST)  VALUE       VALUE  FROM      YEAR
                                                  NORMAL
..................................................................
TEMPERATURE (F)
 YESTERDAY
  MAXIMUM         60    254 PM  84    1976  56      4       73
  MINIMUM         40    547 AM  24    2012  34      6       40
                                      1995
  AVERAGE         50                        45      5       57

PRECIPITATION (IN)
  YESTERDAY        0.01          1.05 1981   0.10  -0.09     0.17
  MONTH TO DATE    3.27                      1.76   1.51     2.63
  SINCE MAR 1      5.38                      4.06   1.32     3.62
  SINCE JAN 1     12.48                      8.94   3.54     7.92

DEGREE DAYS
 HEATING
  YESTERDAY       15                        20     -5        8
  MONTH TO DATE  399                       425    -26      423
  SINCE MAR 1   1704                      1491    213     1431
  SINCE JUL 1   7375                      6932    443     6281

 COOLING
  YESTERDAY        0                         0      0        0
  MONTH TO DATE    0                         0      0        0
  SINCE MAR 1      0                         0      0        0
  SINCE JAN 1      0                         0      0        0
..................................................................


WIND (MPH)
  HIGHEST WIND SPEED    16   HIGHEST WIND DIRECTION     S (160)
  HIGHEST GUST SPEED    27   HIGHEST GUST DIRECTION     S (170)
  AVERAGE WIND SPEED     8.1


SKY COVER
  AVERAGE SKY COVER 0.4


WEATHER CONDITIONS
 THE FOLLOWING WEATHER WAS RECORDED YESTERDAY.
  RAIN
  LIGHT RAIN


RELATIVE HUMIDITY (PERCENT)
 HIGHEST    76           800 PM
 LOWEST     33           300 PM
 AVERAGE    55

..........................................................


THE WATERTOWN NY CLIMATE NORMALS FOR TODAY
                         NORMAL    RECORD    YEAR
 MAXIMUM TEMPERATURE (F)   56        86      2008
 MINIMUM TEMPERATURE (F)   35        19      2001


SUNRISE AND SUNSET
APRIL 19 2014.........SUNRISE   614 AM EDT   SUNSET   753 PM EDT
APRIL 20 2014.........SUNRISE   613 AM EDT   SUNSET   754 PM EDT


-  INDICATES NEGATIVE NUMBERS.
R  INDICATES RECORD WAS SET OR TIED.
MM INDICATES DATA IS MISSING.
T  INDICATES TRACE AMOUNT.




$$
