000
CDUS41 KBUF 271029
CLIART


CLIMATE REPORT
NATIONAL WEATHER SERVICE BUFFALO NY
621 AM EDT WED MAY 27 2015


...................................

...THE WATERTOWN NY CLIMATE SUMMARY FOR MAY 26 2015...

CLIMATE NORMAL PERIOD 1981 TO 2010
CLIMATE RECORD PERIOD 1949 TO 2015


WEATHER ITEM   OBSERVED TIME   RECORD YEAR NORMAL DEPARTURE LAST
                VALUE   (LST)  VALUE       VALUE  FROM      YEAR
                                                  NORMAL
..................................................................
TEMPERATURE (F)
 YESTERDAY
  MAXIMUM         82    250 PM  85    2010  69     13       74
  MINIMUM         61    359 AM  29    1969  47     14       57
  AVERAGE         72                        58     14       66

PRECIPITATION (IN)
  YESTERDAY        0.03          0.72 1979   0.10  -0.07      T
  MONTH TO DATE    0.97                      2.55  -1.58     3.33
  SINCE MAR 1      3.49                      7.75  -4.26    11.37
  SINCE JAN 1      6.58                     12.63  -6.05    18.47

DEGREE DAYS
 HEATING
  YESTERDAY        0                         8     -8        0
  MONTH TO DATE  198                       297    -99      236
  SINCE MAR 1   2006                      1999      7     2160
  SINCE JUL 1   7526                      7440     86     7831

 COOLING
  YESTERDAY        7                         1      6        1
  MONTH TO DATE   31                         3     28       21
  SINCE MAR 1     31                         4     27       21
  SINCE JAN 1     31                         4     27       21
..................................................................


WIND (MPH)
  HIGHEST WIND SPEED    20   HIGHEST WIND DIRECTION    SW (230)
  HIGHEST GUST SPEED    25   HIGHEST GUST DIRECTION    SW (230)
  AVERAGE WIND SPEED     8.7


SKY COVER
  AVERAGE SKY COVER 0.4


WEATHER CONDITIONS
 THE FOLLOWING WEATHER WAS RECORDED YESTERDAY.
  LIGHT RAIN
  FOG


RELATIVE HUMIDITY (PERCENT)
 HIGHEST   100           400 AM
 LOWEST     58           200 PM
 AVERAGE    79

..........................................................


THE WATERTOWN NY CLIMATE NORMALS FOR TODAY
                         NORMAL    RECORD    YEAR
 MAXIMUM TEMPERATURE (F)   69        87      1960
 MINIMUM TEMPERATURE (F)   47        32      1969


SUNRISE AND SUNSET
MAY 27 2015...........SUNRISE   528 AM EDT   SUNSET   835 PM EDT
MAY 28 2015...........SUNRISE   527 AM EDT   SUNSET   836 PM EDT


-  INDICATES NEGATIVE NUMBERS.
R  INDICATES RECORD WAS SET OR TIED.
MM INDICATES DATA IS MISSING.
T  INDICATES TRACE AMOUNT.




$$
