000
CDUS41 KBUF 180705
CLIART


CLIMATE REPORT
NATIONAL WEATHER SERVICE BUFFALO NY
305 AM EDT TUE JUL 18 2017


...................................

...THE WATERTOWN NY CLIMATE SUMMARY FOR JULY 17 2017...

CLIMATE NORMAL PERIOD 1981 TO 2010
CLIMATE RECORD PERIOD 1949 TO 2017


WEATHER ITEM   OBSERVED TIME   RECORD YEAR NORMAL DEPARTURE LAST
                VALUE   (LST)  VALUE       VALUE  FROM      YEAR
                                                  NORMAL
..................................................................
TEMPERATURE (F)
 YESTERDAY
  MAXIMUM         82    330 PM  91    2012  80      2       80
  MINIMUM         61   1152 PM  44    1993  59      2       53
  AVERAGE         72                        69      3       67

PRECIPITATION (IN)
  YESTERDAY        0.31          1.19 1992   0.09   0.22     0.00
  MONTH TO DATE    3.01                      1.40   1.61     0.32
  SINCE JUN 1      9.19                      4.25   4.94     3.92
  SINCE JAN 1     24.86                     17.40   7.46    14.92

DEGREE DAYS
 HEATING
  YESTERDAY        0                         1     -1        0
  MONTH TO DATE    2                        18    -16        4
  SINCE JUN 1    104                       125    -21      102
  SINCE JUL 1      2                        18    -16        4

 COOLING
  YESTERDAY        7                         5      2        2
  MONTH TO DATE   78                        74      4      101
  SINCE JUN 1    158                       136     22      148
  SINCE JAN 1    177                       147     30      178
..................................................................


WIND (MPH)
  HIGHEST WIND SPEED    15   HIGHEST WIND DIRECTION    NE (50)
  HIGHEST GUST SPEED    18   HIGHEST GUST DIRECTION    NW (300)
  AVERAGE WIND SPEED     4.9


SKY COVER
  AVERAGE SKY COVER 0.5


WEATHER CONDITIONS
 THE FOLLOWING WEATHER WAS RECORDED YESTERDAY.
  THUNDERSTORM
  HEAVY RAIN
  RAIN
  LIGHT RAIN
  FOG
  FOG W/VISIBILITY <= 1/4 MILE


RELATIVE HUMIDITY (PERCENT)
 HIGHEST   100           400 AM
 LOWEST     62           200 PM
 AVERAGE    81

..........................................................


THE WATERTOWN NY CLIMATE NORMALS FOR TODAY
                         NORMAL    RECORD    YEAR
 MAXIMUM TEMPERATURE (F)   80        97      1953
 MINIMUM TEMPERATURE (F)   59        45      1973


SUNRISE AND SUNSET
JULY 18 2017..........SUNRISE   538 AM EDT   SUNSET   842 PM EDT
JULY 19 2017..........SUNRISE   539 AM EDT   SUNSET   841 PM EDT


-  INDICATES NEGATIVE NUMBERS.
R  INDICATES RECORD WAS SET OR TIED.
MM INDICATES DATA IS MISSING.
T  INDICATES TRACE AMOUNT.




$$
