000
CDUS41 KBUF 211022
CLIART


CLIMATE REPORT
NATIONAL WEATHER SERVICE BUFFALO NY
621 AM EDT SUN MAY 21 2017


...................................

...THE WATERTOWN NY CLIMATE SUMMARY FOR MAY 20 2017...

CLIMATE NORMAL PERIOD 1981 TO 2010
CLIMATE RECORD PERIOD 1949 TO 2017


WEATHER ITEM   OBSERVED TIME   RECORD YEAR NORMAL DEPARTURE LAST
                VALUE   (LST)  VALUE       VALUE  FROM      YEAR
                                                  NORMAL
..................................................................
TEMPERATURE (F)
 YESTERDAY
  MAXIMUM         66    416 PM  86    1962  67     -1       67
  MINIMUM         37    504 AM  28    2002  45     -8       36
  AVERAGE         52                        56     -4       52

PRECIPITATION (IN)
  YESTERDAY        0.00          1.15 1988   0.11  -0.11     0.00
  MONTH TO DATE    4.02                      1.92   2.10     1.40
  SINCE MAR 1     10.44                      7.12   3.32     5.19
  SINCE JAN 1     14.07                     12.00   2.07    11.00

DEGREE DAYS
 HEATING
  YESTERDAY       13                        10      3       13
  MONTH TO DATE  293                       246     47      297
  SINCE MAR 1   1988                      1948     40     1965
  SINCE JUL 1   6599                      7389   -790     6613

 COOLING
  YESTERDAY        0                         0      0        0
  MONTH TO DATE   11                         0     11        0
  SINCE MAR 1     18                         1     17        0
  SINCE JAN 1     18                         1     17        0
..................................................................


WIND (MPH)
  HIGHEST WIND SPEED    21   HIGHEST WIND DIRECTION    NE (50)
  HIGHEST GUST SPEED    26   HIGHEST GUST DIRECTION    NE (40)
  AVERAGE WIND SPEED    10.1


SKY COVER
  AVERAGE SKY COVER 0.0


WEATHER CONDITIONS
 THE FOLLOWING WEATHER WAS RECORDED YESTERDAY.
  NO SIGNIFICANT WEATHER WAS OBSERVED.


RELATIVE HUMIDITY (PERCENT)
 HIGHEST    89          1200 AM
 LOWEST     34           300 PM
 AVERAGE    62

..........................................................


THE WATERTOWN NY CLIMATE NORMALS FOR TODAY
                         NORMAL    RECORD    YEAR
 MAXIMUM TEMPERATURE (F)   67        83      2012
                                             1953
 MINIMUM TEMPERATURE (F)   45        30      1964


SUNRISE AND SUNSET
MAY 21 2017...........SUNRISE   532 AM EDT   SUNSET   830 PM EDT
MAY 22 2017...........SUNRISE   531 AM EDT   SUNSET   831 PM EDT


-  INDICATES NEGATIVE NUMBERS.
R  INDICATES RECORD WAS SET OR TIED.
MM INDICATES DATA IS MISSING.
T  INDICATES TRACE AMOUNT.




$$
