000
CDUS41 KBUF 172145
CLIART


CLIMATE REPORT
NATIONAL WEATHER SERVICE BUFFALO NY
444 PM EST WED DEC 17 2014


...................................

...THE WATERTOWN NY CLIMATE SUMMARY FOR DECEMBER 17 2014...
VALID TODAY AS OF 0400 PM LOCAL TIME.

CLIMATE NORMAL PERIOD 1981 TO 2010
CLIMATE RECORD PERIOD 1949 TO 2014


WEATHER ITEM   OBSERVED TIME   RECORD YEAR NORMAL DEPARTURE LAST
                VALUE   (LST)  VALUE       VALUE  FROM      YEAR
                                                  NORMAL
..................................................................
TEMPERATURE (F)
 TODAY
  MAXIMUM         44    448 AM  58    2000  34     10       20
  MINIMUM         39    442 PM -22    2013  17     22      -22
  AVERAGE         42                        26     16       -1

PRECIPITATION (IN)
  TODAY            0.17          1.34 1970   0.09   0.08     0.01
  MONTH TO DATE    0.59                      1.81  -1.22     0.49
  SINCE DEC 1      0.59                      1.81  -1.22     0.49
  SINCE JAN 1     40.81                     34.74   6.07    32.83

DEGREE DAYS
 HEATING
  TODAY           23                        39    -16       66
  MONTH TO DATE  553                       613    -60      701
  SINCE DEC 1    553                       613    -60      701
  SINCE JUL 1   1906                      2212   -306     2276

 COOLING
  TODAY            0                         0      0        0
  MONTH TO DATE    0                         0      0        0
  SINCE DEC 1      0                         0      0        0
  SINCE JAN 1    433                       362     71      481
..................................................................


WIND (MPH)
  HIGHEST WIND SPEED    22   HIGHEST WIND DIRECTION     W (250)
  HIGHEST GUST SPEED    31   HIGHEST GUST DIRECTION     W (260)
  AVERAGE WIND SPEED     9.7


SKY COVER
  AVERAGE SKY COVER 1.0


WEATHER CONDITIONS
 THE FOLLOWING WEATHER WAS RECORDED TODAY.
  LIGHT RAIN
  HAZE


RELATIVE HUMIDITY (PERCENT)
 HIGHEST    85           100 PM
 LOWEST     70           400 AM
 AVERAGE    78

..........................................................


THE WATERTOWN NY CLIMATE NORMALS FOR TOMORROW
                         NORMAL    RECORD    YEAR
 MAXIMUM TEMPERATURE (F)   34        51      1990
 MINIMUM TEMPERATURE (F)   17       -16      1973


SUNRISE AND SUNSET
DECEMBER 17 2014......SUNRISE   733 AM EST   SUNSET   427 PM EST
DECEMBER 18 2014......SUNRISE   734 AM EST   SUNSET   428 PM EST


-  INDICATES NEGATIVE NUMBERS.
R  INDICATES RECORD WAS SET OR TIED.
MM INDICATES DATA IS MISSING.
T  INDICATES TRACE AMOUNT.




$$
