720
CDUS41 KBUF 201027
CLIART


CLIMATE REPORT
NATIONAL WEATHER SERVICE BUFFALO NY
525 AM EST MON NOV 20 2017


...................................

...THE WATERTOWN NY CLIMATE SUMMARY FOR NOVEMBER 19 2017...

CLIMATE NORMAL PERIOD 1981 TO 2010
CLIMATE RECORD PERIOD 1949 TO 2017


WEATHER ITEM   OBSERVED TIME   RECORD YEAR NORMAL DEPARTURE LAST
                VALUE   (LST)  VALUE       VALUE  FROM      YEAR
                                                  NORMAL
..................................................................
TEMPERATURE (F)
 YESTERDAY
  MAXIMUM         49    256 AM  72    2016  46      3       72
  MINIMUM         29   1159 PM  12    1984  29      0       37
  AVERAGE         39                        37      2       55

PRECIPITATION (IN)
  YESTERDAY        0.69R         0.50 1969   0.13   0.56     0.07
  MONTH TO DATE    2.69                      2.37   0.32     0.75
  SINCE SEP 1     15.74                      9.74   6.00     8.65
  SINCE JAN 1     46.47                     31.54  14.93    27.68

DEGREE DAYS
 HEATING
  YESTERDAY       26                        28     -2       10
  MONTH TO DATE  511                       469     42      394
  SINCE SEP 1    975                      1193   -218     1003
  SINCE JUL 1   1045                      1265   -220     1014

 COOLING
  YESTERDAY        0                         0      0        0
  MONTH TO DATE    0                         0      0        0
  SINCE SEP 1     59                        38     21       52
  SINCE JAN 1    389                       362     27      566
..................................................................


WIND (MPH)
  HIGHEST WIND SPEED    25   HIGHEST WIND DIRECTION     W (290)
  HIGHEST GUST SPEED    31   HIGHEST GUST DIRECTION     W (290)
  AVERAGE WIND SPEED    12.8


SKY COVER
  AVERAGE SKY COVER 1.0


WEATHER CONDITIONS
 THE FOLLOWING WEATHER WAS RECORDED YESTERDAY.
  HEAVY RAIN
  RAIN
  LIGHT RAIN
  SNOW
  LIGHT SNOW
  FOG
  FOG W/VISIBILITY <= 1/4 MILE


RELATIVE HUMIDITY (PERCENT)
 HIGHEST   100           400 AM
 LOWEST     69          1100 PM
 AVERAGE    85

..........................................................


THE WATERTOWN NY CLIMATE NORMALS FOR TODAY
                         NORMAL    RECORD    YEAR
 MAXIMUM TEMPERATURE (F)   45        69      1953
 MINIMUM TEMPERATURE (F)   28         7      1959


SUNRISE AND SUNSET
NOVEMBER 20 2017......SUNRISE   706 AM EST   SUNSET   433 PM EST
NOVEMBER 21 2017......SUNRISE   707 AM EST   SUNSET   433 PM EST


-  INDICATES NEGATIVE NUMBERS.
R  INDICATES RECORD WAS SET OR TIED.
MM INDICATES DATA IS MISSING.
T  INDICATES TRACE AMOUNT.

$$
