000
CDUS41 KBUF 151012
CLIART


CLIMATE REPORT
NATIONAL WEATHER SERVICE BUFFALO NY
611 AM EDT FRI SEP 15 2017


...................................

...THE WATERTOWN NY CLIMATE SUMMARY FOR SEPTEMBER 14 2017...

CLIMATE NORMAL PERIOD 1981 TO 2010
CLIMATE RECORD PERIOD 1949 TO 2017


WEATHER ITEM   OBSERVED TIME   RECORD YEAR NORMAL DEPARTURE LAST
                VALUE   (LST)  VALUE       VALUE  FROM      YEAR
                                                  NORMAL
..................................................................
TEMPERATURE (F)
 YESTERDAY
  MAXIMUM         77    305 PM  90    1961  71      6       71
  MINIMUM         59    617 AM  32    1986  49     10       43
  AVERAGE         68                        60      8       57

PRECIPITATION (IN)
  YESTERDAY        0.00          2.53 1979   0.12  -0.12     0.00
  MONTH TO DATE    1.13                      1.55  -0.42     1.67
  SINCE SEP 1      1.13                      1.55  -0.42     1.67
  SINCE JAN 1     31.86                     23.35   8.51    20.70

DEGREE DAYS
 HEATING
  YESTERDAY        0                         6     -6        8
  MONTH TO DATE  102                        60     42       39
  SINCE SEP 1    102                        60     42       39
  SINCE JUL 1    172                       132     40       50

 COOLING
  YESTERDAY        3                         1      2        0
  MONTH TO DATE    3                        24    -21       35
  SINCE SEP 1      3                        24    -21       35
  SINCE JAN 1    333                       348    -15      549
..................................................................


WIND (MPH)
  HIGHEST WIND SPEED    12   HIGHEST WIND DIRECTION     W (260)
  HIGHEST GUST SPEED    14   HIGHEST GUST DIRECTION     W (270)
  AVERAGE WIND SPEED     3.4


SKY COVER
  AVERAGE SKY COVER 0.6


WEATHER CONDITIONS
 THE FOLLOWING WEATHER WAS RECORDED YESTERDAY.
  FOG


RELATIVE HUMIDITY (PERCENT)
 HIGHEST   100          1200 AM
 LOWEST     69           300 PM
 AVERAGE    85

..........................................................


THE WATERTOWN NY CLIMATE NORMALS FOR TODAY
                         NORMAL    RECORD    YEAR
 MAXIMUM TEMPERATURE (F)   71        83      1971
 MINIMUM TEMPERATURE (F)   49        33      1988


SUNRISE AND SUNSET
SEPTEMBER 15 2017.....SUNRISE   644 AM EDT   SUNSET   714 PM EDT
SEPTEMBER 16 2017.....SUNRISE   645 AM EDT   SUNSET   712 PM EDT


-  INDICATES NEGATIVE NUMBERS.
R  INDICATES RECORD WAS SET OR TIED.
MM INDICATES DATA IS MISSING.
T  INDICATES TRACE AMOUNT.

$$
