000
CDUS41 KBUF 250705
CLIART


CLIMATE REPORT
NATIONAL WEATHER SERVICE BUFFALO NY
305 AM EDT SAT MAR 25 2017


...................................

...THE WATERTOWN NY CLIMATE SUMMARY FOR MARCH 24 2017...

CLIMATE NORMAL PERIOD 1981 TO 2010
CLIMATE RECORD PERIOD 1949 TO 2017


WEATHER ITEM   OBSERVED TIME   RECORD YEAR NORMAL DEPARTURE LAST
                VALUE   (LST)  VALUE       VALUE  FROM      YEAR
                                                  NORMAL
..................................................................
TEMPERATURE (F)
 YESTERDAY
  MAXIMUM         45    326 PM  70    1976  44      1       33
  MINIMUM         28   1215 AM  -3    1965  24      4       27
  AVERAGE         37                        34      3       30

PRECIPITATION (IN)
  YESTERDAY        0.10          0.83 1953   0.08   0.02     0.13
  MONTH TO DATE    1.58                      1.77  -0.19     1.43
  SINCE MAR 1      1.58                      1.77  -0.19     1.43
  SINCE JAN 1      5.21                      6.65  -1.44     7.24

DEGREE DAYS
 HEATING
  YESTERDAY       28                        31     -3       35
  MONTH TO DATE  978                       862    116      756
  SINCE MAR 1    978                       862    116      756
  SINCE JUL 1   5589                      6303   -714     5404

 COOLING
  YESTERDAY        0                         0      0        0
  MONTH TO DATE    0                         0      0        0
  SINCE MAR 1      0                         0      0        0
  SINCE JAN 1      0                         0      0        0
..................................................................


WIND (MPH)
  HIGHEST WIND SPEED    15   HIGHEST WIND DIRECTION     S (190)
  HIGHEST GUST SPEED    25   HIGHEST GUST DIRECTION     S (190)
  AVERAGE WIND SPEED     8.2


SKY COVER
  AVERAGE SKY COVER 1.0


WEATHER CONDITIONS
 THE FOLLOWING WEATHER WAS RECORDED YESTERDAY.
  RAIN
  LIGHT RAIN
  LIGHT SNOW
  FOG
  HAZE


RELATIVE HUMIDITY (PERCENT)
 HIGHEST   100           900 PM
 LOWEST     35           100 AM
 AVERAGE    68

..........................................................


THE WATERTOWN NY CLIMATE NORMALS FOR TODAY
                         NORMAL    RECORD    YEAR
 MAXIMUM TEMPERATURE (F)   44        72      1988
 MINIMUM TEMPERATURE (F)   25         0      1960


SUNRISE AND SUNSET
MARCH 25 2017.........SUNRISE   658 AM EDT   SUNSET   723 PM EDT
MARCH 26 2017.........SUNRISE   656 AM EDT   SUNSET   724 PM EDT


-  INDICATES NEGATIVE NUMBERS.
R  INDICATES RECORD WAS SET OR TIED.
MM INDICATES DATA IS MISSING.
T  INDICATES TRACE AMOUNT.




$$
