000
CDUS41 KBUF 201026
CLIART


CLIMATE REPORT
NATIONAL WEATHER SERVICE BUFFALO NY
625 AM EDT FRI OCT 20 2017


...................................

...THE WATERTOWN NY CLIMATE SUMMARY FOR OCTOBER 19 2017...

CLIMATE NORMAL PERIOD 1981 TO 2010
CLIMATE RECORD PERIOD 1949 TO 2017


WEATHER ITEM   OBSERVED TIME   RECORD YEAR NORMAL DEPARTURE LAST
                VALUE   (LST)  VALUE       VALUE  FROM      YEAR
                                                  NORMAL
..................................................................
TEMPERATURE (F)
 YESTERDAY
  MAXIMUM         69    233 PM  79    2007  57     12       64
  MINIMUM         51   1047 PM  14    1974  37     14       43
  AVERAGE         60                        47     13       54

PRECIPITATION (IN)
  YESTERDAY        0.00          0.56 2007   0.11  -0.11     0.00
  MONTH TO DATE    5.56                      2.31   3.25     2.58
  SINCE SEP 1      6.85                      6.03   0.82     5.03
  SINCE JAN 1     37.58                     27.83   9.75    24.06

DEGREE DAYS
 HEATING
  YESTERDAY        5                        18    -13       11
  MONTH TO DATE  158                       285   -127      184
  SINCE SEP 1    305                       487   -182      328
  SINCE JUL 1    375                       559   -184      339

 COOLING
  YESTERDAY        0                         0      0        0
  MONTH TO DATE    5                         0      5        5
  SINCE SEP 1     58                        35     23       52
  SINCE JAN 1    388                       359     29      566
..................................................................


WIND (MPH)
  HIGHEST WIND SPEED    25   HIGHEST WIND DIRECTION    SW (220)
  HIGHEST GUST SPEED    34   HIGHEST GUST DIRECTION    SW (230)
  AVERAGE WIND SPEED    11.6


SKY COVER
  AVERAGE SKY COVER 0.0


WEATHER CONDITIONS
 THE FOLLOWING WEATHER WAS RECORDED YESTERDAY.
  NO SIGNIFICANT WEATHER WAS OBSERVED.


RELATIVE HUMIDITY (PERCENT)
 HIGHEST    78           500 PM
 LOWEST     48          1100 AM
 AVERAGE    63

..........................................................


THE WATERTOWN NY CLIMATE NORMALS FOR TODAY
                         NORMAL    RECORD    YEAR
 MAXIMUM TEMPERATURE (F)   57        75      1995
 MINIMUM TEMPERATURE (F)   37        12      1972


SUNRISE AND SUNSET
OCTOBER 20 2017.......SUNRISE   725 AM EDT   SUNSET   612 PM EDT
OCTOBER 21 2017.......SUNRISE   727 AM EDT   SUNSET   610 PM EDT


-  INDICATES NEGATIVE NUMBERS.
R  INDICATES RECORD WAS SET OR TIED.
MM INDICATES DATA IS MISSING.
T  INDICATES TRACE AMOUNT.

$$
