565
CDUS41 KBUF 162131
CLIART


CLIMATE REPORT
NATIONAL WEATHER SERVICE BUFFALO NY
429 PM EST FRI FEB 16 2018


...................................

...THE WATERTOWN NY CLIMATE SUMMARY FOR FEBRUARY 16 2018...
VALID TODAY AS OF 0400 PM LOCAL TIME.

CLIMATE NORMAL PERIOD 1981 TO 2010
CLIMATE RECORD PERIOD 1949 TO 2018


WEATHER ITEM   OBSERVED TIME   RECORD YEAR NORMAL DEPARTURE LAST
                VALUE   (LST)  VALUE       VALUE  FROM      YEAR
                                                  NORMAL
..................................................................
TEMPERATURE (F)
 TODAY
  MAXIMUM         39    102 AM  53    1981  32      7       25
  MINIMUM         30    704 AM -36    2015  10     20        8
  AVERAGE         35                        21     14       17

PRECIPITATION (IN)
  TODAY            0.03          2.12 1954   0.08  -0.05     0.01
  MONTH TO DATE    0.68                      1.25  -0.57     1.11
  SINCE DEC 1      4.73                      7.06  -2.33     5.08
  SINCE JAN 1      2.94                      3.91  -0.97     2.89

DEGREE DAYS
 HEATING
  TODAY           30                        44    -14       48
  MONTH TO DATE  668                       724    -56      647
  SINCE DEC 1   3525                      3336    189     2936
  SINCE JUL 1   4884                      4935    -51     4278

 COOLING
  TODAY            0                         0      0        0
  MONTH TO DATE    0                         0      0        0
  SINCE DEC 1      0                         0      0        0
  SINCE JAN 1      0                         0      0        0
..................................................................


WIND (MPH)
  HIGHEST WIND SPEED    15   HIGHEST WIND DIRECTION    NW (320)
  HIGHEST GUST SPEED    20   HIGHEST GUST DIRECTION    NW (320)
  AVERAGE WIND SPEED     4.7


SKY COVER
  AVERAGE SKY COVER 0.8


WEATHER CONDITIONS
 THE FOLLOWING WEATHER WAS RECORDED TODAY.
  SNOW
  LIGHT SNOW
  FOG
  FOG W/VISIBILITY <= 1/4 MILE


RELATIVE HUMIDITY (PERCENT)
 HIGHEST   100          1200 AM
 LOWEST     69           400 PM
 AVERAGE    85

..........................................................


THE WATERTOWN NY CLIMATE NORMALS FOR TOMORROW
                         NORMAL    RECORD    YEAR
 MAXIMUM TEMPERATURE (F)   32        54      2006
 MINIMUM TEMPERATURE (F)   11       -34      1973


SUNRISE AND SUNSET
FEBRUARY 16 2018......SUNRISE   702 AM EST   SUNSET   535 PM EST
FEBRUARY 17 2018......SUNRISE   700 AM EST   SUNSET   537 PM EST


-  INDICATES NEGATIVE NUMBERS.
R  INDICATES RECORD WAS SET OR TIED.
MM INDICATES DATA IS MISSING.
T  INDICATES TRACE AMOUNT.




$$
