000
CDUS41 KBUF 030706
CLIART


CLIMATE REPORT
NATIONAL WEATHER SERVICE BUFFALO NY
305 AM EDT THU SEP 3 2015


...................................

...THE WATERTOWN NY CLIMATE SUMMARY FOR SEPTEMBER 2 2015...

CLIMATE NORMAL PERIOD 1981 TO 2010
CLIMATE RECORD PERIOD 1949 TO 2015


WEATHER ITEM   OBSERVED TIME   RECORD YEAR NORMAL DEPARTURE LAST
                VALUE   (LST)  VALUE       VALUE  FROM      YEAR
                                                  NORMAL
..................................................................
TEMPERATURE (F)
 YESTERDAY
  MAXIMUM         80    236 PM  90    1973  75      5       82
  MINIMUM         57    315 AM  31    1967  53      4       66
  AVERAGE         69                        64      5       74

PRECIPITATION (IN)
  YESTERDAY        0.00          1.08 1981   0.11  -0.11     0.18
  MONTH TO DATE    0.00                      0.21  -0.21     0.18
  SINCE SEP 1      0.00                      0.21  -0.21     0.18
  SINCE JAN 1     17.35                     22.01  -4.66    32.44

DEGREE DAYS
 HEATING
  YESTERDAY        0                         3     -3        0
  MONTH TO DATE    0                         6     -6        0
  SINCE SEP 1      0                         6     -6        0
  SINCE JUL 1     55                        78    -23       50

 COOLING
  YESTERDAY        4                         2      2        9
  MONTH TO DATE    7                         4      3       21
  SINCE SEP 1      7                         4      3       21
  SINCE JAN 1    313                       328    -15      381
..................................................................


WIND (MPH)
  HIGHEST WIND SPEED    13   HIGHEST WIND DIRECTION     W (260)
  HIGHEST GUST SPEED    16   HIGHEST GUST DIRECTION    SW (230)
  AVERAGE WIND SPEED     3.8


SKY COVER
  AVERAGE SKY COVER 0.3


WEATHER CONDITIONS
 THE FOLLOWING WEATHER WAS RECORDED YESTERDAY.
  FOG
  FOG W/VISIBILITY <= 1/4 MILE
  HAZE


RELATIVE HUMIDITY (PERCENT)
 HIGHEST    97          1200 AM
 LOWEST     71           200 PM
 AVERAGE    84

..........................................................


THE WATERTOWN NY CLIMATE NORMALS FOR TODAY
                         NORMAL    RECORD    YEAR
 MAXIMUM TEMPERATURE (F)   75        93      1953
 MINIMUM TEMPERATURE (F)   53        31      1976


SUNRISE AND SUNSET
SEPTEMBER  3 2015.....SUNRISE   629 AM EDT   SUNSET   737 PM EDT
SEPTEMBER  4 2015.....SUNRISE   630 AM EDT   SUNSET   735 PM EDT


-  INDICATES NEGATIVE NUMBERS.
R  INDICATES RECORD WAS SET OR TIED.
MM INDICATES DATA IS MISSING.
T  INDICATES TRACE AMOUNT.




$$
