457
CDUS41 KBUF 241012
CLIART


CLIMATE REPORT
NATIONAL WEATHER SERVICE BUFFALO NY
611 AM EDT SAT JUN 24 2017


...................................

...THE WATERTOWN NY CLIMATE SUMMARY FOR JUNE 23 2017...

CLIMATE NORMAL PERIOD 1981 TO 2010
CLIMATE RECORD PERIOD 1949 TO 2017


WEATHER ITEM   OBSERVED TIME   RECORD YEAR NORMAL DEPARTURE LAST
                VALUE   (LST)  VALUE       VALUE  FROM      YEAR
                                                  NORMAL
..................................................................
TEMPERATURE (F)
 YESTERDAY
  MAXIMUM         75    527 PM  91    1975  77     -2       74
  MINIMUM         66    618 AM  39    2007  55     11       45
  AVERAGE         71                        66      5       60

PRECIPITATION (IN)
  YESTERDAY        3.28R         1.45 2015   0.09   3.19     0.00
  MONTH TO DATE    5.51                      2.24   3.27     3.02
  SINCE JUN 1      5.51                      2.24   3.27     3.02
  SINCE JAN 1     21.18                     15.39   5.79    14.02

DEGREE DAYS
 HEATING
  YESTERDAY        0                         2     -2        5
  MONTH TO DATE   86                        94     -8       96
  SINCE JUN 1     86                        94     -8       96
  SINCE JUL 1   6735                      7570   -835     6736

 COOLING
  YESTERDAY        6                         3      3        0
  MONTH TO DATE   69                        38     31       27
  SINCE JUN 1     69                        38     31       27
  SINCE JAN 1     88                        49     39       57
..................................................................


WIND (MPH)
  HIGHEST WIND SPEED    17   HIGHEST WIND DIRECTION    SW (230)
  HIGHEST GUST SPEED    24   HIGHEST GUST DIRECTION    SW (220)
  AVERAGE WIND SPEED     5.4


SKY COVER
  AVERAGE SKY COVER 0.9


WEATHER CONDITIONS
 THE FOLLOWING WEATHER WAS RECORDED YESTERDAY.
  THUNDERSTORM
  HEAVY RAIN
  RAIN
  LIGHT RAIN
  FOG
  FOG W/VISIBILITY <= 1/4 MILE


RELATIVE HUMIDITY (PERCENT)
 HIGHEST   100           400 AM
 LOWEST     73          1200 AM
 AVERAGE    87

..........................................................


THE WATERTOWN NY CLIMATE NORMALS FOR TODAY
                         NORMAL    RECORD    YEAR
 MAXIMUM TEMPERATURE (F)   77        91      1999
 MINIMUM TEMPERATURE (F)   55        37      1988


SUNRISE AND SUNSET
JUNE 24 2017..........SUNRISE   522 AM EDT   SUNSET   851 PM EDT
JUNE 25 2017..........SUNRISE   523 AM EDT   SUNSET   851 PM EDT


-  INDICATES NEGATIVE NUMBERS.
R  INDICATES RECORD WAS SET OR TIED.
MM INDICATES DATA IS MISSING.
T  INDICATES TRACE AMOUNT.




$$
