000
CDUS41 KBUF 011014
CLIART


CLIMATE REPORT
NATIONAL WEATHER SERVICE BUFFALO NY
613 AM EDT SUN MAY 1 2016


...................................

...THE WATERTOWN NY CLIMATE SUMMARY FOR APRIL 30 2016...

CLIMATE NORMAL PERIOD 1981 TO 2010
CLIMATE RECORD PERIOD 1949 TO 2016


WEATHER ITEM   OBSERVED TIME   RECORD YEAR NORMAL DEPARTURE LAST
                VALUE   (LST)  VALUE       VALUE  FROM      YEAR
                                                  NORMAL
..................................................................
TEMPERATURE (F)
 YESTERDAY
  MAXIMUM         64    326 PM  87    1970  61      3       67
  MINIMUM         29    410 AM  23    2012  38     -9       34
  AVERAGE         47                        50     -3       51

PRECIPITATION (IN)
  YESTERDAY        0.00          1.40 2014   0.10  -0.10     0.00
  MONTH TO DATE    1.14                      2.90  -1.76     1.69
  SINCE MAR 1      3.79                      5.20  -1.41     2.52
  SINCE JAN 1      9.60                     10.08  -0.48     5.61

DEGREE DAYS
 HEATING
  YESTERDAY       18                        16      2       14
  MONTH TO DATE  757                       636    121      627
  SINCE MAR 1   1668                      1702    -34     1808
  SINCE JUL 1   6316                      7143   -827     7328

 COOLING
  YESTERDAY        0                         0      0        0
  MONTH TO DATE    0                         1     -1        0
  SINCE MAR 1      0                         1     -1        0
  SINCE JAN 1      0                         1     -1        0
..................................................................


WIND (MPH)
  HIGHEST WIND SPEED    15   HIGHEST WIND DIRECTION    NE (30)
  HIGHEST GUST SPEED    19   HIGHEST GUST DIRECTION     N (20)
  AVERAGE WIND SPEED     6.2


SKY COVER
  AVERAGE SKY COVER 0.2


WEATHER CONDITIONS
 THE FOLLOWING WEATHER WAS RECORDED YESTERDAY.
  NO SIGNIFICANT WEATHER WAS OBSERVED.


RELATIVE HUMIDITY (PERCENT)
 HIGHEST    82           500 AM
 LOWEST     21           400 PM
 AVERAGE    52

..........................................................


THE WATERTOWN NY CLIMATE NORMALS FOR TODAY
                         NORMAL    RECORD    YEAR
 MAXIMUM TEMPERATURE (F)   61        86      1970
 MINIMUM TEMPERATURE (F)   39        25      1969


SUNRISE AND SUNSET
MAY  1 2016...........SUNRISE   555 AM EDT   SUNSET   808 PM EDT
MAY  2 2016...........SUNRISE   554 AM EDT   SUNSET   809 PM EDT


-  INDICATES NEGATIVE NUMBERS.
R  INDICATES RECORD WAS SET OR TIED.
MM INDICATES DATA IS MISSING.
T  INDICATES TRACE AMOUNT.

$$
