000
CDUS41 KBUF 080705
CLIART


CLIMATE REPORT
NATIONAL WEATHER SERVICE BUFFALO NY
205 AM EST FRI DEC 8 2017


...................................

...THE WATERTOWN NY CLIMATE SUMMARY FOR DECEMBER 7 2017...

CLIMATE NORMAL PERIOD 1981 TO 2010
CLIMATE RECORD PERIOD 1949 TO 2017


WEATHER ITEM   OBSERVED TIME   RECORD YEAR NORMAL DEPARTURE LAST
                VALUE   (LST)  VALUE       VALUE  FROM      YEAR
                                                  NORMAL
..................................................................
TEMPERATURE (F)
 YESTERDAY
  MAXIMUM         36   1234 AM  68    1998  38     -2       42
  MINIMUM         30   1127 PM -16    2000  22      8       33
  AVERAGE         33                        30      3       38

PRECIPITATION (IN)
  YESTERDAY        0.05          1.53 1959   0.11  -0.06     0.08
  MONTH TO DATE    0.69                      0.77  -0.08     0.48
  SINCE DEC 1      0.69                      0.77  -0.08     0.48
  SINCE JAN 1     47.58                     33.70  13.88    28.81

DEGREE DAYS
 HEATING
  YESTERDAY       32                        35     -3       27
  MONTH TO DATE  190                       238    -48      202
  SINCE DEC 1    190                       238    -48      202
  SINCE JUL 1   1549                      1837   -288     1544

 COOLING
  YESTERDAY        0                         0      0        0
  MONTH TO DATE    0                         0      0        0
  SINCE DEC 1      0                         0      0        0
  SINCE JAN 1    389                       362     27      566
..................................................................


WIND (MPH)
  HIGHEST WIND SPEED    26   HIGHEST WIND DIRECTION     W (280)
  HIGHEST GUST SPEED    36   HIGHEST GUST DIRECTION     W (260)
  AVERAGE WIND SPEED    16.7


SKY COVER
  AVERAGE SKY COVER 1.0


WEATHER CONDITIONS
 THE FOLLOWING WEATHER WAS RECORDED YESTERDAY.
  HEAVY SNOW
  SNOW
  LIGHT SNOW
  FOG
  FOG W/VISIBILITY <= 1/4 MILE


RELATIVE HUMIDITY (PERCENT)
 HIGHEST    92           100 PM
 LOWEST     56           700 AM
 AVERAGE    74

..........................................................


THE WATERTOWN NY CLIMATE NORMALS FOR TODAY
                         NORMAL    RECORD    YEAR
 MAXIMUM TEMPERATURE (F)   38        63      1966
 MINIMUM TEMPERATURE (F)   21       -16      2008


SUNRISE AND SUNSET
DECEMBER  8 2017......SUNRISE   726 AM EST   SUNSET   426 PM EST
DECEMBER  9 2017......SUNRISE   727 AM EST   SUNSET   426 PM EST


-  INDICATES NEGATIVE NUMBERS.
R  INDICATES RECORD WAS SET OR TIED.
MM INDICATES DATA IS MISSING.
T  INDICATES TRACE AMOUNT.




$$
