000
CDUS41 KBUF 290706
CLIART


CLIMATE REPORT
NATIONAL WEATHER SERVICE BUFFALO NY
305 AM EDT FRI APR 29 2016


...................................

...THE WATERTOWN NY CLIMATE SUMMARY FOR APRIL 28 2016...

CLIMATE NORMAL PERIOD 1981 TO 2010
CLIMATE RECORD PERIOD 1949 TO 2016


WEATHER ITEM   OBSERVED TIME   RECORD YEAR NORMAL DEPARTURE LAST
                VALUE   (LST)  VALUE       VALUE  FROM      YEAR
                                                  NORMAL
..................................................................
TEMPERATURE (F)
 YESTERDAY
  MAXIMUM         51    310 PM  89    1990  60     -9       61
  MINIMUM         21R   446 AM  21    2012  38    -17       36
  AVERAGE         36                        49    -13       49

PRECIPITATION (IN)
  YESTERDAY        0.00          0.96 1980   0.09  -0.09      T
  MONTH TO DATE    1.14                      2.70  -1.56     1.69
  SINCE MAR 1      3.79                      5.00  -1.21     2.52
  SINCE JAN 1      9.60                      9.88  -0.28     5.61

DEGREE DAYS
 HEATING
  YESTERDAY       29                        16     13       16
  MONTH TO DATE  720                       604    116      597
  SINCE MAR 1   1631                      1670    -39     1778
  SINCE JUL 1   6279                      7111   -832     7298

 COOLING
  YESTERDAY        0                         0      0        0
  MONTH TO DATE    0                         0      0        0
  SINCE MAR 1      0                         0      0        0
  SINCE JAN 1      0                         0      0        0
..................................................................


WIND (MPH)
  HIGHEST WIND SPEED    16   HIGHEST WIND DIRECTION     N (20)
  HIGHEST GUST SPEED    21   HIGHEST GUST DIRECTION    NE (40)
  AVERAGE WIND SPEED     9.8


SKY COVER
  AVERAGE SKY COVER 0.0


WEATHER CONDITIONS
 THE FOLLOWING WEATHER WAS RECORDED YESTERDAY.
  NO SIGNIFICANT WEATHER WAS OBSERVED.


RELATIVE HUMIDITY (PERCENT)
 HIGHEST    96           500 AM
 LOWEST     32           300 PM
 AVERAGE    64

..........................................................


THE WATERTOWN NY CLIMATE NORMALS FOR TODAY
                         NORMAL    RECORD    YEAR
 MAXIMUM TEMPERATURE (F)   60        86      1990
 MINIMUM TEMPERATURE (F)   38        22      2001


SUNRISE AND SUNSET
APRIL 29 2016.........SUNRISE   558 AM EDT   SUNSET   806 PM EDT
APRIL 30 2016.........SUNRISE   556 AM EDT   SUNSET   807 PM EDT


-  INDICATES NEGATIVE NUMBERS.
R  INDICATES RECORD WAS SET OR TIED.
MM INDICATES DATA IS MISSING.
T  INDICATES TRACE AMOUNT.




$$
