000
CDUS41 KBUF 220705
CLIART


CLIMATE REPORT
NATIONAL WEATHER SERVICE BUFFALO NY
305 AM EDT WED MAR 22 2017


...................................

...THE WATERTOWN NY CLIMATE SUMMARY FOR MARCH 21 2017...

CLIMATE NORMAL PERIOD 1981 TO 2010
CLIMATE RECORD PERIOD 1949 TO 2017


WEATHER ITEM   OBSERVED TIME   RECORD YEAR NORMAL DEPARTURE LAST
                VALUE   (LST)  VALUE       VALUE  FROM      YEAR
                                                  NORMAL
..................................................................
TEMPERATURE (F)
 YESTERDAY
  MAXIMUM         42    547 PM  76    2012  43     -1       41
  MINIMUM         31   1159 PM  -1    1988  23      8       14
  AVERAGE         37                        33      4       28

PRECIPITATION (IN)
  YESTERDAY        T             0.61 1998   0.08  -0.08      T
  MONTH TO DATE    1.48                      1.55  -0.07     1.20
  SINCE MAR 1      1.48                      1.55  -0.07     1.20
  SINCE JAN 1      5.11                      6.43  -1.32     7.01

DEGREE DAYS
 HEATING
  YESTERDAY       28                        32     -4       37
  MONTH TO DATE  855                       767     88      662
  SINCE MAR 1    855                       767     88      662
  SINCE JUL 1   5466                      6208   -742     5310

 COOLING
  YESTERDAY        0                         0      0        0
  MONTH TO DATE    0                         0      0        0
  SINCE MAR 1      0                         0      0        0
  SINCE JAN 1      0                         0      0        0
..................................................................


WIND (MPH)
  HIGHEST WIND SPEED    23   HIGHEST WIND DIRECTION    NW (330)
  HIGHEST GUST SPEED    29   HIGHEST GUST DIRECTION     W (270)
  AVERAGE WIND SPEED     8.7


SKY COVER
  AVERAGE SKY COVER 0.9


WEATHER CONDITIONS
 THE FOLLOWING WEATHER WAS RECORDED YESTERDAY.
  LIGHT RAIN
  FOG
  HAZE


RELATIVE HUMIDITY (PERCENT)
 HIGHEST   100          1000 AM
 LOWEST     64           800 PM
 AVERAGE    82

..........................................................


THE WATERTOWN NY CLIMATE NORMALS FOR TODAY
                         NORMAL    RECORD    YEAR
 MAXIMUM TEMPERATURE (F)   43        70      2012
 MINIMUM TEMPERATURE (F)   23         0      1988


SUNRISE AND SUNSET
MARCH 22 2017.........SUNRISE   703 AM EDT   SUNSET   719 PM EDT
MARCH 23 2017.........SUNRISE   701 AM EDT   SUNSET   721 PM EDT


-  INDICATES NEGATIVE NUMBERS.
R  INDICATES RECORD WAS SET OR TIED.
MM INDICATES DATA IS MISSING.
T  INDICATES TRACE AMOUNT.




$$
