000
CDUS41 KBUF 181026
CLIART


CLIMATE REPORT
NATIONAL WEATHER SERVICE BUFFALO NY
524 AM EST WED JAN 18 2017


...................................

...THE WATERTOWN NY CLIMATE SUMMARY FOR JANUARY 17 2017...

CLIMATE NORMAL PERIOD 1981 TO 2010
CLIMATE RECORD PERIOD 1949 TO 2017


WEATHER ITEM   OBSERVED TIME   RECORD YEAR NORMAL DEPARTURE LAST
                VALUE   (LST)  VALUE       VALUE  FROM      YEAR
                                                  NORMAL
..................................................................
TEMPERATURE (F)
 YESTERDAY
  MAXIMUM         37   1213 PM  52    1990  29      8       33
  MINIMUM         17    135 AM -25    1971   9      8       19
  AVERAGE         27                        19      8       26

PRECIPITATION (IN)
  YESTERDAY        T             0.85 1997   0.09  -0.09     0.04
  MONTH TO DATE    1.09                      1.53  -0.44     1.42
  SINCE DEC 1      3.28                      4.68  -1.40     3.86
  SINCE JAN 1      1.09                      1.53  -0.44     1.42

DEGREE DAYS
 HEATING
  YESTERDAY       38                        46     -8       39
  MONTH TO DATE  701                       767    -66      678
  SINCE DEC 1   1818                      1964   -146     1458
  SINCE JUL 1   3160                      3563   -403     2825

 COOLING
  YESTERDAY        0                         0      0        0
  MONTH TO DATE    0                         0      0        0
  SINCE DEC 1      0                         0      0        0
  SINCE JAN 1      0                         0      0        0
..................................................................


WIND (MPH)
  HIGHEST WIND SPEED    16   HIGHEST WIND DIRECTION    NE (50)
  HIGHEST GUST SPEED    20   HIGHEST GUST DIRECTION    NE (60)
  AVERAGE WIND SPEED     5.4


SKY COVER
  AVERAGE SKY COVER 0.6


WEATHER CONDITIONS
 THE FOLLOWING WEATHER WAS RECORDED YESTERDAY.
  RAIN
  LIGHT RAIN
  FOG
  HAZE


RELATIVE HUMIDITY (PERCENT)
 HIGHEST   100           200 AM
 LOWEST     52           100 PM
 AVERAGE    76

..........................................................


THE WATERTOWN NY CLIMATE NORMALS FOR TODAY
                         NORMAL    RECORD    YEAR
 MAXIMUM TEMPERATURE (F)   29        59      1973
 MINIMUM TEMPERATURE (F)    9       -30      1997


SUNRISE AND SUNSET
JANUARY 18 2017.......SUNRISE   734 AM EST   SUNSET   456 PM EST
JANUARY 19 2017.......SUNRISE   733 AM EST   SUNSET   457 PM EST


-  INDICATES NEGATIVE NUMBERS.
R  INDICATES RECORD WAS SET OR TIED.
MM INDICATES DATA IS MISSING.
T  INDICATES TRACE AMOUNT.




$$
