000
CDUS41 KBUF 211021
CLIART


CLIMATE REPORT
NATIONAL WEATHER SERVICE BUFFALO NY
616 AM EDT MON JUL 21 2014


...................................

...THE WATERTOWN NY CLIMATE SUMMARY FOR JULY 20 2014...

CLIMATE NORMAL PERIOD 1981 TO 2010
CLIMATE RECORD PERIOD 1949 TO 2014


WEATHER ITEM   OBSERVED TIME   RECORD YEAR NORMAL DEPARTURE LAST
                VALUE   (LST)  VALUE       VALUE  FROM      YEAR
                                                  NORMAL
..................................................................
TEMPERATURE (F)
 YESTERDAY
  MAXIMUM         82    227 PM  93    1978  80      2       80
  MINIMUM         65    240 AM  42    1962  59      6       63
  AVERAGE         74                        69      5       72

PRECIPITATION (IN)
  YESTERDAY        T             1.53 2008   0.08  -0.08     0.10
  MONTH TO DATE    3.49                      1.65   1.84     1.72
  SINCE JUN 1      6.40                      4.50   1.90     7.76
  SINCE JAN 1     25.00                     17.65   7.35    18.38

DEGREE DAYS
 HEATING
  YESTERDAY        0                         1     -1        0
  MONTH TO DATE   13                        21     -8        0
  SINCE JUN 1     75                       128    -53      103
  SINCE JUL 1     13                        21     -8        0

 COOLING
  YESTERDAY        9                         5      4        7
  MONTH TO DATE   91                        89      2      202
  SINCE JUN 1    203                       151     52      276
  SINCE JAN 1    226                       162     64      308
..................................................................


WIND (MPH)
  HIGHEST WIND SPEED    13   HIGHEST WIND DIRECTION    SW (220)
  HIGHEST GUST SPEED    18   HIGHEST GUST DIRECTION    SW (230)
  AVERAGE WIND SPEED     4.9


SKY COVER
  AVERAGE SKY COVER 0.5


WEATHER CONDITIONS
 THE FOLLOWING WEATHER WAS RECORDED YESTERDAY.
  NO SIGNIFICANT WEATHER WAS OBSERVED.


RELATIVE HUMIDITY (PERCENT)
 HIGHEST    84          1200 AM
 LOWEST     42           100 PM
 AVERAGE    63

..........................................................


THE WATERTOWN NY CLIMATE NORMALS FOR TODAY
                         NORMAL    RECORD    YEAR
 MAXIMUM TEMPERATURE (F)   80        94      1994
 MINIMUM TEMPERATURE (F)   59        45      1966


SUNRISE AND SUNSET
JULY 21 2014..........SUNRISE   541 AM EDT   SUNSET   840 PM EDT
JULY 22 2014..........SUNRISE   542 AM EDT   SUNSET   839 PM EDT


-  INDICATES NEGATIVE NUMBERS.
R  INDICATES RECORD WAS SET OR TIED.
MM INDICATES DATA IS MISSING.
T  INDICATES TRACE AMOUNT.




$$
