817
CDUS41 KBUF 280705
CLIART


CLIMATE REPORT
NATIONAL WEATHER SERVICE BUFFALO NY
305 AM EDT FRI APR 28 2017


...................................

...THE WATERTOWN NY CLIMATE SUMMARY FOR APRIL 27 2017...

CLIMATE NORMAL PERIOD 1981 TO 2010
CLIMATE RECORD PERIOD 1949 TO 2017


WEATHER ITEM   OBSERVED TIME   RECORD YEAR NORMAL DEPARTURE LAST
                VALUE   (LST)  VALUE       VALUE  FROM      YEAR
                                                  NORMAL
..................................................................
TEMPERATURE (F)
 YESTERDAY
  MAXIMUM         86R   338 PM  85    2009  60     26       47
  MINIMUM         50    153 AM  19    1972  37     13       23
  AVERAGE         68                        48     20       35

PRECIPITATION (IN)
  YESTERDAY        0.30          0.98 1954   0.10   0.20     0.00
  MONTH TO DATE    3.98                      2.61   1.37     1.14
  SINCE MAR 1      6.33                      4.91   1.42     3.79
  SINCE JAN 1      9.96                      9.79   0.17     9.60

DEGREE DAYS
 HEATING
  YESTERDAY        0                        17    -17       30
  MONTH TO DATE  474                       588   -114      691
  SINCE MAR 1   1648                      1654     -6     1602
  SINCE JUL 1   6259                      7095   -836     6250

 COOLING
  YESTERDAY        3                         0      3        0
  MONTH TO DATE    7                         0      7        0
  SINCE MAR 1      7                         0      7        0
  SINCE JAN 1      7                         0      7        0
..................................................................


WIND (MPH)
  HIGHEST WIND SPEED    21   HIGHEST WIND DIRECTION    SW (230)
  HIGHEST GUST SPEED    29   HIGHEST GUST DIRECTION     S (160)
  AVERAGE WIND SPEED     7.1


SKY COVER
  AVERAGE SKY COVER 0.1


WEATHER CONDITIONS
 THE FOLLOWING WEATHER WAS RECORDED YESTERDAY.
  THUNDERSTORM
  HEAVY RAIN
  RAIN
  LIGHT RAIN
  FOG


RELATIVE HUMIDITY (PERCENT)
 HIGHEST   100          1200 AM
 LOWEST     37           400 PM
 AVERAGE    69

..........................................................


THE WATERTOWN NY CLIMATE NORMALS FOR TODAY
                         NORMAL    RECORD    YEAR
 MAXIMUM TEMPERATURE (F)   60        89      1990
 MINIMUM TEMPERATURE (F)   38        21      2016
                                             2012


SUNRISE AND SUNSET
APRIL 28 2017.........SUNRISE   600 AM EDT   SUNSET   804 PM EDT
APRIL 29 2017.........SUNRISE   558 AM EDT   SUNSET   805 PM EDT


-  INDICATES NEGATIVE NUMBERS.
R  INDICATES RECORD WAS SET OR TIED.
MM INDICATES DATA IS MISSING.
T  INDICATES TRACE AMOUNT.




$$
