000
CDUS41 KBUF 220705
CLIART


CLIMATE REPORT
NATIONAL WEATHER SERVICE BUFFALO NY
305 AM EDT SAT JUL 22 2017


...................................

...THE WATERTOWN NY CLIMATE SUMMARY FOR JULY 21 2017...

CLIMATE NORMAL PERIOD 1981 TO 2010
CLIMATE RECORD PERIOD 1949 TO 2017


WEATHER ITEM   OBSERVED TIME   RECORD YEAR NORMAL DEPARTURE LAST
                VALUE   (LST)  VALUE       VALUE  FROM      YEAR
                                                  NORMAL
..................................................................
TEMPERATURE (F)
 YESTERDAY
  MAXIMUM         79    139 PM  94    1994  80     -1       88
  MINIMUM         61   1251 AM  45    1966  59      2       60
  AVERAGE         70                        69      1       74

PRECIPITATION (IN)
  YESTERDAY        T             1.02 1995   0.09  -0.09     0.00
  MONTH TO DATE    3.06                      1.74   1.32     0.32
  SINCE JUN 1      9.24                      4.59   4.65     3.92
  SINCE JAN 1     24.91                     17.74   7.17    14.92

DEGREE DAYS
 HEATING
  YESTERDAY        0                         1     -1        0
  MONTH TO DATE    2                        22    -20        5
  SINCE JUN 1    104                       129    -25      103
  SINCE JUL 1      2                        22    -20        5

 COOLING
  YESTERDAY        5                         5      0        9
  MONTH TO DATE   99                        94      5      123
  SINCE JUN 1    179                       156     23      170
  SINCE JAN 1    198                       167     31      200
..................................................................


WIND (MPH)
  HIGHEST WIND SPEED    18   HIGHEST WIND DIRECTION    SW (230)
  HIGHEST GUST SPEED    26   HIGHEST GUST DIRECTION    SW (230)
  AVERAGE WIND SPEED     8.4


SKY COVER
  AVERAGE SKY COVER 0.1


WEATHER CONDITIONS
 THE FOLLOWING WEATHER WAS RECORDED YESTERDAY.
  LIGHT RAIN
  FOG
  HAZE


RELATIVE HUMIDITY (PERCENT)
 HIGHEST   100           300 AM
 LOWEST     67           100 PM
 AVERAGE    84

..........................................................


THE WATERTOWN NY CLIMATE NORMALS FOR TODAY
                         NORMAL    RECORD    YEAR
 MAXIMUM TEMPERATURE (F)   80        94      1955
 MINIMUM TEMPERATURE (F)   59        46      1997


SUNRISE AND SUNSET
JULY 22 2017..........SUNRISE   542 AM EDT   SUNSET   838 PM EDT
JULY 23 2017..........SUNRISE   543 AM EDT   SUNSET   837 PM EDT


-  INDICATES NEGATIVE NUMBERS.
R  INDICATES RECORD WAS SET OR TIED.
MM INDICATES DATA IS MISSING.
T  INDICATES TRACE AMOUNT.




$$
