000
CDUS41 KBUF 181013
CLIART


CLIMATE REPORT
NATIONAL WEATHER SERVICE BUFFALO NY
613 AM EDT TUE APR 18 2017


...................................

...THE WATERTOWN NY CLIMATE SUMMARY FOR APRIL 17 2017...

CLIMATE NORMAL PERIOD 1981 TO 2010
CLIMATE RECORD PERIOD 1949 TO 2017


WEATHER ITEM   OBSERVED TIME   RECORD YEAR NORMAL DEPARTURE LAST
                VALUE   (LST)  VALUE       VALUE  FROM      YEAR
                                                  NORMAL
..................................................................
TEMPERATURE (F)
 YESTERDAY
  MAXIMUM         54   1219 AM  80    1960  55     -1       68
  MINIMUM         35   1159 PM  19    1980  34      1       31
  AVERAGE         45                        45      0       50

PRECIPITATION (IN)
  YESTERDAY        0.00          0.63 1960   0.10  -0.10     0.00
  MONTH TO DATE    3.03                      1.66   1.37     0.81
  SINCE MAR 1      5.38                      3.96   1.42     3.46
  SINCE JAN 1      9.01                      8.84   0.17     9.27

DEGREE DAYS
 HEATING
  YESTERDAY       20                        20      0       15
  MONTH TO DATE  315                       405    -90      483
  SINCE MAR 1   1489                      1471     18     1394
  SINCE JUL 1   6100                      6912   -812     6042

 COOLING
  YESTERDAY        0                         0      0        0
  MONTH TO DATE    4                         0      4        0
  SINCE MAR 1      4                         0      4        0
  SINCE JAN 1      4                         0      4        0
..................................................................


WIND (MPH)
  HIGHEST WIND SPEED    18   HIGHEST WIND DIRECTION    NE (40)
  HIGHEST GUST SPEED    27   HIGHEST GUST DIRECTION     W (260)
  AVERAGE WIND SPEED    11.0


SKY COVER
  AVERAGE SKY COVER 0.8


WEATHER CONDITIONS
 THE FOLLOWING WEATHER WAS RECORDED YESTERDAY.
  NO SIGNIFICANT WEATHER WAS OBSERVED.


RELATIVE HUMIDITY (PERCENT)
 HIGHEST   100           300 AM
 LOWEST     64           900 PM
 AVERAGE    82

..........................................................


THE WATERTOWN NY CLIMATE NORMALS FOR TODAY
                         NORMAL    RECORD    YEAR
 MAXIMUM TEMPERATURE (F)   56        84      1976
 MINIMUM TEMPERATURE (F)   34        24      2012
                                             1995


SUNRISE AND SUNSET
APRIL 18 2017.........SUNRISE   615 AM EDT   SUNSET   752 PM EDT
APRIL 19 2017.........SUNRISE   614 AM EDT   SUNSET   753 PM EDT


-  INDICATES NEGATIVE NUMBERS.
R  INDICATES RECORD WAS SET OR TIED.
MM INDICATES DATA IS MISSING.
T  INDICATES TRACE AMOUNT.




$$
