000
CDUS41 KBUF 181010
CLIART


CLIMATE REPORT
NATIONAL WEATHER SERVICE BUFFALO NY
610 AM EDT WED OCT 18 2017


...................................

...THE WATERTOWN NY CLIMATE SUMMARY FOR OCTOBER 17 2017...

CLIMATE NORMAL PERIOD 1981 TO 2010
CLIMATE RECORD PERIOD 1949 TO 2017


WEATHER ITEM   OBSERVED TIME   RECORD YEAR NORMAL DEPARTURE LAST
                VALUE   (LST)  VALUE       VALUE  FROM      YEAR
                                                  NORMAL
..................................................................
TEMPERATURE (F)
 YESTERDAY
  MAXIMUM         60    310 PM  78    1980  58      2       64
  MINIMUM         28    313 AM  20    1997  38    -10       49
  AVERAGE         44                        48     -4       57

PRECIPITATION (IN)
  YESTERDAY        0.00          0.82 2016   0.11  -0.11     0.82
  MONTH TO DATE    5.56                      2.09   3.47     2.57
  SINCE SEP 1      6.85                      5.81   1.04     5.02
  SINCE JAN 1     37.58                     27.61   9.97    24.05

DEGREE DAYS
 HEATING
  YESTERDAY       21                        17      4        8
  MONTH TO DATE  145                       249   -104      173
  SINCE SEP 1    292                       451   -159      317
  SINCE JUL 1    362                       523   -161      328

 COOLING
  YESTERDAY        0                         0      0        0
  MONTH TO DATE    5                         0      5        0
  SINCE SEP 1     58                        35     23       47
  SINCE JAN 1    388                       359     29      561
..................................................................


WIND (MPH)
  HIGHEST WIND SPEED    23   HIGHEST WIND DIRECTION    SW (210)
  HIGHEST GUST SPEED    33   HIGHEST GUST DIRECTION    SW (210)
  AVERAGE WIND SPEED     9.3


SKY COVER
  AVERAGE SKY COVER 0.1


WEATHER CONDITIONS
 THE FOLLOWING WEATHER WAS RECORDED YESTERDAY.
  NO SIGNIFICANT WEATHER WAS OBSERVED.


RELATIVE HUMIDITY (PERCENT)
 HIGHEST   100          1200 AM
 LOWEST     47          1200 PM
 AVERAGE    74

..........................................................


THE WATERTOWN NY CLIMATE NORMALS FOR TODAY
                         NORMAL    RECORD    YEAR
 MAXIMUM TEMPERATURE (F)   57        80      1998
 MINIMUM TEMPERATURE (F)   38        16      1972


SUNRISE AND SUNSET
OCTOBER 18 2017.......SUNRISE   723 AM EDT   SUNSET   615 PM EDT
OCTOBER 19 2017.......SUNRISE   724 AM EDT   SUNSET   613 PM EDT


-  INDICATES NEGATIVE NUMBERS.
R  INDICATES RECORD WAS SET OR TIED.
MM INDICATES DATA IS MISSING.
T  INDICATES TRACE AMOUNT.




$$
