000
CDUS41 KBUF 250706
CLIART


CLIMATE REPORT
NATIONAL WEATHER SERVICE BUFFALO NY
305 AM EDT WED MAR 25 2015


...................................

...THE WATERTOWN NY CLIMATE SUMMARY FOR MARCH 24 2015...

CLIMATE NORMAL PERIOD 1981 TO 2010
CLIMATE RECORD PERIOD 1949 TO 2015


WEATHER ITEM   OBSERVED TIME   RECORD YEAR NORMAL DEPARTURE LAST
                VALUE   (LST)  VALUE       VALUE  FROM      YEAR
                                                  NORMAL
..................................................................
TEMPERATURE (F)
 YESTERDAY
  MAXIMUM         33    354 PM  70    1976  44    -11       25
  MINIMUM          5    604 AM  -3    1965  24    -19        5
  AVERAGE         19                        34    -15       15

PRECIPITATION (IN)
  YESTERDAY        0.00          0.83 1953   0.08  -0.08      T
  MONTH TO DATE    0.43                      1.77  -1.34     1.19
  SINCE MAR 1      0.43                      1.77  -1.34     1.19
  SINCE JAN 1      3.52                      6.65  -3.13     8.29

DEGREE DAYS
 HEATING
  YESTERDAY       46                        31     15       50
  MONTH TO DATE  944                       862     82     1068
  SINCE MAR 1    944                       862     82     1068
  SINCE JUL 1   6464                      6303    161     6739

 COOLING
  YESTERDAY        0                         0      0        0
  MONTH TO DATE    0                         0      0        0
  SINCE MAR 1      0                         0      0        0
  SINCE JAN 1      0                         0      0        0
..................................................................


WIND (MPH)
  HIGHEST WIND SPEED    10   HIGHEST WIND DIRECTION     W (260)
  HIGHEST GUST SPEED    13   HIGHEST GUST DIRECTION     W (260)
  AVERAGE WIND SPEED     2.4


SKY COVER
  AVERAGE SKY COVER 0.0


WEATHER CONDITIONS
 THE FOLLOWING WEATHER WAS RECORDED YESTERDAY.
  NO SIGNIFICANT WEATHER WAS OBSERVED.


RELATIVE HUMIDITY (PERCENT)
 HIGHEST    88           400 AM
 LOWEST     39           100 PM
 AVERAGE    64

..........................................................


THE WATERTOWN NY CLIMATE NORMALS FOR TODAY
                         NORMAL    RECORD    YEAR
 MAXIMUM TEMPERATURE (F)   44        72      1988
 MINIMUM TEMPERATURE (F)   25         0      1960


SUNRISE AND SUNSET
MARCH 25 2015.........SUNRISE   659 AM EDT   SUNSET   722 PM EDT
MARCH 26 2015.........SUNRISE   657 AM EDT   SUNSET   724 PM EDT


-  INDICATES NEGATIVE NUMBERS.
R  INDICATES RECORD WAS SET OR TIED.
MM INDICATES DATA IS MISSING.
T  INDICATES TRACE AMOUNT.




$$
