080
CDUS41 KBUF 160705
CLIART


CLIMATE REPORT
NATIONAL WEATHER SERVICE BUFFALO NY
205 AM EST FRI FEB 16 2018


...................................

...THE WATERTOWN NY CLIMATE SUMMARY FOR FEBRUARY 15 2018...

CLIMATE NORMAL PERIOD 1981 TO 2010
CLIMATE RECORD PERIOD 1949 TO 2018


WEATHER ITEM   OBSERVED TIME   RECORD YEAR NORMAL DEPARTURE LAST
                VALUE   (LST)  VALUE       VALUE  FROM      YEAR
                                                  NORMAL
..................................................................
TEMPERATURE (F)
 YESTERDAY
  MAXIMUM         47    928 AM  56    1954  32     15       36
  MINIMUM         22    225 AM -30    1987  10     12       25
  AVERAGE         35                        21     14       31

PRECIPITATION (IN)
  YESTERDAY        T             0.65 1992   0.08  -0.08     0.03
  MONTH TO DATE    0.65                      1.17  -0.52     1.10
  SINCE DEC 1      4.70                      6.98  -2.28     5.07
  SINCE JAN 1      2.91                      3.83  -0.92     2.88

DEGREE DAYS
 HEATING
  YESTERDAY       30                        44    -14       34
  MONTH TO DATE  638                       680    -42      599
  SINCE DEC 1   3495                      3292    203     2888
  SINCE JUL 1   4854                      4891    -37     4230

 COOLING
  YESTERDAY        0                         0      0        0
  MONTH TO DATE    0                         0      0        0
  SINCE DEC 1      0                         0      0        0
  SINCE JAN 1      0                         0      0        0
..................................................................


WIND (MPH)
  HIGHEST WIND SPEED    26   HIGHEST WIND DIRECTION    SW (230)
  HIGHEST GUST SPEED    39   HIGHEST GUST DIRECTION    SW (230)
  AVERAGE WIND SPEED     7.3


SKY COVER
  AVERAGE SKY COVER 0.8


WEATHER CONDITIONS
 THE FOLLOWING WEATHER WAS RECORDED YESTERDAY.
  LIGHT RAIN
  FOG
  FOG W/VISIBILITY <= 1/4 MILE


RELATIVE HUMIDITY (PERCENT)
 HIGHEST   100          1200 AM
 LOWEST     82          1000 AM
 AVERAGE    91

..........................................................


THE WATERTOWN NY CLIMATE NORMALS FOR TODAY
                         NORMAL    RECORD    YEAR
 MAXIMUM TEMPERATURE (F)   32        53      1981
 MINIMUM TEMPERATURE (F)   10       -36      2015


SUNRISE AND SUNSET
FEBRUARY 16 2018......SUNRISE   702 AM EST   SUNSET   535 PM EST
FEBRUARY 17 2018......SUNRISE   700 AM EST   SUNSET   537 PM EST


-  INDICATES NEGATIVE NUMBERS.
R  INDICATES RECORD WAS SET OR TIED.
MM INDICATES DATA IS MISSING.
T  INDICATES TRACE AMOUNT.




$$
