000
CDUS41 KBUF 200706
CLIART


CLIMATE REPORT
NATIONAL WEATHER SERVICE BUFFALO NY
305 AM EDT WED MAY 20 2015


...................................

...THE WATERTOWN NY CLIMATE SUMMARY FOR MAY 19 2015...

CLIMATE NORMAL PERIOD 1981 TO 2010
CLIMATE RECORD PERIOD 1949 TO 2015


WEATHER ITEM   OBSERVED TIME   RECORD YEAR NORMAL DEPARTURE LAST
                VALUE   (LST)  VALUE       VALUE  FROM      YEAR
                                                  NORMAL
..................................................................
TEMPERATURE (F)
 YESTERDAY
  MAXIMUM         70   1254 AM  86    1996  67      3       64
  MINIMUM         50   1159 PM  31    2007  44      6       44
  AVERAGE         60                        56      4       54

PRECIPITATION (IN)
  YESTERDAY        0.00          1.64 1976   0.10  -0.10     0.00
  MONTH TO DATE    0.65                      1.81  -1.16     2.72
  SINCE MAR 1      3.17                      7.01  -3.84    10.76
  SINCE JAN 1      6.26                     11.89  -5.63    17.86

DEGREE DAYS
 HEATING
  YESTERDAY        5                        10     -5       11
  MONTH TO DATE  124                       236   -112      197
  SINCE MAR 1   1932                      1938     -6     2121
  SINCE JUL 1   7452                      7379     73     7792

 COOLING
  YESTERDAY        0                         0      0        0
  MONTH TO DATE   18                         0     18       20
  SINCE MAR 1     18                         1     17       20
  SINCE JAN 1     18                         1     17       20
..................................................................


WIND (MPH)
  HIGHEST WIND SPEED    25   HIGHEST WIND DIRECTION     W (270)
  HIGHEST GUST SPEED    34   HIGHEST GUST DIRECTION     W (270)
  AVERAGE WIND SPEED    12.7


SKY COVER
  AVERAGE SKY COVER 0.4


WEATHER CONDITIONS
 THE FOLLOWING WEATHER WAS RECORDED YESTERDAY.
  FOG


RELATIVE HUMIDITY (PERCENT)
 HIGHEST    93           900 AM
 LOWEST     52           100 PM
 AVERAGE    73

..........................................................


THE WATERTOWN NY CLIMATE NORMALS FOR TODAY
                         NORMAL    RECORD    YEAR
 MAXIMUM TEMPERATURE (F)   67        86      1962
 MINIMUM TEMPERATURE (F)   45        28      2002


SUNRISE AND SUNSET
MAY 20 2015...........SUNRISE   533 AM EDT   SUNSET   829 PM EDT
MAY 21 2015...........SUNRISE   532 AM EDT   SUNSET   830 PM EDT


-  INDICATES NEGATIVE NUMBERS.
R  INDICATES RECORD WAS SET OR TIED.
MM INDICATES DATA IS MISSING.
T  INDICATES TRACE AMOUNT.




$$
