000
CDUS41 KBUF 131013
CLIART


CLIMATE REPORT
NATIONAL WEATHER SERVICE BUFFALO NY
611 AM EDT SAT SEP 13 2014


...................................

...THE WATERTOWN NY CLIMATE SUMMARY FOR SEPTEMBER 12 2014...

CLIMATE NORMAL PERIOD 1981 TO 2010
CLIMATE RECORD PERIOD 1949 TO 2014


WEATHER ITEM   OBSERVED TIME   RECORD YEAR NORMAL DEPARTURE LAST
                VALUE   (LST)  VALUE       VALUE  FROM      YEAR
                                                  NORMAL
..................................................................
TEMPERATURE (F)
 YESTERDAY
  MAXIMUM         57   1051 AM  85    1951  72    -15       74
  MINIMUM         42   1159 PM  33    2002  50     -8       62
  AVERAGE         50                        61    -11       68

PRECIPITATION (IN)
  YESTERDAY        0.00          0.96 1953   0.12  -0.12     0.15
  MONTH TO DATE    0.74                      1.31  -0.57     1.27
  SINCE SEP 1      0.74                      1.31  -0.57     1.27
  SINCE JAN 1     33.00                     23.11   9.89    23.07

DEGREE DAYS
 HEATING
  YESTERDAY       15                         5     10        0
  MONTH TO DATE   25                        48    -23       44
  SINCE SEP 1     25                        48    -23       44
  SINCE JUL 1     75                       120    -45       87

 COOLING
  YESTERDAY        0                         1     -1        3
  MONTH TO DATE   52                        22     30       48
  SINCE SEP 1     52                        22     30       48
  SINCE JAN 1    412                       346     66      481
..................................................................


WIND (MPH)
  HIGHEST WIND SPEED    14   HIGHEST WIND DIRECTION     N (10)
  HIGHEST GUST SPEED    18   HIGHEST GUST DIRECTION    NE (30)
  AVERAGE WIND SPEED     6.6


SKY COVER
  AVERAGE SKY COVER 0.7


WEATHER CONDITIONS
 THE FOLLOWING WEATHER WAS RECORDED YESTERDAY.
  NO SIGNIFICANT WEATHER WAS OBSERVED.


RELATIVE HUMIDITY (PERCENT)
 HIGHEST    83           600 AM
 LOWEST     55          1000 AM
 AVERAGE    69

..........................................................


THE WATERTOWN NY CLIMATE NORMALS FOR TODAY
                         NORMAL    RECORD    YEAR
 MAXIMUM TEMPERATURE (F)   72        89      1951
 MINIMUM TEMPERATURE (F)   50        32      1964


SUNRISE AND SUNSET
SEPTEMBER 13 2014.....SUNRISE   641 AM EDT   SUNSET   718 PM EDT
SEPTEMBER 14 2014.....SUNRISE   642 AM EDT   SUNSET   716 PM EDT


-  INDICATES NEGATIVE NUMBERS.
R  INDICATES RECORD WAS SET OR TIED.
MM INDICATES DATA IS MISSING.
T  INDICATES TRACE AMOUNT.




$$
