000
CDUS41 KBUF 161013
CLIART


CLIMATE REPORT
NATIONAL WEATHER SERVICE BUFFALO NY
613 AM EDT WED AUG 16 2017


...................................

...THE WATERTOWN NY CLIMATE SUMMARY FOR AUGUST 15 2017...

CLIMATE NORMAL PERIOD 1981 TO 2010
CLIMATE RECORD PERIOD 1949 TO 2017


WEATHER ITEM   OBSERVED TIME   RECORD YEAR NORMAL DEPARTURE LAST
                VALUE   (LST)  VALUE       VALUE  FROM      YEAR
                                                  NORMAL
..................................................................
TEMPERATURE (F)
 YESTERDAY
  MAXIMUM         79    231 PM  93    1978  78      1       82
  MINIMUM         61   1159 PM  41    1972  57      4       60
  AVERAGE         70                        68      2       71

PRECIPITATION (IN)
  YESTERDAY        0.00          1.12 1981   0.10  -0.10     0.00
  MONTH TO DATE    1.23                      1.53  -0.30     0.90
  SINCE JUN 1     12.19                      7.03   5.16     4.90
  SINCE JAN 1     27.86                     20.18   7.68    15.90

DEGREE DAYS
 HEATING
  YESTERDAY        0                         1     -1        0
  MONTH TO DATE    4                        15    -11        0
  SINCE JUN 1    117                       148    -31      103
  SINCE JUL 1     15                        41    -26        5

 COOLING
  YESTERDAY        5                         4      1        6
  MONTH TO DATE   66                        63      3      142
  SINCE JUN 1    270                       264      6      391
  SINCE JAN 1    289                       275     14      421
..................................................................


WIND (MPH)
  HIGHEST WIND SPEED    13   HIGHEST WIND DIRECTION     W (260)
  HIGHEST GUST SPEED    17   HIGHEST GUST DIRECTION     S (190)
  AVERAGE WIND SPEED     6.2


SKY COVER
  AVERAGE SKY COVER 0.3


WEATHER CONDITIONS
 THE FOLLOWING WEATHER WAS RECORDED YESTERDAY.
  FOG
  FOG W/VISIBILITY <= 1/4 MILE


RELATIVE HUMIDITY (PERCENT)
 HIGHEST   100          1000 PM
 LOWEST     60           300 PM
 AVERAGE    80

..........................................................


THE WATERTOWN NY CLIMATE NORMALS FOR TODAY
                         NORMAL    RECORD    YEAR
 MAXIMUM TEMPERATURE (F)   78        90      1987
 MINIMUM TEMPERATURE (F)   57        39      1979


SUNRISE AND SUNSET
AUGUST 16 2017........SUNRISE   609 AM EDT   SUNSET   806 PM EDT
AUGUST 17 2017........SUNRISE   611 AM EDT   SUNSET   805 PM EDT


-  INDICATES NEGATIVE NUMBERS.
R  INDICATES RECORD WAS SET OR TIED.
MM INDICATES DATA IS MISSING.
T  INDICATES TRACE AMOUNT.




$$
