789
CDUS41 KBUF 191011
CLIART


CLIMATE REPORT
NATIONAL WEATHER SERVICE BUFFALO NY
610 AM EDT FRI MAY 19 2017


...................................

...THE WATERTOWN NY CLIMATE SUMMARY FOR MAY 18 2017...

CLIMATE NORMAL PERIOD 1981 TO 2010
CLIMATE RECORD PERIOD 1949 TO 2017


WEATHER ITEM   OBSERVED TIME   RECORD YEAR NORMAL DEPARTURE LAST
                VALUE   (LST)  VALUE       VALUE  FROM      YEAR
                                                  NORMAL
..................................................................
TEMPERATURE (F)
 YESTERDAY
  MAXIMUM         84    126 PM  86    1949  67     17       62
  MINIMUM         61   1159 PM  28    1981  44     17       32
  AVERAGE         73                        55     18       47

PRECIPITATION (IN)
  YESTERDAY        0.11          1.09 1953   0.11   0.00     0.00
  MONTH TO DATE    4.02                      1.71   2.31     1.40
  SINCE MAR 1     10.44                      6.91   3.53     5.19
  SINCE JAN 1     14.07                     11.79   2.28    11.00

DEGREE DAYS
 HEATING
  YESTERDAY        0                        10    -10       18
  MONTH TO DATE  268                       226     42      272
  SINCE MAR 1   1963                      1928     35     1940
  SINCE JUL 1   6574                      7369   -795     6588

 COOLING
  YESTERDAY        8                         0      8        0
  MONTH TO DATE   11                         0     11        0
  SINCE MAR 1     18                         1     17        0
  SINCE JAN 1     18                         1     17        0
..................................................................


WIND (MPH)
  HIGHEST WIND SPEED    24   HIGHEST WIND DIRECTION    SW (220)
  HIGHEST GUST SPEED    35   HIGHEST GUST DIRECTION     W (260)
  AVERAGE WIND SPEED    11.5


SKY COVER
  AVERAGE SKY COVER 0.2


WEATHER CONDITIONS
 THE FOLLOWING WEATHER WAS RECORDED YESTERDAY.
  THUNDERSTORM
  LIGHT RAIN
  FOG


RELATIVE HUMIDITY (PERCENT)
 HIGHEST    93          1100 PM
 LOWEST     47          1100 AM
 AVERAGE    70

..........................................................


THE WATERTOWN NY CLIMATE NORMALS FOR TODAY
                         NORMAL    RECORD    YEAR
 MAXIMUM TEMPERATURE (F)   67        86      1996
 MINIMUM TEMPERATURE (F)   44        31      2007


SUNRISE AND SUNSET
MAY 19 2017...........SUNRISE   534 AM EDT   SUNSET   828 PM EDT
MAY 20 2017...........SUNRISE   533 AM EDT   SUNSET   829 PM EDT


-  INDICATES NEGATIVE NUMBERS.
R  INDICATES RECORD WAS SET OR TIED.
MM INDICATES DATA IS MISSING.
T  INDICATES TRACE AMOUNT.




$$
