000
CDUS41 KBUF 011028
CLIART


CLIMATE REPORT
NATIONAL WEATHER SERVICE BUFFALO NY
526 AM EST THU DEC 1 2016


...................................

...THE WATERTOWN NY CLIMATE SUMMARY FOR NOVEMBER 30 2016...

CLIMATE NORMAL PERIOD 1981 TO 2010
CLIMATE RECORD PERIOD 1949 TO 2016


WEATHER ITEM   OBSERVED TIME   RECORD YEAR NORMAL DEPARTURE LAST
                VALUE   (LST)  VALUE       VALUE  FROM      YEAR
                                                  NORMAL
..................................................................
TEMPERATURE (F)
 YESTERDAY
  MAXIMUM         61   1115 AM  66    2006  41     20       39
  MINIMUM         37    418 AM   1    2013  25     12       20
  AVERAGE         49                        33     16       30

PRECIPITATION (IN)
  YESTERDAY        0.15          0.70 1976   0.12   0.03     0.00
  MONTH TO DATE    1.40                      3.76  -2.36     2.11
  SINCE SEP 1      9.30                     11.13  -1.83     8.24
  SINCE JAN 1     28.33                     32.93  -4.60    25.59

DEGREE DAYS
 HEATING
  YESTERDAY       16                        32    -16       35
  MONTH TO DATE  722                       802    -80      657
  SINCE SEP 1   1331                      1527   -196     1312
  SINCE JUL 1   1342                      1599   -257     1367

 COOLING
  YESTERDAY        0                         0      0        0
  MONTH TO DATE    0                         0      0        0
  SINCE SEP 1     52                        38     14       82
  SINCE JAN 1    566                       362    204      388
..................................................................


WIND (MPH)
  HIGHEST WIND SPEED    23   HIGHEST WIND DIRECTION     S (160)
  HIGHEST GUST SPEED    34   HIGHEST GUST DIRECTION     S (160)
  AVERAGE WIND SPEED     7.9


SKY COVER
  AVERAGE SKY COVER 0.5


WEATHER CONDITIONS
 THE FOLLOWING WEATHER WAS RECORDED YESTERDAY.
  THUNDERSTORM
  LIGHT RAIN
  FOG


RELATIVE HUMIDITY (PERCENT)
 HIGHEST   100           400 AM
 LOWEST     53          1100 AM
 AVERAGE    77

..........................................................


THE WATERTOWN NY CLIMATE NORMALS FOR TODAY
                         NORMAL    RECORD    YEAR
 MAXIMUM TEMPERATURE (F)   40        64      1998
 MINIMUM TEMPERATURE (F)   24       -11      1989


SUNRISE AND SUNSET
DECEMBER  1 2016......SUNRISE   719 AM EST   SUNSET   427 PM EST
DECEMBER  2 2016......SUNRISE   720 AM EST   SUNSET   427 PM EST


-  INDICATES NEGATIVE NUMBERS.
R  INDICATES RECORD WAS SET OR TIED.
MM INDICATES DATA IS MISSING.
T  INDICATES TRACE AMOUNT.




$$
