000
CDUS41 KBUF 020705
CLIART


CLIMATE REPORT
NATIONAL WEATHER SERVICE BUFFALO NY
205 AM EST TUE FEB 2 2016


...................................

...THE WATERTOWN NY CLIMATE SUMMARY FOR FEBRUARY 1 2016...

CLIMATE NORMAL PERIOD 1981 TO 2010
CLIMATE RECORD PERIOD 1949 TO 2016


WEATHER ITEM   OBSERVED TIME   RECORD YEAR NORMAL DEPARTURE LAST
                VALUE   (LST)  VALUE       VALUE  FROM      YEAR
                                                  NORMAL
..................................................................
TEMPERATURE (F)
 YESTERDAY
  MAXIMUM         55R   121 AM  52    1988  29     26       23
  MINIMUM         33   1155 PM -30    1961   8     25        2
  AVERAGE         44                        19     25       13

PRECIPITATION (IN)
  YESTERDAY        0.02          1.18 2008   0.08  -0.06      T
  MONTH TO DATE    0.02                      0.08  -0.06      T
  SINCE DEC 1      3.98                      5.89  -1.91     3.59
  SINCE JAN 1      1.54                      2.74  -1.20     1.87

DEGREE DAYS
 HEATING
  YESTERDAY       21                        46    -25       52
  MONTH TO DATE   21                        46    -25       52
  SINCE DEC 1   2088                      2658   -570     2576
  SINCE JUL 1   3455                      4257   -802     3929

 COOLING
  YESTERDAY        0                         0      0        0
  MONTH TO DATE    0                         0      0        0
  SINCE DEC 1      0                         0      0        0
  SINCE JAN 1      0                         0      0        0
..................................................................


WIND (MPH)
  HIGHEST WIND SPEED    23   HIGHEST WIND DIRECTION    SW (230)
  HIGHEST GUST SPEED    34   HIGHEST GUST DIRECTION    SW (230)
  AVERAGE WIND SPEED    12.2


SKY COVER
  AVERAGE SKY COVER 0.7


WEATHER CONDITIONS
 THE FOLLOWING WEATHER WAS RECORDED YESTERDAY.
  LIGHT RAIN
  FOG


RELATIVE HUMIDITY (PERCENT)
 HIGHEST    96          1100 PM
 LOWEST     54          1200 AM
 AVERAGE    75

..........................................................


THE WATERTOWN NY CLIMATE NORMALS FOR TODAY
                         NORMAL    RECORD    YEAR
 MAXIMUM TEMPERATURE (F)   30        56      1973
 MINIMUM TEMPERATURE (F)    8       -33      1961


SUNRISE AND SUNSET
FEBRUARY  2 2016......SUNRISE   721 AM EST   SUNSET   515 PM EST
FEBRUARY  3 2016......SUNRISE   720 AM EST   SUNSET   517 PM EST


-  INDICATES NEGATIVE NUMBERS.
R  INDICATES RECORD WAS SET OR TIED.
MM INDICATES DATA IS MISSING.
T  INDICATES TRACE AMOUNT.




$$
