000
CDUS41 KBUF 161013
CLIART


CLIMATE REPORT
NATIONAL WEATHER SERVICE BUFFALO NY
613 AM EDT TUE MAY 16 2017


...................................

...THE WATERTOWN NY CLIMATE SUMMARY FOR MAY 15 2017...

CLIMATE NORMAL PERIOD 1981 TO 2010
CLIMATE RECORD PERIOD 1949 TO 2017


WEATHER ITEM   OBSERVED TIME   RECORD YEAR NORMAL DEPARTURE LAST
                VALUE   (LST)  VALUE       VALUE  FROM      YEAR
                                                  NORMAL
..................................................................
TEMPERATURE (F)
 YESTERDAY
  MAXIMUM         64    128 PM  86    2014  66     -2       46
                                      1961
  MINIMUM         43   1159 PM  30    2001  43      0       39
  AVERAGE         54                        54      0       43

PRECIPITATION (IN)
  YESTERDAY        0.01          1.26 2011   0.10  -0.09     0.15
  MONTH TO DATE    3.91                      1.40   2.51     1.39
  SINCE MAR 1     10.33                      6.60   3.73     5.18
  SINCE JAN 1     13.96                     11.48   2.48    10.99

DEGREE DAYS
 HEATING
  YESTERDAY       11                        11      0       22
  MONTH TO DATE  255                       195     60      218
  SINCE MAR 1   1950                      1897     53     1886
  SINCE JUL 1   6561                      7338   -777     6534

 COOLING
  YESTERDAY        0                         0      0        0
  MONTH TO DATE    0                         0      0        0
  SINCE MAR 1      7                         1      6        0
  SINCE JAN 1      7                         1      6        0
..................................................................


WIND (MPH)
  HIGHEST WIND SPEED    21   HIGHEST WIND DIRECTION    NW (330)
  HIGHEST GUST SPEED    27   HIGHEST GUST DIRECTION    NW (320)
  AVERAGE WIND SPEED     9.9


SKY COVER
  AVERAGE SKY COVER 0.5


WEATHER CONDITIONS
 THE FOLLOWING WEATHER WAS RECORDED YESTERDAY.
  LIGHT RAIN
  FOG


RELATIVE HUMIDITY (PERCENT)
 HIGHEST   100          1100 PM
 LOWEST     56           100 PM
 AVERAGE    78

..........................................................


THE WATERTOWN NY CLIMATE NORMALS FOR TODAY
                         NORMAL    RECORD    YEAR
 MAXIMUM TEMPERATURE (F)   66        86      1998
 MINIMUM TEMPERATURE (F)   43        28      1987


SUNRISE AND SUNSET
MAY 16 2017...........SUNRISE   537 AM EDT   SUNSET   825 PM EDT
MAY 17 2017...........SUNRISE   536 AM EDT   SUNSET   826 PM EDT


-  INDICATES NEGATIVE NUMBERS.
R  INDICATES RECORD WAS SET OR TIED.
MM INDICATES DATA IS MISSING.
T  INDICATES TRACE AMOUNT.




$$
