000
CDUS41 KBUF 190705
CLIART


CLIMATE REPORT
NATIONAL WEATHER SERVICE BUFFALO NY
305 AM EDT SAT JUL 19 2014


...................................

...THE WATERTOWN NY CLIMATE SUMMARY FOR JULY 18 2014...

CLIMATE NORMAL PERIOD 1981 TO 2010
CLIMATE RECORD PERIOD 1949 TO 2014


WEATHER ITEM   OBSERVED TIME   RECORD YEAR NORMAL DEPARTURE LAST
                VALUE   (LST)  VALUE       VALUE  FROM      YEAR
                                                  NORMAL
..................................................................
TEMPERATURE (F)
 YESTERDAY
  MAXIMUM         75    417 PM  97    1953  80     -5       88
  MINIMUM         52   1157 PM  45    1973  59     -7       72
  AVERAGE         64                        69     -5       80

PRECIPITATION (IN)
  YESTERDAY        0.00          0.90 1965   0.08  -0.08     0.00
  MONTH TO DATE    3.49                      1.48   2.01     1.44
  SINCE JUN 1      6.40                      4.33   2.07     7.48
  SINCE JAN 1     25.00                     17.48   7.52    18.10

DEGREE DAYS
 HEATING
  YESTERDAY        1                         1      0        0
  MONTH TO DATE   13                        19     -6        0
  SINCE JUN 1     75                       126    -51      103
  SINCE JUL 1     13                        19     -6        0

 COOLING
  YESTERDAY        0                         5     -5       15
  MONTH TO DATE   81                        79      2      179
  SINCE JUN 1    193                       141     52      253
  SINCE JAN 1    216                       152     64      285
..................................................................


WIND (MPH)
  HIGHEST WIND SPEED    15   HIGHEST WIND DIRECTION     W (270)
  HIGHEST GUST SPEED    17   HIGHEST GUST DIRECTION     W (270)
  AVERAGE WIND SPEED     4.9


SKY COVER
  AVERAGE SKY COVER 0.0


WEATHER CONDITIONS
 THE FOLLOWING WEATHER WAS RECORDED YESTERDAY.
  NO SIGNIFICANT WEATHER WAS OBSERVED.


RELATIVE HUMIDITY (PERCENT)
 HIGHEST    83           900 PM
 LOWEST     35           300 PM
 AVERAGE    59

..........................................................


THE WATERTOWN NY CLIMATE NORMALS FOR TODAY
                         NORMAL    RECORD    YEAR
 MAXIMUM TEMPERATURE (F)   80        92      1964
 MINIMUM TEMPERATURE (F)   59        45      1997


SUNRISE AND SUNSET
JULY 19 2014..........SUNRISE   539 AM EDT   SUNSET   841 PM EDT
JULY 20 2014..........SUNRISE   540 AM EDT   SUNSET   841 PM EDT


-  INDICATES NEGATIVE NUMBERS.
R  INDICATES RECORD WAS SET OR TIED.
MM INDICATES DATA IS MISSING.
T  INDICATES TRACE AMOUNT.




$$
