000
CDUS41 KBUF 171021
CLIART


CLIMATE REPORT
NATIONAL WEATHER SERVICE BUFFALO NY
618 AM EDT SUN JUL 17 2016


...................................

...THE WATERTOWN NY CLIMATE SUMMARY FOR JULY 16 2016...

CLIMATE NORMAL PERIOD 1981 TO 2010
CLIMATE RECORD PERIOD 1949 TO 2016


WEATHER ITEM   OBSERVED TIME   RECORD YEAR NORMAL DEPARTURE LAST
                VALUE   (LST)  VALUE       VALUE  FROM      YEAR
                                                  NORMAL
..................................................................
TEMPERATURE (F)
 YESTERDAY
  MAXIMUM         74    301 PM  89    2013  80     -6       75
  MINIMUM         60    524 AM  42    2015  59      1       42
  AVERAGE         67                        69     -2       59

PRECIPITATION (IN)
  YESTERDAY        T             0.71 2008   0.08  -0.08     0.00
  MONTH TO DATE    0.32                      1.31  -0.99     0.96
  SINCE JUN 1      3.92                      4.16  -0.24     6.67
  SINCE JAN 1     14.92                     17.31  -2.39    14.07

DEGREE DAYS
 HEATING
  YESTERDAY        0                         1     -1        6
  MONTH TO DATE    4                        17    -13       34
  SINCE JUN 1    102                       124    -22      150
  SINCE JUL 1      4                        17    -13       34

 COOLING
  YESTERDAY        2                         5     -3        0
  MONTH TO DATE   99                        69     30       35
  SINCE JUN 1    146                       131     15       66
  SINCE JAN 1    176                       142     34      112
..................................................................


WIND (MPH)
  HIGHEST WIND SPEED    17   HIGHEST WIND DIRECTION     W (260)
  HIGHEST GUST SPEED    24   HIGHEST GUST DIRECTION     W (260)
  AVERAGE WIND SPEED     6.2


SKY COVER
  AVERAGE SKY COVER 0.5


WEATHER CONDITIONS
 THE FOLLOWING WEATHER WAS RECORDED YESTERDAY.
  LIGHT RAIN


RELATIVE HUMIDITY (PERCENT)
 HIGHEST    90           500 AM
 LOWEST     53           300 PM
 AVERAGE    72

..........................................................


THE WATERTOWN NY CLIMATE NORMALS FOR TODAY
                         NORMAL    RECORD    YEAR
 MAXIMUM TEMPERATURE (F)   80        91      2012
 MINIMUM TEMPERATURE (F)   59        44      1993


SUNRISE AND SUNSET
JULY 17 2016..........SUNRISE   538 AM EDT   SUNSET   843 PM EDT
JULY 18 2016..........SUNRISE   538 AM EDT   SUNSET   842 PM EDT


-  INDICATES NEGATIVE NUMBERS.
R  INDICATES RECORD WAS SET OR TIED.
MM INDICATES DATA IS MISSING.
T  INDICATES TRACE AMOUNT.




$$
