000
CDUS41 KBUF 211015
CLIART


CLIMATE REPORT
NATIONAL WEATHER SERVICE BUFFALO NY
614 AM EDT THU MAY 21 2015


...................................

...THE WATERTOWN NY CLIMATE SUMMARY FOR MAY 20 2015...

CLIMATE NORMAL PERIOD 1981 TO 2010
CLIMATE RECORD PERIOD 1949 TO 2015


WEATHER ITEM   OBSERVED TIME   RECORD YEAR NORMAL DEPARTURE LAST
                VALUE   (LST)  VALUE       VALUE  FROM      YEAR
                                                  NORMAL
..................................................................
TEMPERATURE (F)
 YESTERDAY
  MAXIMUM         54   1232 PM  86    1962  67    -13       69
  MINIMUM         40   1024 PM  28    2002  45     -5       42
  AVERAGE         47                        56     -9       56

PRECIPITATION (IN)
  YESTERDAY        T             1.15 1988   0.11  -0.11     0.00
  MONTH TO DATE    0.65                      1.92  -1.27     2.72
  SINCE MAR 1      3.17                      7.12  -3.95    10.76
  SINCE JAN 1      6.26                     12.00  -5.74    17.86

DEGREE DAYS
 HEATING
  YESTERDAY       18                        10      8        9
  MONTH TO DATE  142                       246   -104      206
  SINCE MAR 1   1950                      1948      2     2130
  SINCE JUL 1   7470                      7389     81     7801

 COOLING
  YESTERDAY        0                         0      0        0
  MONTH TO DATE   18                         0     18       20
  SINCE MAR 1     18                         1     17       20
  SINCE JAN 1     18                         1     17       20
..................................................................


WIND (MPH)
  HIGHEST WIND SPEED    21   HIGHEST WIND DIRECTION     W (260)
  HIGHEST GUST SPEED    31   HIGHEST GUST DIRECTION     W (260)
  AVERAGE WIND SPEED    12.6


SKY COVER
  AVERAGE SKY COVER 0.5


WEATHER CONDITIONS
 THE FOLLOWING WEATHER WAS RECORDED YESTERDAY.
  NO SIGNIFICANT WEATHER WAS OBSERVED.


RELATIVE HUMIDITY (PERCENT)
 HIGHEST    76           600 AM
 LOWEST     50          1200 PM
 AVERAGE    63

..........................................................


THE WATERTOWN NY CLIMATE NORMALS FOR TODAY
                         NORMAL    RECORD    YEAR
 MAXIMUM TEMPERATURE (F)   67        83      2012
                                             1953
 MINIMUM TEMPERATURE (F)   45        30      1964


SUNRISE AND SUNSET
MAY 21 2015...........SUNRISE   532 AM EDT   SUNSET   830 PM EDT
MAY 22 2015...........SUNRISE   531 AM EDT   SUNSET   831 PM EDT


-  INDICATES NEGATIVE NUMBERS.
R  INDICATES RECORD WAS SET OR TIED.
MM INDICATES DATA IS MISSING.
T  INDICATES TRACE AMOUNT.

$$
