936
CDUS41 KBUF 301015
CLIART


CLIMATE REPORT
NATIONAL WEATHER SERVICE BUFFALO NY
614 AM EDT SAT APR 30 2016


...................................

...THE WATERTOWN NY CLIMATE SUMMARY FOR APRIL 29 2016...

CLIMATE NORMAL PERIOD 1981 TO 2010
CLIMATE RECORD PERIOD 1949 TO 2016


WEATHER ITEM   OBSERVED TIME   RECORD YEAR NORMAL DEPARTURE LAST
                VALUE   (LST)  VALUE       VALUE  FROM      YEAR
                                                  NORMAL
..................................................................
TEMPERATURE (F)
 YESTERDAY
  MAXIMUM         59    115 PM  86    1990  60     -1       61
  MINIMUM         32    526 AM  22    2001  38     -6       36
  AVERAGE         46                        49     -3       49

PRECIPITATION (IN)
  YESTERDAY        0.00          0.84 1956   0.10  -0.10     0.00
  MONTH TO DATE    1.14                      2.80  -1.66     1.69
  SINCE MAR 1      3.79                      5.10  -1.31     2.52
  SINCE JAN 1      9.60                      9.98  -0.38     5.61

DEGREE DAYS
 HEATING
  YESTERDAY       19                        16      3       16
  MONTH TO DATE  739                       620    119      613
  SINCE MAR 1   1650                      1686    -36     1794
  SINCE JUL 1   6298                      7127   -829     7314

 COOLING
  YESTERDAY        0                         0      0        0
  MONTH TO DATE    0                         0      0        0
  SINCE MAR 1      0                         0      0        0
  SINCE JAN 1      0                         0      0        0
..................................................................


WIND (MPH)
  HIGHEST WIND SPEED    15   HIGHEST WIND DIRECTION     N (340)
  HIGHEST GUST SPEED    19   HIGHEST GUST DIRECTION    NW (330)
  AVERAGE WIND SPEED     7.4


SKY COVER
  AVERAGE SKY COVER 0.1


WEATHER CONDITIONS
 THE FOLLOWING WEATHER WAS RECORDED YESTERDAY.
  NO SIGNIFICANT WEATHER WAS OBSERVED.


RELATIVE HUMIDITY (PERCENT)
 HIGHEST    61           600 AM
 LOWEST     30           100 PM
 AVERAGE    46

..........................................................


THE WATERTOWN NY CLIMATE NORMALS FOR TODAY
                         NORMAL    RECORD    YEAR
 MAXIMUM TEMPERATURE (F)   61        87      1970
 MINIMUM TEMPERATURE (F)   38        23      2012


SUNRISE AND SUNSET
APRIL 30 2016.........SUNRISE   556 AM EDT   SUNSET   807 PM EDT
MAY  1 2016...........SUNRISE   555 AM EDT   SUNSET   808 PM EDT


-  INDICATES NEGATIVE NUMBERS.
R  INDICATES RECORD WAS SET OR TIED.
MM INDICATES DATA IS MISSING.
T  INDICATES TRACE AMOUNT.

$$
