000
CDUS41 KBUF 210705
CLIART


CLIMATE REPORT
NATIONAL WEATHER SERVICE BUFFALO NY
305 AM EDT WED SEP 21 2016


...................................

...THE WATERTOWN NY CLIMATE SUMMARY FOR SEPTEMBER 20 2016...

CLIMATE NORMAL PERIOD 1981 TO 2010
CLIMATE RECORD PERIOD 1949 TO 2016


WEATHER ITEM   OBSERVED TIME   RECORD YEAR NORMAL DEPARTURE LAST
                VALUE   (LST)  VALUE       VALUE  FROM      YEAR
                                                  NORMAL
..................................................................
TEMPERATURE (F)
 YESTERDAY
  MAXIMUM         77    128 PM  88    1983  69      8       65
  MINIMUM         53   1157 PM  27    1993  47      6       42
  AVERAGE         65                        58      7       54

PRECIPITATION (IN)
  YESTERDAY        0.00          0.94 1988   0.13  -0.13     0.00
  MONTH TO DATE    2.24                      2.33  -0.09     2.71
  SINCE SEP 1      2.24                      2.33  -0.09     2.71
  SINCE JAN 1     21.27                     24.13  -2.86    20.06

DEGREE DAYS
 HEATING
  YESTERDAY        0                         8     -8       11
  MONTH TO DATE   58                       103    -45       29
  SINCE SEP 1     58                       103    -45       29
  SINCE JUL 1     69                       175   -106       84

 COOLING
  YESTERDAY        0                         1     -1        0
  MONTH TO DATE   47                        30     17       79
  SINCE SEP 1     47                        30     17       79
  SINCE JAN 1    561                       354    207      385
..................................................................


WIND (MPH)
  HIGHEST WIND SPEED    17   HIGHEST WIND DIRECTION     W (280)
  HIGHEST GUST SPEED    23   HIGHEST GUST DIRECTION    NW (310)
  AVERAGE WIND SPEED     7.1


SKY COVER
  AVERAGE SKY COVER 0.1


WEATHER CONDITIONS
 THE FOLLOWING WEATHER WAS RECORDED YESTERDAY.
  FOG


RELATIVE HUMIDITY (PERCENT)
 HIGHEST    90           400 AM
 LOWEST     35           800 PM
 AVERAGE    63

..........................................................


THE WATERTOWN NY CLIMATE NORMALS FOR TODAY
                         NORMAL    RECORD    YEAR
 MAXIMUM TEMPERATURE (F)   68        88      1965
 MINIMUM TEMPERATURE (F)   47        27      1973


SUNRISE AND SUNSET
SEPTEMBER 21 2016.....SUNRISE   651 AM EDT   SUNSET   702 PM EDT
SEPTEMBER 22 2016.....SUNRISE   652 AM EDT   SUNSET   701 PM EDT


-  INDICATES NEGATIVE NUMBERS.
R  INDICATES RECORD WAS SET OR TIED.
MM INDICATES DATA IS MISSING.
T  INDICATES TRACE AMOUNT.




$$
