000
CDUS41 KBUF 110705
CLIART


CLIMATE REPORT
NATIONAL WEATHER SERVICE BUFFALO NY
205 AM EST WED JAN 11 2017


...................................

...THE WATERTOWN NY CLIMATE SUMMARY FOR JANUARY 10 2017...

CLIMATE NORMAL PERIOD 1981 TO 2010
CLIMATE RECORD PERIOD 1949 TO 2017


WEATHER ITEM   OBSERVED TIME   RECORD YEAR NORMAL DEPARTURE LAST
                VALUE   (LST)  VALUE       VALUE  FROM      YEAR
                                                  NORMAL
..................................................................
TEMPERATURE (F)
 YESTERDAY
  MAXIMUM         39   1058 PM  53    1950  29     10       51
  MINIMUM         18    316 AM -29    1994  10      8       30
  AVERAGE         29                        20      9       41

PRECIPITATION (IN)
  YESTERDAY        0.13          0.59 2016   0.09   0.04     0.59
  MONTH TO DATE    0.99                      0.93   0.06     0.82
  SINCE DEC 1      3.18                      4.08  -0.90     3.26
  SINCE JAN 1      0.99                      0.93   0.06     0.82

DEGREE DAYS
 HEATING
  YESTERDAY       36                        45     -9       24
  MONTH TO DATE  449                       446      3      392
  SINCE DEC 1   1566                      1643    -77     1172
  SINCE JUL 1   2908                      3242   -334     2539

 COOLING
  YESTERDAY        0                         0      0        0
  MONTH TO DATE    0                         0      0        0
  SINCE DEC 1      0                         0      0        0
  SINCE JAN 1      0                         0      0        0
..................................................................


WIND (MPH)
  HIGHEST WIND SPEED    29   HIGHEST WIND DIRECTION     S (180)
  HIGHEST GUST SPEED    51   HIGHEST GUST DIRECTION     S (160)
  AVERAGE WIND SPEED    13.4


SKY COVER
  AVERAGE SKY COVER 0.8


WEATHER CONDITIONS
 THE FOLLOWING WEATHER WAS RECORDED YESTERDAY.
  RAIN
  LIGHT RAIN
  LT FREEZING RAIN
  LIGHT SNOW
  FOG
  HAZE


RELATIVE HUMIDITY (PERCENT)
 HIGHEST    92          1000 PM
 LOWEST     50          1000 AM
 AVERAGE    71

..........................................................


THE WATERTOWN NY CLIMATE NORMALS FOR TODAY
                         NORMAL    RECORD    YEAR
 MAXIMUM TEMPERATURE (F)   29        63      1975
 MINIMUM TEMPERATURE (F)   10       -35      1981


SUNRISE AND SUNSET
JANUARY 11 2017.......SUNRISE   737 AM EST   SUNSET   447 PM EST
JANUARY 12 2017.......SUNRISE   737 AM EST   SUNSET   449 PM EST


-  INDICATES NEGATIVE NUMBERS.
R  INDICATES RECORD WAS SET OR TIED.
MM INDICATES DATA IS MISSING.
T  INDICATES TRACE AMOUNT.




$$
